000
CXUS53 KMPX 221000
CF6EAU
PRELIMINARY LOCAL CLIMATOLOGICAL DATA (WS FORM: F-6)

                                          STATION:   EAU CLAIRE WI
                                          MONTH:     JANUARY
                                          YEAR:      2019
                                          LATITUDE:   44 52 N
                                          LONGITUDE:  91 29 W

  TEMPERATURE IN F:       :PCPN:    SNOW:  WIND      :SUNSHINE: SKY     :PK WND
================================================================================
1   2   3   4   5  6A  6B    7    8   9   10  11  12  13   14  15   16   17  18
                                     12Z  AVG MX 2MIN
DY MAX MIN AVG DEP HDD CDD  WTR  SNW DPTH SPD SPD DIR MIN PSBL S-S WX    SPD DR
================================================================================

 1  20   6  13  -2  52   0 0.00  0.0    T  5.5 18 360   M    M   3        27 360
 2  24   4  14  -1  51   0    T    T    T  9.1 21 210   M    M   8        27 210
 3  39  20  30  15  35   0 0.00  0.0    T  8.0 17 220   M    M   3        22 240
 4  42  24  33  18  32   0 0.00  0.0    T  4.4  9 250   M    M   0        13 230
 5  47  26  37  22  28   0 0.00  0.0    T  6.7 16 290   M    M   1 1      23 280
 6  34  18  26  12  39   0    T  0.0    T 10.4 31 120   M    M   5 16     46 120
 7  40  32  36  22  29   0 0.13  0.0    T 10.4 25 130   M    M   9 12     38 120
 8  35  13  24  10  41   0    T    T    0 16.5 31 280   M    M   7 1      46 290
 9  17   8  13  -1  52   0    T    T    0 11.4 23 310   M    M   5        35 320
10  23   8  16   2  49   0 0.00  0.0    0  4.0 12 170   M    M   2        18 130
11  32  17  25  11  40   0 0.00  0.0    0  5.4 10 120   M    M   0        14 130
12  32  20  26  12  39   0 0.00  0.0    0  8.5 16  70   M    M   8 18     22  80
13  31  20  26  12  39   0 0.00  0.0    0  3.9 10 110   M    M   8        14 120
14  30  27  29  15  36   0    T  0.0    0  4.9 13 240   M    M  10 1      17 230
15  32  23  28  14  37   0    T    T    0  9.3 18 330   M    M  10 1      28 340
16  23   8  16   2  49   0 0.00  0.0    0  4.8 18 340   M    M   1        28 320
17  23   9  16   2  49   0 0.01  0.2    T  4.9 10 320   M    M   8 18     15 310
18  13   2   8  -6  57   0 0.03  0.3    T  5.4 13  60   M    M   7        17  10
19  15  -1   7  -7  58   0 0.02  0.4    1  8.1 12 330   M    M   2         M  M
20  10 -11   0 -14  65   0 0.00  0.0    1  4.6 14  70   M    M   0 18     18  30
21  16 -11   3 -11  62   0 0.00  0.0    1  9.4 20 150   M    M   5        27 120
================================================================================
SM  578  262       939   0  0.19     0.9 155.6          M      102
================================================================================
AV 27.5 12.5                               7.4 FASTST   M    M   5    MAX(MPH)
                                 MISC ---->  # 31 120               # 46  120
================================================================================
NOTES:
# LAST OF SEVERAL OCCURRENCES

COLUMN 17 PEAK WIND IN M.P.H.

PRELIMINARY LOCAL CLIMATOLOGICAL DATA (WS FORM: F-6) , PAGE 2

                                          STATION:  EAU CLAIRE WI
                                          MONTH:    JANUARY
                                          YEAR:     2019
                                          LATITUDE:   44 52 N
                                          LONGITUDE:  91 29 W

[TEMPERATURE DATA]      [PRECIPITATION DATA]       SYMBOLS USED IN COLUMN 16

AVERAGE MONTHLY: 20.0   TOTAL FOR MONTH:   0.19    1 = FOG OR MIST
DPTR FM NORMAL:   5.8   DPTR FM NORMAL:   -0.41    2 = FOG REDUCING VISIBILITY
HIGHEST:    47 ON  5    GRTST 24HR  0.13 ON  7- 7      TO 1/4 MILE OR LESS
LOWEST:    -11 ON 21,20                            3 = THUNDER
                        SNOW, ICE PELLETS, HAIL    4 = ICE PELLETS
                        TOTAL MONTH:   0.9 INCH    5 = HAIL
                        GRTST 24HR   0.4 ON 19-19  6 = FREEZING RAIN OR DRIZZLE
                        GRTST DEPTH:   1 ON 21,20  7 = DUSTSTORM OR SANDSTORM:
                                                       VSBY 1/2 MILE OR LESS
                                                   8 = SMOKE OR HAZE
[NO. OF DAYS WITH]      [WEATHER - DAYS WITH]      9 = BLOWING SNOW
                                                   X = TORNADO
MAX 32 OR BELOW:  15    0.01 INCH OR MORE:   4
MAX 90 OR ABOVE:   0    0.10 INCH OR MORE:   1
MIN 32 OR BELOW:  21    0.50 INCH OR MORE:   0
MIN  0 OR BELOW:   3    1.00 INCH OR MORE:   0

[HDD (BASE 65) ]
TOTAL THIS MO.   939    CLEAR  (SCALE 0-3)   9
DPTR FM NORMAL  -127    PTCLDY (SCALE 4-7)   8
TOTAL FM JUL 1  4210    CLOUDY (SCALE 8-10)  4
DPTR FM NORMAL   -32

[CDD (BASE 65) ]
TOTAL THIS MO.     0
DPTR FM NORMAL     0    [PRESSURE DATA]
TOTAL FM JAN 1     0    HIGHEST SLP M ON M
DPTR FM NORMAL     0    LOWEST  SLP 29.46 ON  7

[REMARKS]
