927
CXUS54 KEWX 220910
CF6EDC
PRELIMINARY LOCAL CLIMATOLOGICAL DATA (WS FORM: F-6)

                                          STATION:   Austin Executive
                                          MONTH:     OCTOBER
                                          YEAR:      2019
                                          LATITUDE:   30 23 N
                                          LONGITUDE:  97 34 W

  TEMPERATURE IN F:       :PCPN:    SNOW:  WIND      :SUNSHINE: SKY     :PK WND
================================================================================
1   2   3   4   5  6A  6B    7    8   9   10  11  12  13   14  15   16   17  18
                                     12Z  AVG MX 2MIN
DY MAX MIN AVG DEP HDD CDD  WTR  SNW DPTH SPD SPD DIR MIN PSBL S-S WX    SPD DR
================================================================================

 1  95  75  85   M   0  20 0.00    M    M 10.0 17 140   M    M   6        25 140
 2  95  72  84   M   0  19 0.00    M    M  5.8 13 190   M    M   6 12     16 160
 3  93  70  82   M   0  17 0.00    M    M  5.5 16 130   M    M   3 1      36 170
 4  93  72  83   M   0  18 0.00    M    M  4.9 14 110   M    M   2 8      18 110
 5  93  68  81   M   0  16 0.00    M    M  3.2  8 160   M    M   1 18      M  M
 6  93  68  81   M   0  16 0.00    M    M  4.2  7 130   M    M   0         M  M
 7  81  64  73   M   0   8 0.00    M    M 11.4 18  30   M    M   4        27  30
 8  82  59  71   M   0   6 0.00    M    M  6.2 10  50   M    M   0         M  M
 9  93  63  78   M   0  13 0.00    M    M  7.9 15 200   M    M   5        22 230
10  95  75  85   M   0  20 0.00    M    M 12.4 23 210   M    M   7        27 200
11  79  46  63   M   2   0 0.16    M    M 16.7 27 360   M    M  10 8      39  10
12  64  50  57   M   8   0 0.00    M    M  7.9 16  20   M    M   6        21  20
13  81  55  68   M   0   3 0.00    M    M  2.7 10 210   M    M   6         M  M
14  86  66  76   M   0  11 0.01    M    M  3.0  8 100   M    M   6 18      M  M
15  93  73  83   M   0  18 0.06    M    M  3.5 13 230   M    M   6        24 230
16  75  54  65   M   0   0 0.03    M    M 12.6 22  20   M    M   5        33  20
17  75  54  65   M   0   0 0.00    M    M  4.2  8 120   M    M   0         M  M
18  82  48  65   M   0   0 0.00    M    M  2.4 10 130   M    M   0         M  M
19  93  63  78   M   0  13 0.00    M    M  4.6 14 230   M    M   4        18 230
20  91  64  78   M   0  13 0.00    M    M  5.2 16 170   M    M   9 8      23 170
21  77  57  67   M   0   2 0.32    M    M 10.5 18  30   M    M   2 8      27 300
================================================================================
SM 1809 1316        10 213  0.58    M    144.8          M       88
================================================================================
AV 86.1 62.7                               6.9 FASTST   M    M   4    MAX(MPH)
                                 MISC ---->  # 27 360               # 39   10
================================================================================
NOTES:
# LAST OF SEVERAL OCCURRENCES

COLUMN 17 PEAK WIND IN M.P.H.

PRELIMINARY LOCAL CLIMATOLOGICAL DATA (WS FORM: F-6) , PAGE 2

                                          STATION:  Austin Executive
                                          MONTH:    OCTOBER
                                          YEAR:     2019
                                          LATITUDE:   30 23 N
                                          LONGITUDE:  97 34 W

[TEMPERATURE DATA]      [PRECIPITATION DATA]       SYMBOLS USED IN COLUMN 16

AVERAGE MONTHLY: 74.4   TOTAL FOR MONTH:   0.58    1 = FOG OR MIST
DPTR FM NORMAL:     M   DPTR FM NORMAL:       M    2 = FOG REDUCING VISIBILITY
HIGHEST:    95 ON 10, 2 GRTST 24HR  0.32 ON 21-21      TO 1/4 MILE OR LESS
LOWEST:     46 ON 11                               3 = THUNDER
                        SNOW, ICE PELLETS, HAIL    4 = ICE PELLETS
                        TOTAL MONTH:    M          5 = HAIL
                        GRTST 24HR    M  ON   M    6 = FREEZING RAIN OR DRIZZLE
                        GRTST DEPTH:  M  ON   M    7 = DUSTSTORM OR SANDSTORM:
                                                       VSBY 1/2 MILE OR LESS
                                                   8 = SMOKE OR HAZE
[NO. OF DAYS WITH]      [WEATHER - DAYS WITH]      9 = BLOWING SNOW
                                                   X = TORNADO
MAX 32 OR BELOW:   0    0.01 INCH OR MORE:   5
MAX 90 OR ABOVE:  11    0.10 INCH OR MORE:   2
MIN 32 OR BELOW:   0    0.50 INCH OR MORE:   0
MIN  0 OR BELOW:   0    1.00 INCH OR MORE:   0

[HDD (BASE 65) ]
TOTAL THIS MO.    10    CLEAR  (SCALE 0-3)   8
DPTR FM NORMAL     M    PTCLDY (SCALE 4-7)  11
TOTAL FM JUL 1    10    CLOUDY (SCALE 8-10)  2
DPTR FM NORMAL     M

[CDD (BASE 65) ]
TOTAL THIS MO.   213
DPTR FM NORMAL     M    [PRESSURE DATA]
TOTAL FM JAN 1  3017    HIGHEST SLP M ON M
DPTR FM NORMAL     M    LOWEST  SLP M ON M

[REMARKS]
