000
CXUS55 KVEF 260910
CF6EED
PRELIMINARY LOCAL CLIMATOLOGICAL DATA (WS FORM: F-6)

                                          STATION:   NEEDLES CA
                                          MONTH:     MAY
                                          YEAR:      2020
                                          LATITUDE:   34 46 N
                                          LONGITUDE: 114 37 W

  TEMPERATURE IN F:       :PCPN:    SNOW:  WIND      :SUNSHINE: SKY     :PK WND
================================================================================
1   2   3   4   5  6A  6B    7    8   9   10  11  12  13   14  15   16   17  18
                                     12Z  AVG MX 2MIN
DY MAX MIN AVG DEP HDD CDD  WTR  SNW DPTH SPD SPD DIR MIN PSBL S-S WX    SPD DR
================================================================================

 1 101  73  87  10   0  22 0.00    M    M  9.9 22 200   M    M   0        28 220
 2  97  71  84   7   0  19 0.00    M    M 10.1 21 250   M    M   0        28 200
 3  99  68  84   6   0  19 0.00    M    M  8.7 22 220   M    M   0        28 190
 4  98  66  82   4   0  17 0.00    M    M 12.2 26 360   M    M   0        33 360
 5 103  72  88  10   0  23 0.00    M    M  9.2 24  10   M    M   0        30 360
 6 106  65  86   7   0  21 0.00    M    0  5.3 15 240   M    M   0        20 130
 7 103  69  86   7   0  21 0.00    M    M 12.1 26 360   M    M   0        34  10
 8 104  78  91  12   0  26 0.00    M    M  9.2 23 360   M    M   0        28 360
 9 106  74  90  10   0  25 0.00    M    M  7.6 18 230   M    M   0        24 210
10 104  82  93  13   0  28 0.00  0.0    0 11.7 26 230   M    M   0        32 230
11 101  77  89   9   0  24 0.00  0.0    0 12.2 25 230   M    M   0        36 240
12  93  70  82   1   0  17 0.00    M    M 11.9 24 220   M    M   0        32 230
13  90  67  79  -2   0  14 0.00    M    M  9.3 23 210   M    M   0        29 210
14  92  66  79  -2   0  14 0.00    M    M  8.3 21 200   M    M   0        31 190
15  96  68  82   0   0  17 0.00    M    M  6.5 16 100   M    M   0        20 130
16 100  70  85   3   0  20 0.00    M    M  7.3 17 200   M    M   0        22 220
17 100  77  89   7   0  24 0.00    M    M 11.2 24 170   M    M   0        33 170
18  98  76  87   5   0  22 0.00    M    M 13.2 31 170   M    M   0        39 170
19  84  65  75  -8   0  10 0.00    M    M 11.8 24 250   M    M   0        38 240
20  87  59  73 -10   0   8 0.00    M    M  6.5 16 270   M    M   0        22  30
21  94  62  78  -5   0  13 0.00    M    M  5.8 16 230   M    M   0        18  10
22  98  67  83  -1   0  18 0.00    M    M 10.4 25 210   M    M   0        35 210
23  92  74  83  -1   0  18 0.00    M    M 11.6 28 350   M    M   0        35 350
24  94  65  80  -4   0  15 0.00    M    M 11.3 24  10   M    M   0        30 340
25  98  70  84   0   0  19 0.00    M    M 14.6 26 360   M    M   0        32 350
================================================================================
SM 2438 1751         0 474  0.00  0.0    247.9          M        0
================================================================================
AV 97.5 70.0                               9.9 FASTST   M    M   0    MAX(MPH)
                                 MISC ---->    31 170                 39 170
================================================================================
NOTES:
# LAST OF SEVERAL OCCURRENCES

COLUMN 17 PEAK WIND IN M.P.H.

PRELIMINARY LOCAL CLIMATOLOGICAL DATA (WS FORM: F-6) , PAGE 2

                                          STATION:   NEEDLES CA
                                          MONTH:     MAY
                                          YEAR:      2020
                                          LATITUDE:   34 46 N
                                          LONGITUDE: 114 37 W

[TEMPERATURE DATA]      [PRECIPITATION DATA]       SYMBOLS USED IN COLUMN 16

AVERAGE MONTHLY: 83.8   TOTAL FOR MONTH:   0.00    1 = FOG OR MIST
DPTR FM NORMAL:   2.9   DPTR FM NORMAL:   -0.08    2 = FOG REDUCING VISIBILITY
HIGHEST:   106 ON  9, 6  GRTST 24HR     T ON 10-10      TO 1/4 MILE OR LESS
LOWEST:     59 ON 20                               3 = THUNDER
                        SNOW, ICE PELLETS, HAIL    4 = ICE PELLETS
                        TOTAL MONTH:   0.0 INCH    5 = HAIL
                        GRTST 24HR  0.0            6 = FREEZING RAIN OR DRIZZLE
                        GRTST DEPTH:  0            7 = DUSTSTORM OR SANDSTORM:
                                                       VSBY 1/2 MILE OR LESS
                                                   8 = SMOKE OR HAZE
[NO. OF DAYS WITH]      [WEATHER - DAYS WITH]      9 = BLOWING SNOW
                                                   X = TORNADO
MAX 32 OR BELOW:   0    0.01 INCH OR MORE:   0
MAX 90 OR ABOVE:  23    0.10 INCH OR MORE:   0
MIN 32 OR BELOW:   0    0.50 INCH OR MORE:   0
MIN  0 OR BELOW:   0    1.00 INCH OR MORE:   0

[HDD (BASE 65) ]
TOTAL THIS MO.     0    CLEAR  (SCALE 0-3)  25
DPTR FM NORMAL     0    PTCLDY (SCALE 4-7)   0
TOTAL FM JUL 1  1056    CLOUDY (SCALE 8-10)  0
DPTR FM NORMAL  -114

[CDD (BASE 65) ]
TOTAL THIS MO.   474
DPTR FM NORMAL    80    [PRESSURE DATA]
TOTAL FM JAN 1   763    HIGHEST SLP M ON M
DPTR FM NORMAL    57    LOWEST  SLP 29.52 ON 22

[REMARKS]
