000
CXUS55 KVEF 200940
CF6EED
PRELIMINARY LOCAL CLIMATOLOGICAL DATA (WS FORM: F-6)

                                          STATION:   NEEDLES CA
                                          MONTH:     OCTOBER
                                          YEAR:      2019
                                          LATITUDE:   34 46 N
                                          LONGITUDE: 114 37 W

  TEMPERATURE IN F:       :PCPN:    SNOW:  WIND      :SUNSHINE: SKY     :PK WND
================================================================================
1   2   3   4   5  6A  6B    7    8   9   10  11  12  13   14  15   16   17  18
                                     12Z  AVG MX 2MIN
DY MAX MIN AVG DEP HDD CDD  WTR  SNW DPTH SPD SPD DIR MIN PSBL S-S WX    SPD DR
================================================================================

 1  86  58  72  -9   0   7 0.00    M    M  5.7 16 230   M    M   0        22 150
 2  88  57  73  -8   0   8 0.00    M    M  5.8 12  10   M    M   0        15  10
 3  95  59  77  -3   0  12 0.00    M    M  6.2 16 230   M    M   0        18 170
 4  95  65  80   0   0  15 0.00    M    M  5.5 14 230   M    M   M        18 220
 5  93  59  76  -3   0  11 0.00    M    M  4.6 15 340   M    M   M        17 330
 6  95  61  78  -1   0  13 0.00    M    M 10.0 26  10   M    M   M        31 350
 7  96  70  83   5   0  18 0.00    M    M  7.8 17  20   M    M   M        20  10
 8  97  61  79   1   0  14 0.00    M    M  4.3 14 230   M    M   M        17 220
 9  98  68  83   5   0  18 0.00    M    M  9.4 31 330   M    M   M        37 320
10  78  63  71  -6   0   6 0.00    M    M 29.6 40 350   M    M   M        49 360
11  80  59  70  -7   0   5 0.00  0.0    M 16.6 31 350   M    M   0        39 350
12  86  56  71  -5   0   6 0.00    M    M  6.9 16 360   M    M   0        25 360
13  89  53  71  -5   0   6 0.00  0.0    0  5.0 14 240   M    M   0        16  10
14  88  60  74  -2   0   9 0.00  0.0    0  4.6 10 260   M    M   0        14  70
15  94  64  79   4   0  14 0.00  0.0    0  5.1 14 350   M    M   0        17  10
16  93  64  79   4   0  14 0.00    M    M  4.0 13 330   M    M   0        15 360
17  95  65  80   6   0  15 0.00    M    M 10.4 29 190   M    M   0        35 190
18  85  64  75   1   0  10 0.00    M    M 12.2 26  10   M    M   0        34  20
19  86  54  70  -4   0   5 0.00    M    M  5.2 16 240   M    M   0        18 240
================================================================================
SM 1717 1160         0 206  0.00     0.0 158.9          M        0
================================================================================
AV 90.4 61.1                               8.4 FASTST   M    M   0    MAX(MPH)
                                 MISC ---->  # 40 350               # 49  360
================================================================================
NOTES:
# LAST OF SEVERAL OCCURRENCES

COLUMN 17 PEAK WIND IN M.P.H.

PRELIMINARY LOCAL CLIMATOLOGICAL DATA (WS FORM: F-6) , PAGE 2

                                          STATION:  NEEDLES CA
                                          MONTH:    OCTOBER
                                          YEAR:     2019
                                          LATITUDE:   34 46 N
                                          LONGITUDE: 114 37 W

[TEMPERATURE DATA]      [PRECIPITATION DATA]       SYMBOLS USED IN COLUMN 16

AVERAGE MONTHLY: 75.7   TOTAL FOR MONTH:   0.00    1 = FOG OR MIST
DPTR FM NORMAL:  -1.6   DPTR FM NORMAL:   -0.15    2 = FOG REDUCING VISIBILITY
HIGHEST:    98 ON  9    GRTST 24HR  0.00 ON 19-19      TO 1/4 MILE OR LESS
LOWEST:     53 ON 13                               3 = THUNDER
                        SNOW, ICE PELLETS, HAIL    4 = ICE PELLETS
                        TOTAL MONTH:   0.0 INCH    5 = HAIL
                        GRTST 24HR     0.0         6 = FREEZING RAIN OR DRIZZLE
                        GRTST DEPTH:   0           7 = DUSTSTORM OR SANDSTORM:
                                                       VSBY 1/2 MILE OR LESS
                                                   8 = SMOKE OR HAZE
[NO. OF DAYS WITH]      [WEATHER - DAYS WITH]      9 = BLOWING SNOW
                                                   X = TORNADO
MAX 32 OR BELOW:   0    0.01 INCH OR MORE:   0
MAX 90 OR ABOVE:  10    0.10 INCH OR MORE:   0
MIN 32 OR BELOW:   0    0.50 INCH OR MORE:   0
MIN  0 OR BELOW:   0    1.00 INCH OR MORE:   0

[HDD (BASE 65) ]
TOTAL THIS MO.     0    CLEAR  (SCALE 0-3)  12
DPTR FM NORMAL     0    PTCLDY (SCALE 4-7)   0
TOTAL FM JUL 1     0    CLOUDY (SCALE 8-10)  0
DPTR FM NORMAL     0

[CDD (BASE 65) ]
TOTAL THIS MO.   206
DPTR FM NORMAL   -28    [PRESSURE DATA]
TOTAL FM JAN 1  4653    HIGHEST SLP M ON M
DPTR FM NORMAL   242    LOWEST  SLP 29.47 ON  9

[REMARKS]
