000
CXUS55 KVEF 170940
CF6EED
PRELIMINARY LOCAL CLIMATOLOGICAL DATA (WS FORM: F-6)

                                          STATION:   NEEDLES CA
                                          MONTH:     JUNE
                                          YEAR:      2018
                                          LATITUDE:   34 46 N
                                          LONGITUDE: 114 37 W

  TEMPERATURE IN F:       :PCPN:    SNOW:  WIND      :SUNSHINE: SKY     :PK WND
================================================================================
1   2   3   4   5  6A  6B    7    8   9   10  11  12  13   14  15   16   17  18
                                     12Z  AVG MX 2MIN
DY MAX MIN AVG DEP HDD CDD  WTR  SNW DPTH SPD SPD DIR MIN PSBL S-S WX    SPD DR
================================================================================

 1 101  74  88   2   0  23 0.00  0.0    0  6.5 14 290   M    M   0        18  80
 2 108  74  91   4   0  26 0.00  0.0    0  7.8 22  20   M    M   0        27  40
 3 112  79  96   9   0  31 0.00  0.0    0  5.8 16 250   M    M   1        17 250
 4 113  81  97  10   0  32 0.00  0.0    0  9.3 24 200   M    M   1        32 200
 5 108  84  96   8   0  31 0.00  0.0    0  9.3 23 200   M    M   0        31 200
 6 106  83  95   7   0  30 0.00  0.0    0 11.1 22 210   M    M   0        36 180
 7 105  81  93   5   0  28 0.00  0.0    0 10.2 24 200   M    M   0        32 200
 8 109  77  93   5   0  28 0.00  0.0    0  6.8 20 200   M    M   0        27 200
 9 109  83  96   7   0  31 0.00  0.0    0 10.2 28 200   M    M   0        35 190
10 104  82  93   4   0  28 0.00  0.0    0  9.0 18 200   M    M   0        26 210
11 110  77  94   5   0  29 0.00  0.0    0  6.7 13 170   M    M   1        18 240
12 113  80  97   7   0  32 0.00  0.0    0  7.0 18 250   M    M   2        25 170
13 114  83  99   9   0  34 0.00  0.0    0  9.6 23 190   M    M   2        29 180
14 114  87 101  11   0  36 0.00  0.0    0 11.5 25 240   M    M   1        30 230
15 104  90  97   6   0  32 0.00  0.0    0 15.6 25 210   M    M   0        37 180
16  99  83  91   0   0  26 0.00  0.0    M 15.2 28 200   M    M   1        38 150
================================================================================
SM 1729 1298         0 477  0.00     0.0 151.6          M        9
================================================================================
AV108.1 81.1                               9.5 FASTST   M    M   1    MAX(MPH)
                                 MISC ---->  # 28 200               # 38  150
================================================================================
NOTES:
# LAST OF SEVERAL OCCURRENCES

COLUMN 17 PEAK WIND IN M.P.H.

PRELIMINARY LOCAL CLIMATOLOGICAL DATA (WS FORM: F-6) , PAGE 2

                                          STATION:  NEEDLES CA
                                          MONTH:    JUNE
                                          YEAR:     2018
                                          LATITUDE:   34 46 N
                                          LONGITUDE: 114 37 W

[TEMPERATURE DATA]      [PRECIPITATION DATA]       SYMBOLS USED IN COLUMN 16

AVERAGE MONTHLY: 94.6   TOTAL FOR MONTH:   0.00    1 = FOG OR MIST
DPTR FM NORMAL:   6.0   DPTR FM NORMAL:   -0.02    2 = FOG REDUCING VISIBILITY
HIGHEST:   114 ON 14,13 GRTST 24HR  0.00 ON 16-16      TO 1/4 MILE OR LESS
LOWEST:     74 ON  2, 1                            3 = THUNDER
                        SNOW, ICE PELLETS, HAIL    4 = ICE PELLETS
                        TOTAL MONTH:   0.0 INCH    5 = HAIL
                        GRTST 24HR     0.0         6 = FREEZING RAIN OR DRIZZLE
                        GRTST DEPTH:   0           7 = DUSTSTORM OR SANDSTORM:
                                                       VSBY 1/2 MILE OR LESS
                                                   8 = SMOKE OR HAZE
[NO. OF DAYS WITH]      [WEATHER - DAYS WITH]      9 = BLOWING SNOW
                                                   X = TORNADO
MAX 32 OR BELOW:   0    0.01 INCH OR MORE:   0
MAX 90 OR ABOVE:  16    0.10 INCH OR MORE:   0
MIN 32 OR BELOW:   0    0.50 INCH OR MORE:   0
MIN  0 OR BELOW:   0    1.00 INCH OR MORE:   0

[HDD (BASE 65) ]
TOTAL THIS MO.     0    CLEAR  (SCALE 0-3)  16
DPTR FM NORMAL     0    PTCLDY (SCALE 4-7)   0
TOTAL FM JUL 1   549    CLOUDY (SCALE 8-10)  0
DPTR FM NORMAL  -622

[CDD (BASE 65) ]
TOTAL THIS MO.   477
DPTR FM NORMAL   100    [PRESSURE DATA]
TOTAL FM JAN 1  1685    HIGHEST SLP M ON M
DPTR FM NORMAL   479    LOWEST  SLP 29.46 ON 14

[REMARKS]
