000
CXUS55 KGJT 241000
CF6EEO
PRELIMINARY LOCAL CLIMATOLOGICAL DATA (WS FORM: F-6)

                                          STATION:   MEEKER CO
                                          MONTH:     FEBRUARY
                                          YEAR:      2018
                                          LATITUDE:   40  2 N
                                          LONGITUDE: 107 53 W

  TEMPERATURE IN F:       :PCPN:    SNOW:  WIND      :SUNSHINE: SKY     :PK WND
================================================================================
1   2   3   4   5  6A  6B    7    8   9   10  11  12  13   14  15   16   17  18
                                     12Z  AVG MX 2MIN
DY MAX MIN AVG DEP HDD CDD  WTR  SNW DPTH SPD SPD DIR MIN PSBL S-S WX    SPD DR
================================================================================

 1  47  30  39  17  26   0 0.00    M    M  1.2  7  40   M    M   8         9  80
 2  50  26  38  16  27   0 0.00    M    M  1.5  9 130   M    M   7        10 130
 3  51  30  41  19  24   0    T    M    M  4.5 17 280   M    M   3        23 260
 4  49  27  38  16  27   0 0.00    M    M  4.3 12 270   M    M   3        15 210
 5  49  31  40  18  25   0    T    M    M  6.6 25 270   M    M   7        32 240
 6  38  23  31   9  34   0 0.13    M    M  3.6 12 220   M    M   8 12     15 210
 7  46  18  32  10  33   0 0.00    M    M  2.8 12 270   M    M   1        15 130
 8  50  22  36  13  29   0 0.00    M    M  2.5 12 200   M    M   0        15 210
 9  56  29  43  20  22   0 0.00    M    M  7.9 30 250   M    M   4        39 240
10  36   6  21  -2  44   0 0.11    M    M  3.6 20  20   M    M   7 128    23  20
11  36   1  19  -5  46   0 0.00    M    M  3.1 14 220   M    M   0        17 220
12  39  21  30   6  35   0 0.19    M    M  3.7 17 220   M    M   8 12     21 220
13  43  27  35  11  30   0 0.18    M    M  4.6 15 230   M    M   8 1      22 220
14  46  35  41  17  24   0 0.00    M    M 12.4 29 220   M    M   9        45 240
15  39  17  28   3  37   0 0.10    M    M  7.7 21 290   M    M   9 1      29 270
16  39   7  23  -2  42   0 0.00    M    M  7.5 23 220   M    M   1        30 210
17  45  16  31   6  34   0 0.00    M    M  7.5 22 220   M    M   1        27 220
18  51  37  44  18  21   0 0.00    M    M 16.5 35 220   M    M   0        47 210
19  44   5  25  -1  40   0 0.20    M    M 11.0 41 220   M    M   8 128    62 220
20  22  -5   9 -17  56   0 0.01    M    M  2.7 14 270   M    M   6 18     17 280
21  32 -13  10 -17  55   0 0.01    M    M  1.5  9 340   M    M   4 18     12 340
22  30  13  22  -5  43   0 0.05    M    M  2.4 17 230   M    M  10 18     26 230
23  32   4  18 -10  47   0    T    M    M  7.6 24 200   M    M   5 1      32 200
================================================================================
SM  970  407       801   0  0.98    M    126.7          M      117
================================================================================
AV 42.2 17.7                               5.5 FASTST   M    M   5    MAX(MPH)
                                 MISC ---->  # 41 220               # 62  220
================================================================================
NOTES:
# LAST OF SEVERAL OCCURRENCES

COLUMN 17 PEAK WIND IN M.P.H.

PRELIMINARY LOCAL CLIMATOLOGICAL DATA (WS FORM: F-6) , PAGE 2

                                          STATION:  MEEKER CO
                                          MONTH:    FEBRUARY
                                          YEAR:     2018
                                          LATITUDE:   40  2 N
                                          LONGITUDE: 107 53 W

[TEMPERATURE DATA]      [PRECIPITATION DATA]       SYMBOLS USED IN COLUMN 16

AVERAGE MONTHLY: 29.9   TOTAL FOR MONTH:   0.98    1 = FOG OR MIST
DPTR FM NORMAL:   5.8   DPTR FM NORMAL:    0.16    2 = FOG REDUCING VISIBILITY
HIGHEST:    56 ON  9    GRTST 24HR  0.20 ON 19-19      TO 1/4 MILE OR LESS
LOWEST:    -13 ON 21                               3 = THUNDER
                        SNOW, ICE PELLETS, HAIL    4 = ICE PELLETS
                        TOTAL MONTH:    M          5 = HAIL
                        GRTST 24HR    M  ON   M    6 = FREEZING RAIN OR DRIZZLE
                        GRTST DEPTH:  M  ON   M    7 = DUSTSTORM OR SANDSTORM:
                                                       VSBY 1/2 MILE OR LESS
                                                   8 = SMOKE OR HAZE
[NO. OF DAYS WITH]      [WEATHER - DAYS WITH]      9 = BLOWING SNOW
                                                   X = TORNADO
MAX 32 OR BELOW:   4    0.01 INCH OR MORE:   9
MAX 90 OR ABOVE:   0    0.10 INCH OR MORE:   6
MIN 32 OR BELOW:  21    0.50 INCH OR MORE:   0
MIN  0 OR BELOW:   2    1.00 INCH OR MORE:   0

[HDD (BASE 65) ]
TOTAL THIS MO.   801    CLEAR  (SCALE 0-3)   8
DPTR FM NORMAL  -141    PTCLDY (SCALE 4-7)  11
TOTAL FM JUL 1  4655    CLOUDY (SCALE 8-10)  4
DPTR FM NORMAL  -968

[CDD (BASE 65) ]
TOTAL THIS MO.     0
DPTR FM NORMAL     0    [PRESSURE DATA]
TOTAL FM JAN 1     0    HIGHEST SLP M ON M
DPTR FM NORMAL     0    LOWEST  SLP 29.12 ON 19

[REMARKS]
