000
CXUS55 KGJT 251000
CF6EEO
PRELIMINARY LOCAL CLIMATOLOGICAL DATA (WS FORM: F-6)

                                          STATION:   MEEKER CO
                                          MONTH:     FEBRUARY
                                          YEAR:      2020
                                          LATITUDE:   40  2 N
                                          LONGITUDE: 107 53 W

  TEMPERATURE IN F:       :PCPN:    SNOW:  WIND      :SUNSHINE: SKY     :PK WND
================================================================================
1   2   3   4   5  6A  6B    7    8   9   10  11  12  13   14  15   16   17  18
                                     12Z  AVG MX 2MIN
DY MAX MIN AVG DEP HDD CDD  WTR  SNW DPTH SPD SPD DIR MIN PSBL S-S WX    SPD DR
================================================================================

 1  37   4  21  -1  44   0 0.00    M    M  2.1  9  50   M    M   0        11  70
 2  52   3  28   6  37   0 0.00    M    M  5.9 33 180   M    M   0        52 180
 3  45   9  27   5  38   0 0.11    M    M 13.7 31 190   M    M   6 12     48 180
 4  13 -14   0 -22  65   0    T    M    M  6.1 13 230   M    M   7 1      17 260
 5  16 -16   0 -22  65   0    T    M    M  1.1  8  70   M    M   7 18     13 100
 6  24  13  19  -3  46   0 0.42    M    M  0.9  6  30   M    M  10 12      8 320
 7  40  22  31   9  34   0 0.01    M    M  3.2 13 250   M    M   9 1      16 250
 8  45  24  35  12  30   0 0.07    M    M 10.0 36  30   M    M   6 1      42  20
 9  27   7  17  -6  48   0 0.02    M    M  3.7 13  30   M    M  10 18     16  20
10  27  -5  11 -12  54   0    T    M    M  4.7 22  20   M    M   5 18     27  20
11  22 -14   4 -20  61   0    T    M    M  2.2  7  40   M    M   1         9 120
12  29  -4  13 -11  52   0    T    M    M  2.3  7  40   M    M   7 1       9  50
13  33   4  19  -5  46   0    T    M    M  2.6 10  40   M    M   7 1      11  40
14  43   4  24   0  41   0 0.00    M    M  8.1 24 220   M    M   0        30 210
15  39  11  25   0  40   0 0.00    M    M  2.8 17 280   M    M   5        21 280
16  41  28  35  10  30   0    T    M    M  7.5 23 230   M    M  10        30 220
17  36   6  21  -4  44   0    T    M    M  6.9 25  20   M    M   8        33  30
18  30  -1  15 -11  50   0 0.00    M    M  2.3  8  90   M    M   1        10 100
19  29  -5  12 -14  53   0 0.00    M    M  4.7 22  10   M    M   0        27  10
20  25 -15   5 -21  60   0 0.00    M    M  0.4  7  50   M    M   0         8  60
21  37 -12  13 -14  52   0    T    M    M  0.7  5 120   M    M   0         7  20
22  41   4  23  -4  42   0 0.00    M    M  1.5  8  30   M    M   1        14 210
23  39  15  27  -1  38   0 0.13    M    M  4.1 12  70   M    M   6 1      16 240
24  33  11  22  -6  43   0 0.03    M    M  9.0 25 350   M    M   5 18     36 340
================================================================================
SM  803   79      1113   0  0.79    M    106.5          M      111
================================================================================
AV 33.5  3.3                               4.4 FASTST   M    M   5    MAX(MPH)
                                 MISC ---->  # 36  30               # 52  180
================================================================================
NOTES:
# LAST OF SEVERAL OCCURRENCES

COLUMN 17 PEAK WIND IN M.P.H.

PRELIMINARY LOCAL CLIMATOLOGICAL DATA (WS FORM: F-6) , PAGE 2

                                          STATION:  MEEKER CO
                                          MONTH:    FEBRUARY
                                          YEAR:     2020
                                          LATITUDE:   40  2 N
                                          LONGITUDE: 107 53 W

[TEMPERATURE DATA]      [PRECIPITATION DATA]       SYMBOLS USED IN COLUMN 16

AVERAGE MONTHLY: 18.4   TOTAL FOR MONTH:   0.79    1 = FOG OR MIST
DPTR FM NORMAL:  -5.9   DPTR FM NORMAL:   -0.07    2 = FOG REDUCING VISIBILITY
HIGHEST:    52 ON  2    GRTST 24HR  0.42 ON  6- 6      TO 1/4 MILE OR LESS
LOWEST:    -16 ON  5                               3 = THUNDER
                        SNOW, ICE PELLETS, HAIL    4 = ICE PELLETS
                        TOTAL MONTH:    M          5 = HAIL
                        GRTST 24HR    M  ON   M    6 = FREEZING RAIN OR DRIZZLE
                        GRTST DEPTH:  M  ON   M    7 = DUSTSTORM OR SANDSTORM:
                                                       VSBY 1/2 MILE OR LESS
                                                   8 = SMOKE OR HAZE
[NO. OF DAYS WITH]      [WEATHER - DAYS WITH]      9 = BLOWING SNOW
                                                   X = TORNADO
MAX 32 OR BELOW:  10    0.01 INCH OR MORE:   7
MAX 90 OR ABOVE:   0    0.10 INCH OR MORE:   3
MIN 32 OR BELOW:  24    0.50 INCH OR MORE:   0
MIN  0 OR BELOW:   9    1.00 INCH OR MORE:   0

[HDD (BASE 65) ]
TOTAL THIS MO.  1113    CLEAR  (SCALE 0-3)   9
DPTR FM NORMAL   134    PTCLDY (SCALE 4-7)  11
TOTAL FM JUL 1  5853    CLOUDY (SCALE 8-10)  4
DPTR FM NORMAL   193

[CDD (BASE 65) ]
TOTAL THIS MO.     0
DPTR FM NORMAL     0    [PRESSURE DATA]
TOTAL FM JAN 1     0    HIGHEST SLP M ON M
DPTR FM NORMAL     0    LOWEST  SLP 29.15 ON  3

[REMARKS]
