000
CXUS56 KEKA 171230
CF6EKA
PRELIMINARY LOCAL CLIMATOLOGICAL DATA (WS FORM: F-6)

                                          STATION:   EUREKA CA
                                          MONTH:     OCTOBER
                                          YEAR:      2019
                                          LATITUDE:   40 47 N
                                          LONGITUDE: 124 10 W

  TEMPERATURE IN F:       :PCPN:    SNOW:  WIND      :SUNSHINE: SKY     :PK WND
================================================================================
1   2   3   4   5  6A  6B    7    8   9   10  11  12  13   14  15   16   17  18
                                     12Z  AVG MX 2MIN
DY MAX MIN AVG DEP HDD CDD  WTR  SNW DPTH SPD SPD DIR MIN PSBL S-S WX    SPD DR
================================================================================

 1  58  41  50  -6  15   0 0.00  0.0    0  3.0  9  10   M    M   1        12  M
 2  62  40  51  -5  14   0    T    M    0  2.2  7 300   M    M   4        12  M
 3  61  47  54  -2  11   0 0.00  0.0    0  2.7  8 300   M    M   1        10  M
 4  63  46  55   0  10   0 0.00  0.0    0  3.5  8  10   M    M   2        12  M
 5  62  44  53  -2  12   0 0.00  0.0    0  3.3  9 360   M    M   0        13  M
 6  70  44  57   2   8   0 0.00  0.0    0  2.5  7 310   M    M   0        14  M
 7  64  45  55   0  10   0 0.00  0.0    0  3.2  7 360   M    M   0 1       9  M
 8  64  47  56   1   9   0 0.00  0.0    0  6.7 14  10   M    M   3        24 330
 9  56  43  50  -5  15   0 0.00  0.0    0  9.8 18 360   M    M   0        28 360
10  64  37  51  -4  14   0 0.00  0.0    0  2.8 10  10   M    M   2        12  M
11  62  39  51  -4  14   0 0.00  0.0    0  2.7  7  60   M    M   3 2       9  M
12  62  40  51  -4  14   0 0.00  0.0    0  1.3  5 340   M    M   5 2       9  M
13  57  41  49  -6  16   0 0.00  0.0    0  2.5  7 330   M    M   5 1       9  M
14  56  45  51  -4  14   0 0.00  0.0    0  3.5  9 320   M    M   6 12      M  M
15  58  44  51  -4  14   0 0.00  0.0    0  4.3  8 310   M    M   8 2       9  M
16  69  44  57   3   8   0 0.89  0.0    0  4.6 10 280   M    M   9 1      13 220
================================================================================
SM  988  687       198   0  0.89     0.0  58.6          M       49
================================================================================
AV 61.8 42.9                               3.7 FASTST   M    M   3    MAX(MPH)
                                 MISC ---->  # 18 360               # 28  360
================================================================================
NOTES:
# LAST OF SEVERAL OCCURRENCES

COLUMN 17 PEAK WIND IN M.P.H.

PRELIMINARY LOCAL CLIMATOLOGICAL DATA (WS FORM: F-6) , PAGE 2

                                          STATION:  EUREKA CA
                                          MONTH:    OCTOBER
                                          YEAR:     2019
                                          LATITUDE:   40 47 N
                                          LONGITUDE: 124 10 W

[TEMPERATURE DATA]      [PRECIPITATION DATA]       SYMBOLS USED IN COLUMN 16

AVERAGE MONTHLY: 52.3   TOTAL FOR MONTH:   0.89    1 = FOG OR MIST
DPTR FM NORMAL:  -2.8   DPTR FM NORMAL:    0.11    2 = FOG REDUCING VISIBILITY
HIGHEST:    70 ON  6    GRTST 24HR  0.89 ON 16-16      TO 1/4 MILE OR LESS
LOWEST:     37 ON 10                               3 = THUNDER
                        SNOW, ICE PELLETS, HAIL    4 = ICE PELLETS
                        TOTAL MONTH:   0.0 INCH    5 = HAIL
                        GRTST 24HR     0.0         6 = FREEZING RAIN OR DRIZZLE
                        GRTST DEPTH:   0           7 = DUSTSTORM OR SANDSTORM:
                                                       VSBY 1/2 MILE OR LESS
                                                   8 = SMOKE OR HAZE
[NO. OF DAYS WITH]      [WEATHER - DAYS WITH]      9 = BLOWING SNOW
                                                   X = TORNADO
MAX 32 OR BELOW:   0    0.01 INCH OR MORE:   1
MAX 90 OR ABOVE:   0    0.10 INCH OR MORE:   1
MIN 32 OR BELOW:   0    0.50 INCH OR MORE:   1
MIN  0 OR BELOW:   0    1.00 INCH OR MORE:   0

[HDD (BASE 65) ]
TOTAL THIS MO.   198    CLEAR  (SCALE 0-3)   9
DPTR FM NORMAL    39    PTCLDY (SCALE 4-7)   6
TOTAL FM JUL 1   545    CLOUDY (SCALE 8-10)  1
DPTR FM NORMAL  -279

[CDD (BASE 65) ]
TOTAL THIS MO.     0
DPTR FM NORMAL     0    [PRESSURE DATA]
TOTAL FM JAN 1     9    HIGHEST SLP 30.24 ON  4
DPTR FM NORMAL     9    LOWEST  SLP 29.96 ON  8

[REMARKS]
