000
CXUS51 KRLX 291137
CF6EKN
PRELIMINARY LOCAL CLIMATOLOGICAL DATA (WS FORM: F-6)

                                          STATION:   ELKINS WV
                                          MONTH:     MAY
                                          YEAR:      2020
                                          LATITUDE:   38 52 N
                                          LONGITUDE:  79 51 W

  TEMPERATURE IN F:       :PCPN:    SNOW:  WIND      :SUNSHINE: SKY     :PK WND
================================================================================
1   2   3   4   5  6A  6B    7    8   9   10  11  12  13   14  15   16   17  18
                                     12Z  AVG MX 2MIN
DY MAX MIN AVG DEP HDD CDD  WTR  SNW DPTH SPD SPD DIR MIN PSBL S-S WX    SPD DR
================================================================================

 1  52  43  48  -6  17   0 0.08  0.0    0  6.4 20 300   M    M  10 1      23 290
 2  73  40  57   3   8   0 0.00  0.0    0  3.8 12 240   M    M   5        16 240
 3  70  57  64   9   1   0 0.97  0.0    0  8.6 21 260   M    M   6 13     31 240
 4  67  42  55   0  10   0    T  0.0    0  8.1 22 320   M    M   2 1      32 320
 5  53  44  49  -6  16   0 0.18  0.0    0  3.5 15 260   M    M   6 1      23 280
 6  50  34  42 -13  23   0 0.08  0.0    0  7.0 18 250   M    M   9 1      25 240
 7  61  27  44 -12  21   0 0.00  0.0    0  6.7 21 290   M    M   4 12     31 240
 8  54  31  43 -13  22   0 0.76  1.5    0  9.3 24 250   M    M   7 1      36 240
 9  44  27  36 -20  29   0    T    T    1  7.6 23 290   M    M   7        31 280
10  66  26  46 -10  19   0 0.05  0.0    0  6.6 22 290   M    M   1        31 270
11  45  37  41 -16  24   0 0.17  0.0    0  9.6 22 290   M    M  10 1      29 290
12  55  32  44 -13  21   0    T  0.0    0  6.6 20 310   M    M   6        27 320
13  66  28  47 -10  18   0 0.00  0.0    0  2.0 12 340   M    M   2        17 140
14  76  43  60   2   5   0 0.15  0.0    0  2.6 17 280   M    M   8 13     24 290
15  84  47  66   8   0   1 0.04    M    M  8.2 22 250   M    M   4 1      30 220
16  78  58  68  10   0   3 0.07  0.0    M  3.5 12 340   M    M   7 12     16 350
17  81  60  71  13   0   6 0.00  0.0    M  8.6 17 150   M    M   3        27 140
18  82  58  70  11   0   5 0.01  0.0    M  6.5 21 130   M    M   3        26 130
19  63  45  54  -5  11   0 0.24    M    M  7.3 21 130   M    M  10        30 140
20  63  45  54  -5  11   0 0.03    M    M  7.9 20 140   M    M   8        26 130
21  64  53  59   0   6   0 0.02  0.0    M  4.1 22 140   M    M   8        31 150
22  77  56  67   7   0   2 0.22  0.0    M  3.2 13 320   M    M   8 1      17 290
23  78  54  66   6   0   1    T  0.0    M  2.9 13 270   M    M   5        19 310
24  80  50  65   5   0   0 0.50    M    M  0.4 13 230   M    M   4 128    15 230
25  86  54  70  10   0   5 0.00  0.0    M  2.1 14 130   M    M   3 128    20 130
26  86  51  69   8   0   4 0.00  0.0    M  4.5 15 130   M    M   2 12     23 130
27  80  59  70   9   0   5    T  0.0    M  5.3 15 140   M    M   2        20 140
28  85  63  74  13   0   9 0.13  0.0    M  4.3 16 220   M    M   6 128    20 230
================================================================================
SM 1919 1264       262  41  3.70  1.5    157.2          M      156
================================================================================
AV 68.5 45.1                               5.6 FASTST   M    M   6    MAX(MPH)
                                 MISC ---->    24 250                 36 240
================================================================================
NOTES:
# LAST OF SEVERAL OCCURRENCES

COLUMN 17 PEAK WIND IN M.P.H.

PRELIMINARY LOCAL CLIMATOLOGICAL DATA (WS FORM: F-6) , PAGE 2

                                          STATION:   ELKINS WV
                                          MONTH:     MAY
                                          YEAR:      2020
                                          LATITUDE:   38 52 N
                                          LONGITUDE:  79 51 W

[TEMPERATURE DATA]      [PRECIPITATION DATA]       SYMBOLS USED IN COLUMN 16

AVERAGE MONTHLY: 56.8   TOTAL FOR MONTH:   3.70    1 = FOG OR MIST
DPTR FM NORMAL:  -0.8   DPTR FM NORMAL:   -0.92    2 = FOG REDUCING VISIBILITY
HIGHEST:    86 ON 26,25  GRTST 24HR  0.97 ON  3- 3      TO 1/4 MILE OR LESS
LOWEST:     26 ON 10                               3 = THUNDER
                        SNOW, ICE PELLETS, HAIL    4 = ICE PELLETS
                        TOTAL MONTH:   1.5 INCHES  5 = HAIL
                        GRTST 24HR   1.5 ON  8- 8  6 = FREEZING RAIN OR DRIZZLE
                        GRTST DEPTH:   1 ON  9     7 = DUSTSTORM OR SANDSTORM:
                                                       VSBY 1/2 MILE OR LESS
                                                   8 = SMOKE OR HAZE
[NO. OF DAYS WITH]      [WEATHER - DAYS WITH]      9 = BLOWING SNOW
                                                   X = TORNADO
MAX 32 OR BELOW:   0    0.01 INCH OR MORE:  17
MAX 90 OR ABOVE:   0    0.10 INCH OR MORE:   9
MIN 32 OR BELOW:   6    0.50 INCH OR MORE:   3
MIN  0 OR BELOW:   0    1.00 INCH OR MORE:   0

[HDD (BASE 65) ]
TOTAL THIS MO.   262    CLEAR  (SCALE 0-3)   7
DPTR FM NORMAL    40    PTCLDY (SCALE 4-7)  17
TOTAL FM JUL 1  4835    CLOUDY (SCALE 8-10)  4
DPTR FM NORMAL  -950

[CDD (BASE 65) ]
TOTAL THIS MO.    41
DPTR FM NORMAL    26    [PRESSURE DATA]
TOTAL FM JAN 1    47    HIGHEST SLP M ON M
DPTR FM NORMAL    29    LOWEST  SLP 29.70 ON  8

[REMARKS]
