000
CXUS51 KRLX 231142
CF6EKN
PRELIMINARY LOCAL CLIMATOLOGICAL DATA (WS FORM: F-6)

                                          STATION:   ELKINS WV
                                          MONTH:     OCTOBER
                                          YEAR:      2019
                                          LATITUDE:   38 52 N
                                          LONGITUDE:  79 51 W

  TEMPERATURE IN F:       :PCPN:    SNOW:  WIND      :SUNSHINE: SKY     :PK WND
================================================================================
1   2   3   4   5  6A  6B    7    8   9   10  11  12  13   14  15   16   17  18
                                     12Z  AVG MX 2MIN
DY MAX MIN AVG DEP HDD CDD  WTR  SNW DPTH SPD SPD DIR MIN PSBL S-S WX    SPD DR
================================================================================

 1  90  58  74  18   0   9 0.00  0.0    0  2.2 15 290   M    M   4 12     17 290
 2  88  60  74  18   0   9 0.00  0.0    0  3.1 15 280   M    M   2 128    19 270
 3  90  60  75  19   0  10 0.00  0.0    0  4.2 16 240   M    M   3 1      21 250
 4  76  45  61   6   4   0 0.00  0.0    0  5.2 14 310   M    M   4        19 310
 5  68  41  55   0  10   0 0.00  0.0    0  8.2 18 170   M    M   1 1      27 180
 6  72  60  66  12   0   1 0.52  0.0    0  6.9 14 150   M    M   8 13     20 150
 7  69  55  62   8   3   0 1.46  0.0    0  4.3 13 330   M    M   9 1      20 200
 8  59  52  56   2   9   0 0.28  0.0    0  2.8  9 360   M    M   9 1      14  70
 9  76  49  63  10   2   0 0.00  0.0    0  1.3 10 350   M    M   7        14 360
10  77  46  62   9   3   0 0.00  0.0    0  0.9  8 350   M    M   3 12     11 330
11  78  44  61   8   4   0 0.00  0.0    0  1.4  9 300   M    M   4 128    13 300
12  64  36  50  -2  15   0 0.01  0.0    0  3.1 17 280   M    M   7 128    22 290
13  72  36  54   2  11   0 0.00  0.0    0  2.8 12 300   M    M   4 1      14 290
14  68  32  50  -2  15   0 0.00  0.0    0  3.9 17 240   M    M   1 12     26 230
15  76  31  54   3  11   0 0.00  0.0    0  2.8 12 170   M    M   1 12     17 170
16  60  42  51   0  14   0 0.59  0.0    0  9.2 22 270   M    M   8 1      36 280
17  55  42  49  -2  16   0 0.12  0.0    0 13.2 23 270   M    M  10        38 260
18  57  32  45  -5  20   0 0.00  0.0    0  3.6 14 300   M    M   5 12     18 300
19  69  31  50   0  15   0    T  0.0    0  3.2 15 180   M    M   5 12     19 150
20  64  49  57   7   8   0 0.34  0.0    0  1.2  7 150   M    M  10 128     9 130
21  76  50  63  13   2   0 0.00  0.0    0  5.8 17 160   M    M   5 12     25 180
22  66  44  55   6  10   0 0.39    M    0  5.6 17 230   M    M   6 1      22 150
================================================================================
SM 1570  995       172  29  3.71     0.0  94.9          M      116
================================================================================
AV 71.4 45.2                               4.3 FASTST   M    M   5    MAX(MPH)
                                 MISC ---->  # 23 270               # 38  260
================================================================================
NOTES:
# LAST OF SEVERAL OCCURRENCES

COLUMN 17 PEAK WIND IN M.P.H.

PRELIMINARY LOCAL CLIMATOLOGICAL DATA (WS FORM: F-6) , PAGE 2

                                          STATION:  ELKINS WV
                                          MONTH:    OCTOBER
                                          YEAR:     2019
                                          LATITUDE:   38 52 N
                                          LONGITUDE:  79 51 W

[TEMPERATURE DATA]      [PRECIPITATION DATA]       SYMBOLS USED IN COLUMN 16

AVERAGE MONTHLY: 58.3   TOTAL FOR MONTH:   3.71    1 = FOG OR MIST
DPTR FM NORMAL:   5.7   DPTR FM NORMAL:    1.73    2 = FOG REDUCING VISIBILITY
HIGHEST:    90 ON  3, 1 GRTST 24HR  1.46 ON  7- 7      TO 1/4 MILE OR LESS
LOWEST:     31 ON 19,15                            3 = THUNDER
                        SNOW, ICE PELLETS, HAIL    4 = ICE PELLETS
                        TOTAL MONTH:   0.0 INCH    5 = HAIL
                        GRTST 24HR     0.0         6 = FREEZING RAIN OR DRIZZLE
                        GRTST DEPTH:   0           7 = DUSTSTORM OR SANDSTORM:
                                                       VSBY 1/2 MILE OR LESS
                                                   8 = SMOKE OR HAZE
[NO. OF DAYS WITH]      [WEATHER - DAYS WITH]      9 = BLOWING SNOW
                                                   X = TORNADO
MAX 32 OR BELOW:   0    0.01 INCH OR MORE:   8
MAX 90 OR ABOVE:   2    0.10 INCH OR MORE:   7
MIN 32 OR BELOW:   4    0.50 INCH OR MORE:   3
MIN  0 OR BELOW:   0    1.00 INCH OR MORE:   1

[HDD (BASE 65) ]
TOTAL THIS MO.   172    CLEAR  (SCALE 0-3)   5
DPTR FM NORMAL  -104    PTCLDY (SCALE 4-7)  12
TOTAL FM JUL 1   191    CLOUDY (SCALE 8-10)  5
DPTR FM NORMAL  -245

[CDD (BASE 65) ]
TOTAL THIS MO.    29
DPTR FM NORMAL    29    [PRESSURE DATA]
TOTAL FM JAN 1   844    HIGHEST SLP M ON M
DPTR FM NORMAL   373    LOWEST  SLP 29.67 ON 16

[REMARKS]
