000
CXUS56 KLKN 241009
CF6EKO
PRELIMINARY LOCAL CLIMATOLOGICAL DATA (WS FORM: F-6)

                                          STATION:   ELKO AIRPORT NV
                                          MONTH:     JUNE
                                          YEAR:      2018
                                          LATITUDE:   40 49 N
                                          LONGITUDE: 115 47 W

  TEMPERATURE IN F:       :PCPN:    SNOW:  WIND      :SUNSHINE: SKY     :PK WND
================================================================================
1   2   3   4   5  6A  6B    7    8   9   10  11  12  13   14  15   16   17  18
                                     12Z  AVG MX 2MIN
DY MAX MIN AVG DEP HDD CDD  WTR  SNW DPTH SPD SPD DIR MIN PSBL S-S WX    SPD DR
================================================================================

 1  69  39  54  -4  11   0 0.00  0.0    0  2.7 16 260   M    M   1        22 230
 2  81  38  60   2   5   0 0.00  0.0    0  4.2 13  10   M    M   0        17  30
 3  85  42  64   6   1   0 0.00  0.0    0  3.9 15 230   M    M   0        18 220
 4  89  50  70  12   0   5 0.00  0.0    0  7.7 22 260   M    M   0        27 260
 5  84  48  66   7   0   1 0.00  0.0    0  4.3 16 230   M    M   0        20 250
 6  87  46  67   8   0   2    T  0.0    0  4.3 25 120   M    M   0        48 110
 7  86  47  67   8   0   2    T  0.0    0  5.0 21 260   M    M   0        29 260
 8  87  48  68   8   0   3 0.00  0.0    0  5.3 18 260   M    M   0        23 280
 9  83  48  66   6   0   1 0.00  0.0    0 11.8 29 280   M    M   0        36 290
10  68  36  52  -8  13   0 0.00  0.0    0  7.0 21 250   M    M   0        26 270
11  79  36  58  -3   7   0 0.00  0.0    0  8.1 21 260   M    M   0        28 260
12  86  40  63   2   2   0 0.00  0.0    0  4.4 15  50   M    M   0        18  50
13  95  49  72  11   0   7 0.00  0.0    0  5.9 23 250   M    M   0        29 250
14  88  52  70   8   0   5 0.00  0.0    0  7.0 21 280   M    M   0        27 280
15  86  50  68   6   0   3 0.00  0.0    0  7.5 30 350   M    M   0        40 350
16  83  45  64   2   1   0 0.00  0.0    0  6.9 25 350   M    M   1        31 350
17  72  45  59  -4   6   0 0.05  0.0    0  9.4 35 270   M    M   3        43 270
18  67  48  58  -5   7   0    T  0.0    0  8.1 25 260   M    M   9        29 260
19  74  41  58  -5   7   0 0.00  0.0    0  8.5 17 310   M    M   3        23 310
20  89  41  65   1   0   0 0.00  0.0    0  4.9 15 250   M    M   0        20 250
21  88  47  68   4   0   3 0.00  0.0    0  9.9 23 280   M    M   0        33 260
22  88  46  67   3   0   2 0.00  0.0    0  4.7 22 240   M    M   0        28 240
23  86  46  66   1   0   1 0.00  0.0    0  8.1 25 280   M    M   0        35 250
================================================================================
SM 1900 1028        60  35  0.05     0.0 149.6          M       17
================================================================================
AV 82.6 44.7                               6.5 FASTST   M    M   1    MAX(MPH)
                                 MISC ---->  # 35 270               # 48  110
================================================================================
NOTES:
# LAST OF SEVERAL OCCURRENCES

COLUMN 17 PEAK WIND IN M.P.H.

PRELIMINARY LOCAL CLIMATOLOGICAL DATA (WS FORM: F-6) , PAGE 2

                                          STATION:  ELKO AIRPORT NV
                                          MONTH:    JUNE
                                          YEAR:     2018
                                          LATITUDE:   40 49 N
                                          LONGITUDE: 115 47 W

[TEMPERATURE DATA]      [PRECIPITATION DATA]       SYMBOLS USED IN COLUMN 16

AVERAGE MONTHLY: 63.7   TOTAL FOR MONTH:   0.05    1 = FOG OR MIST
DPTR FM NORMAL:   2.6   DPTR FM NORMAL:   -0.51    2 = FOG REDUCING VISIBILITY
HIGHEST:    95 ON 13    GRTST 24HR  0.16 ON 31- 1      TO 1/4 MILE OR LESS
LOWEST:     36 ON 11,10                            3 = THUNDER
                        SNOW, ICE PELLETS, HAIL    4 = ICE PELLETS
                        TOTAL MONTH:   0.0 INCH    5 = HAIL
                        GRTST 24HR     0.0         6 = FREEZING RAIN OR DRIZZLE
                        GRTST DEPTH:   0           7 = DUSTSTORM OR SANDSTORM:
                                                       VSBY 1/2 MILE OR LESS
                                                   8 = SMOKE OR HAZE
[NO. OF DAYS WITH]      [WEATHER - DAYS WITH]      9 = BLOWING SNOW
                                                   X = TORNADO
MAX 32 OR BELOW:   0    0.01 INCH OR MORE:   1
MAX 90 OR ABOVE:   1    0.10 INCH OR MORE:   0
MIN 32 OR BELOW:   0    0.50 INCH OR MORE:   0
MIN  0 OR BELOW:   0    1.00 INCH OR MORE:   0

[HDD (BASE 65) ]
TOTAL THIS MO.    60    CLEAR  (SCALE 0-3)  22
DPTR FM NORMAL   -58    PTCLDY (SCALE 4-7)   0
TOTAL FM JUL 1  6360    CLOUDY (SCALE 8-10)  1
DPTR FM NORMAL  -693

[CDD (BASE 65) ]
TOTAL THIS MO.    35
DPTR FM NORMAL     7    [PRESSURE DATA]
TOTAL FM JAN 1    36    HIGHEST SLP M ON M
DPTR FM NORMAL     4    LOWEST  SLP 29.45 ON 16

[REMARKS]
