000
CXUS54 KSHV 161500
CF6ELD
PRELIMINARY LOCAL CLIMATOLOGICAL DATA (WS FORM: F-6)

                                          STATION:   EL DORADO
                                          MONTH:     FEBRUARY
                                          YEAR:      2019
                                          LATITUDE:   33 13 N
                                          LONGITUDE:  92 49 W

  TEMPERATURE IN F:       :PCPN:    SNOW:  WIND      :SUNSHINE: SKY     :PK WND
================================================================================
1   2   3   4   5  6A  6B    7    8   9   10  11  12  13   14  15   16   17  18
                                     12Z  AVG MX 2MIN
DY MAX MIN AVG DEP HDD CDD  WTR  SNW DPTH SPD SPD DIR MIN PSBL S-S WX    SPD DR
================================================================================

 1  62  40  51   6  14   0 0.00  0.0    0  2.5  9 110   M    M   7 18     11 150
 2  68  41  55  10  10   0 0.00  0.0    0  2.5  9 120   M    M   4 12     12  70
 3  71  42  57  12   8   0    T  0.0    0  6.5 16 200   M    M   6 1      20 180
 4  76  59  68  22   0   3    T  0.0    0  8.4 17 190   M    M   7 1      21 200
 5  78  59  69  23   0   4 0.02  0.0    0  5.2 16 170   M    M   8 12     20 170
 6  75  68  72  26   0   7    T  0.0    0  9.5 18 200   M    M   8        25 190
 7  72  30  51   5  14   0 0.57  0.0    0 12.2 23 290   M    M   8 1      38 280
 8  36  25  31 -15  34   0 0.00  0.0    0  8.1 15  30   M    M   1        21  40
 9  40  32  36 -10  29   0 0.06    T    0  8.0 15  40   M    M  10 4      20  50
10  61  36  49   2  16   0 0.01  0.0    0  4.6 13 110   M    M   7        16 140
11  69  46  58  11   7   0 1.30    M    0  6.8 15 190   M    M  10 18     22 160
12  60  35  48   1  17   0 0.06    M    0  9.0 24 290   M    M   4 1      35 300
13  65  29  47   0  18   0 0.00  0.0    0  4.4 16 200   M    M   0        22 240
14  72  48  60  12   5   0 0.00  0.0    0 12.7 28 200   M    M   3        36 180
15  70  41  56   8   9   0 0.00  0.0    0  6.4 14 360   M    M   6 1      19 350
================================================================================
SM  975  631       181  14  2.02    T    106.8          M       89
================================================================================
AV 65.0 42.1                               7.1 FASTST   M    M   6    MAX(MPH)
                                 MISC ---->  # 28 200               # 38  280
================================================================================
NOTES:
# LAST OF SEVERAL OCCURRENCES

COLUMN 17 PEAK WIND IN M.P.H.

PRELIMINARY LOCAL CLIMATOLOGICAL DATA (WS FORM: F-6) , PAGE 2

                                          STATION:  EL DORADO
                                          MONTH:    FEBRUARY
                                          YEAR:     2019
                                          LATITUDE:   33 13 N
                                          LONGITUDE:  92 49 W

[TEMPERATURE DATA]      [PRECIPITATION DATA]       SYMBOLS USED IN COLUMN 16

AVERAGE MONTHLY: 53.5   TOTAL FOR MONTH:   2.02    1 = FOG OR MIST
DPTR FM NORMAL:   7.2   DPTR FM NORMAL:   -0.50    2 = FOG REDUCING VISIBILITY
HIGHEST:    78 ON  5    GRTST 24HR  1.30 ON 11-11      TO 1/4 MILE OR LESS
LOWEST:     25 ON  8                               3 = THUNDER
                        SNOW, ICE PELLETS, HAIL    4 = ICE PELLETS
                        TOTAL MONTH:    T          5 = HAIL
                        GRTST 24HR    T  ON  9- 9  6 = FREEZING RAIN OR DRIZZLE
                        GRTST DEPTH:   0           7 = DUSTSTORM OR SANDSTORM:
                                                       VSBY 1/2 MILE OR LESS
                                                   8 = SMOKE OR HAZE
[NO. OF DAYS WITH]      [WEATHER - DAYS WITH]      9 = BLOWING SNOW
                                                   X = TORNADO
MAX 32 OR BELOW:   0    0.01 INCH OR MORE:   6
MAX 90 OR ABOVE:   0    0.10 INCH OR MORE:   2
MIN 32 OR BELOW:   4    0.50 INCH OR MORE:   2
MIN  0 OR BELOW:   0    1.00 INCH OR MORE:   1

[HDD (BASE 65) ]
TOTAL THIS MO.   181    CLEAR  (SCALE 0-3)   3
DPTR FM NORMAL  -102    PTCLDY (SCALE 4-7)  10
TOTAL FM JUL 1  1906    CLOUDY (SCALE 8-10)  2
DPTR FM NORMAL  -120

[CDD (BASE 65) ]
TOTAL THIS MO.    14
DPTR FM NORMAL    14    [PRESSURE DATA]
TOTAL FM JAN 1    14    HIGHEST SLP M ON M
DPTR FM NORMAL    12    LOWEST  SLP 29.64 ON 15

[REMARKS]
