000
CXUS54 KEPZ 171200
CF6ELP
PRELIMINARY LOCAL CLIMATOLOGICAL DATA (WS FORM: F-6)

                                          STATION:   EL PASO
                                          MONTH:     OCTOBER
                                          YEAR:      2019
                                          LATITUDE:   31 47 N
                                          LONGITUDE: 106 24 W

  TEMPERATURE IN F:       :PCPN:    SNOW:  WIND      :SUNSHINE: SKY     :PK WND
================================================================================
1   2   3   4   5  6A  6B    7    8   9   10  11  12  13   14  15   16   17  18
                                     12Z  AVG MX 2MIN
DY MAX MIN AVG DEP HDD CDD  WTR  SNW DPTH SPD SPD DIR MIN PSBL S-S WX    SPD DR
================================================================================

 1  83  67  75   5   0  10 0.24  0.0    0  8.1 20 300   M    M   8        24 310
 2  84  63  74   4   0   9    T  0.0    0  5.7 14 150   M    M   5        16 150
 3  85  68  77   7   0  12    T  0.0    0  6.3 21  90   M    M   8 3      26  80
 4  83  63  73   4   0   8 0.63  0.0    0  4.8 13 340   M    M   8 13     15  10
 5  88  66  77   8   0  12    T  0.0    0  4.9 17 250   M    M   2        22 250
 6  89  64  77   8   0  12 0.00  0.0    0  7.3 20  60   M    M   2        29  40
 7  77  59  68   0   0   3 0.00  0.0    0  8.4 14 110   M    M   2        20  60
 8  86  63  75   7   0  10 0.47  0.0    0  6.0 28 250   M    M   6 3      38 260
 9  84  62  73   5   0   8 0.00  0.0    0 10.3 26 250   M    M   3        32 240
10  84  67  76   9   0  11 0.00  0.0    0 12.3 25 250   M    M   1        36 250
11  71  48  60  -7   5   0 0.00  0.0    0 12.1 18  20   M    M   1        20 140
12  72  49  61  -6   4   0 0.00  0.0    0  4.5  8 160   M    M   1        11  60
13  82  51  67   1   0   2 0.00  0.0    0  4.5 14 160   M    M   4        18 150
14  77  63  70   4   0   5    T  0.0    0  8.9 18 180   M    M   7        22 180
15  84  64  74   8   0   9    T  0.0    0  5.4 10 330   M    M   4         M  M
16  76  57  67   2   0   2 0.00  0.0    0  6.7 14 100   M    M   0 8      21 130
================================================================================
SM 1305  974         9 113  1.34     0.0 116.2          M       62
================================================================================
AV 81.6 60.9                               7.3 FASTST   M    M   4    MAX(MPH)
                                 MISC ---->  # 28 250               # 38  260
================================================================================
NOTES:
# LAST OF SEVERAL OCCURRENCES

COLUMN 17 PEAK WIND IN M.P.H.

PRELIMINARY LOCAL CLIMATOLOGICAL DATA (WS FORM: F-6) , PAGE 2

                                          STATION:  EL PASO
                                          MONTH:    OCTOBER
                                          YEAR:     2019
                                          LATITUDE:   31 47 N
                                          LONGITUDE: 106 24 W

[TEMPERATURE DATA]      [PRECIPITATION DATA]       SYMBOLS USED IN COLUMN 16

AVERAGE MONTHLY: 71.2   TOTAL FOR MONTH:   1.34    1 = FOG OR MIST
DPTR FM NORMAL:   3.4   DPTR FM NORMAL:    1.00    2 = FOG REDUCING VISIBILITY
HIGHEST:    89 ON  6    GRTST 24HR  0.63 ON  4- 4      TO 1/4 MILE OR LESS
LOWEST:     48 ON 11                               3 = THUNDER
                        SNOW, ICE PELLETS, HAIL    4 = ICE PELLETS
                        TOTAL MONTH:   0.0 INCH    5 = HAIL
                        GRTST 24HR     0.0         6 = FREEZING RAIN OR DRIZZLE
                        GRTST DEPTH:   0           7 = DUSTSTORM OR SANDSTORM:
                                                       VSBY 1/2 MILE OR LESS
                                                   8 = SMOKE OR HAZE
[NO. OF DAYS WITH]      [WEATHER - DAYS WITH]      9 = BLOWING SNOW
                                                   X = TORNADO
MAX 32 OR BELOW:   0    0.01 INCH OR MORE:   3
MAX 90 OR ABOVE:   0    0.10 INCH OR MORE:   3
MIN 32 OR BELOW:   0    0.50 INCH OR MORE:   1
MIN  0 OR BELOW:   0    1.00 INCH OR MORE:   0

[HDD (BASE 65) ]
TOTAL THIS MO.     9    CLEAR  (SCALE 0-3)   8
DPTR FM NORMAL   -11    PTCLDY (SCALE 4-7)   7
TOTAL FM JUL 1     9    CLOUDY (SCALE 8-10)  1
DPTR FM NORMAL   -15

[CDD (BASE 65) ]
TOTAL THIS MO.   113
DPTR FM NORMAL    48    [PRESSURE DATA]
TOTAL FM JAN 1  2987    HIGHEST SLP M ON M
DPTR FM NORMAL   676    LOWEST  SLP 29.63 ON  9

[REMARKS]
