000
CXUS54 KEPZ 201200
CF6ELP
PRELIMINARY LOCAL CLIMATOLOGICAL DATA (WS FORM: F-6)

                                          STATION:   EL PASO
                                          MONTH:     SEPTEMBER
                                          YEAR:      2018
                                          LATITUDE:   31 47 N
                                          LONGITUDE: 106 24 W

  TEMPERATURE IN F:       :PCPN:    SNOW:  WIND      :SUNSHINE: SKY     :PK WND
================================================================================
1   2   3   4   5  6A  6B    7    8   9   10  11  12  13   14  15   16   17  18
                                     12Z  AVG MX 2MIN
DY MAX MIN AVG DEP HDD CDD  WTR  SNW DPTH SPD SPD DIR MIN PSBL S-S WX    SPD DR
================================================================================

 1  91  76  84   5   0  19 0.00  0.0    0 11.1 30 350   M    M   7 7      35 350
 2  88  70  79   0   0  14 0.00  0.0    0  8.3 21 270   M    M   7        26 290
 3  91  69  80   1   0  15 0.00  0.0    0  8.2 21 320   M    M   4        24 260
 4  93  66  80   1   0  15    T  0.0    0  5.6 17 260   M    M   3        21 270
 5  93  69  81   3   0  16    T  0.0    0  5.8 24 110   M    M   5 3      32 110
 6  83  66  75  -3   0  10 0.33  0.0    0  7.3 20  60   M    M   8 13     23  50
 7  83  68  76  -2   0  11    T  0.0    0  5.7 18 110   M    M   8        23 110
 8  89  64  77  -1   0  12 0.00  0.0    0  5.2 10 130   M    M   3         M  M
 9  90  64  77  -1   0  12 0.00  0.0    0  5.6 26  50   M    M   2 8      33  40
10  94  69  82   5   0  17    T  0.0    0  6.3 22 100   M    M   3 3      28 110
11  93  70  82   5   0  17 0.00  0.0    0  5.3 12 170   M    M   1        16 150
12  97  69  83   6   0  18 0.00  0.0    0  5.1 13 120   M    M   1        16 120
13  98  71  85   9   0  20 0.00  0.0    0  5.8 18 130   M    M   2        23 130
14  96  72  84   8   0  19 0.00  0.0    0  8.5 21 110   M    M   1        27 110
15  91  70  81   5   0  16 0.00  0.0    0  9.1 20 100   M    M   1 8      25 120
16  92  66  79   3   0  14 0.00  0.0    0  5.8 15 120   M    M   2        20 120
17  93  71  82   7   0  17 0.00  0.0    0  6.7 24 150   M    M   2 8      28 150
18  94  69  82   7   0  17    T  0.0    0  5.9 24 110   M    M   4 3      29 110
19  92  71  82   8   0  17 0.10  0.0    0 10.0 25 210   M    M   5 3      32 210
================================================================================
SM 1741 1310         0 296  0.43     0.0 131.3          M       69
================================================================================
AV 91.6 69.0                               6.9 FASTST   M    M   4    MAX(MPH)
                                 MISC ---->  # 30 350               # 35  350
================================================================================
NOTES:
# LAST OF SEVERAL OCCURRENCES

COLUMN 17 PEAK WIND IN M.P.H.

PRELIMINARY LOCAL CLIMATOLOGICAL DATA (WS FORM: F-6) , PAGE 2

                                          STATION:  EL PASO
                                          MONTH:    SEPTEMBER
                                          YEAR:     2018
                                          LATITUDE:   31 47 N
                                          LONGITUDE: 106 24 W

[TEMPERATURE DATA]      [PRECIPITATION DATA]       SYMBOLS USED IN COLUMN 16

AVERAGE MONTHLY: 80.3   TOTAL FOR MONTH:   0.43    1 = FOG OR MIST
DPTR FM NORMAL:   3.2   DPTR FM NORMAL:   -0.62    2 = FOG REDUCING VISIBILITY
HIGHEST:    98 ON 13    GRTST 24HR  0.33 ON  6- 6      TO 1/4 MILE OR LESS
LOWEST:     64 ON  9, 8                            3 = THUNDER
                        SNOW, ICE PELLETS, HAIL    4 = ICE PELLETS
                        TOTAL MONTH:   0.0 INCH    5 = HAIL
                        GRTST 24HR     0.0         6 = FREEZING RAIN OR DRIZZLE
                        GRTST DEPTH:   0           7 = DUSTSTORM OR SANDSTORM:
                                                       VSBY 1/2 MILE OR LESS
                                                   8 = SMOKE OR HAZE
[NO. OF DAYS WITH]      [WEATHER - DAYS WITH]      9 = BLOWING SNOW
                                                   X = TORNADO
MAX 32 OR BELOW:   0    0.01 INCH OR MORE:   2
MAX 90 OR ABOVE:  15    0.10 INCH OR MORE:   2
MIN 32 OR BELOW:   0    0.50 INCH OR MORE:   0
MIN  0 OR BELOW:   0    1.00 INCH OR MORE:   0

[HDD (BASE 65) ]
TOTAL THIS MO.     0    CLEAR  (SCALE 0-3)  10
DPTR FM NORMAL     0    PTCLDY (SCALE 4-7)   9
TOTAL FM JUL 1     0    CLOUDY (SCALE 8-10)  0
DPTR FM NORMAL     0

[CDD (BASE 65) ]
TOTAL THIS MO.   296
DPTR FM NORMAL    64    [PRESSURE DATA]
TOTAL FM JAN 1  2939    HIGHEST SLP M ON M
DPTR FM NORMAL   778    LOWEST  SLP 29.56 ON 19

[REMARKS]
