000
CXUS56 KOTX 200900
CF6EPH
PRELIMINARY LOCAL CLIMATOLOGICAL DATA (WS FORM: F-6)

                                          STATION:   EPHRATA WA AIRPORT
                                          MONTH:     OCTOBER
                                          YEAR:      2019
                                          LATITUDE:   47 18 N
                                          LONGITUDE: 119 31 W

  TEMPERATURE IN F:       :PCPN:    SNOW:  WIND      :SUNSHINE: SKY     :PK WND
================================================================================
1   2   3   4   5  6A  6B    7    8   9   10  11  12  13   14  15   16   17  18
                                     12Z  AVG MX 2MIN
DY MAX MIN AVG DEP HDD CDD  WTR  SNW DPTH SPD SPD DIR MIN PSBL S-S WX    SPD DR
================================================================================

 1  59  29  44 -14  21   0 0.00    M    M  3.6  9 180   M    M   7        13 250
 2  59  31  45 -12  20   0    T    M    M  5.1 12 160   M    M   1 8      16 140
 3  62  45  54  -3  11   0    T    M    M  5.5 13 160   M    M   6 8      17 160
 4  64  41  53  -3  12   0 0.00    M    M  4.9 14 250   M    M   4        18 200
 5  68  40  54  -2  11   0 0.00    M    M  7.6 17 290   M    M   0 8      21 290
 6  64  32  48  -7  17   0    T    M    M  4.8 12 180   M    M   0        14 210
 7  72  38  55   0  10   0    T    M    M  9.0 31 220   M    M   0        40 210
 8  60  39  50  -4  15   0 0.04    M    M 16.1 28 270   M    M   3        34 260
 9  52  31  42 -12  23   0 0.00    M    M 12.0 26 340   M    M   2        33 350
10  53  25  39 -14  26   0 0.00    M    M  3.7  9 330   M    M   0        13 200
11  58  29  44  -9  21   0 0.00    M    M  5.9 12  30   M    M   0 8      15  10
12  58  32  45  -7  20   0 0.00    M    M  5.3 10 310   M    M   2        14  60
13  60  38  49  -3  16   0    T    M    M  4.2 14 160   M    M   5 8      15 160
14  62  30  46  -5  19   0 0.00    M    M  3.2  6  10   0    0   0         M  M
15  57  37  47  -4  18   0 0.00    M    M  5.0 12 360   M    M   2 8      13 360
16  59  47  53   3  12   0 0.06    M    M  5.1 13 310   M    M   7 18     16 300
17  60  41  51   1  14   0 0.03    M    M 10.5 22 210   M    M   4        27 190
18  58  36  47  -2  18   0 0.01    M    M 10.9 29 230   M    M   2        38 220
19  51  44  48  -1  17   0 0.41    M    M  9.0 23 320   M    M   8 1      28 320
================================================================================
SM 1136  685       321   0  0.55    M    131.4            0     53
================================================================================
AV 59.8 36.1                               6.9 FASTST    0   0   3    MAX(MPH)
                                 MISC ---->  # 31 220               # 40  210
================================================================================
NOTES:
# LAST OF SEVERAL OCCURRENCES

COLUMN 17 PEAK WIND IN M.P.H.

PRELIMINARY LOCAL CLIMATOLOGICAL DATA (WS FORM: F-6) , PAGE 2

                                          STATION:  EPHRATA WA AIRPORT
                                          MONTH:    OCTOBER
                                          YEAR:     2019
                                          LATITUDE:   47 18 N
                                          LONGITUDE: 119 31 W

[TEMPERATURE DATA]      [PRECIPITATION DATA]       SYMBOLS USED IN COLUMN 16

AVERAGE MONTHLY: 47.9   TOTAL FOR MONTH:   0.55    1 = FOG OR MIST
DPTR FM NORMAL:  -5.3   DPTR FM NORMAL:    0.28    2 = FOG REDUCING VISIBILITY
HIGHEST:    72 ON  7    GRTST 24HR  0.41 ON 19-19      TO 1/4 MILE OR LESS
LOWEST:     25 ON 10                               3 = THUNDER
                        SNOW, ICE PELLETS, HAIL    4 = ICE PELLETS
                        TOTAL MONTH:    M          5 = HAIL
                        GRTST 24HR    M  ON   M    6 = FREEZING RAIN OR DRIZZLE
                        GRTST DEPTH:  M  ON   M    7 = DUSTSTORM OR SANDSTORM:
                                                       VSBY 1/2 MILE OR LESS
                                                   8 = SMOKE OR HAZE
[NO. OF DAYS WITH]      [WEATHER - DAYS WITH]      9 = BLOWING SNOW
                                                   X = TORNADO
MAX 32 OR BELOW:   0    0.01 INCH OR MORE:   5
MAX 90 OR ABOVE:   0    0.10 INCH OR MORE:   1
MIN 32 OR BELOW:   8    0.50 INCH OR MORE:   0
MIN  0 OR BELOW:   0    1.00 INCH OR MORE:   0

[HDD (BASE 65) ]
TOTAL THIS MO.   321    CLEAR  (SCALE 0-3)  11
DPTR FM NORMAL    96    PTCLDY (SCALE 4-7)   8
TOTAL FM JUL 1   446    CLOUDY (SCALE 8-10)  0
DPTR FM NORMAL    94

[CDD (BASE 65) ]
TOTAL THIS MO.     0
DPTR FM NORMAL     0    [PRESSURE DATA]
TOTAL FM JAN 1   852    HIGHEST SLP  0.00 ON 14
DPTR FM NORMAL    83    LOWEST  SLP  0.00 ON 14

[REMARKS]
