000
CXUS56 KOTX 200900
CF6EPH
PRELIMINARY LOCAL CLIMATOLOGICAL DATA (WS FORM: F-6)

                                          STATION:   EPHRATA WA AIRPORT
                                          MONTH:     NOVEMBER
                                          YEAR:      2018
                                          LATITUDE:   47 18 N
                                          LONGITUDE: 119 31 W

  TEMPERATURE IN F:       :PCPN:    SNOW:  WIND      :SUNSHINE: SKY     :PK WND
================================================================================
1   2   3   4   5  6A  6B    7    8   9   10  11  12  13   14  15   16   17  18
                                     12Z  AVG MX 2MIN
DY MAX MIN AVG DEP HDD CDD  WTR  SNW DPTH SPD SPD DIR MIN PSBL S-S WX    SPD DR
================================================================================

 1  63  41  52   9  13   0    T    M    M  6.9 32 230   M    M   3        39 230
 2  66  48  57  14   8   0 0.00    M    M 13.7 35 280   M    M   2        43 280
 3  57  46  52  10  13   0 0.05    M    M  7.6 17 200   M    M   6        22 190
 4  66  43  55  13  10   0 0.00    M    M 14.0 26 300   M    M   1        34 300
 5  61  42  52  11  13   0 0.00    M    M  8.9 21 280   M    M   3        26 300
 6  60  33  47   6  18   0 0.00    M    M  6.4 18 300   M    M   5        23 300
 7  52  36  44   3  21   0 0.00    M    M 10.7 25 350   M    M   0        29 350
 8  47  24  36  -4  29   0 0.00    M    M  6.1 18 320   M    M   0        21 300
 9  39  25  32  -8  33   0    T    M    M  4.8  9 300   M    M   2        11  20
10  49  22  36  -3  29   0    T    M    M  4.7 12 160   M    M   4 12     15 150
11  32  18  25 -14  40   0    T    M    M  3.8  8 320   M    M   6 12     11  50
12  40  17  29  -9  36   0 0.00    M    M  4.6  9  50   M    M   1 1      12  10
13  36  20  28 -10  37   0 0.00    M    M  2.9  8 150   M    M   4 1      14 150
14  32  29  31  -7  34   0 0.00    M    M  4.4  9  30   M    M  10 12     12 190
15  47  31  39   2  26   0 0.00    M    M  2.6 10 340   M    M   2 1      12 340
16  55  35  45   8  20   0 0.00    M    M  9.9 23 350   M    M   4 1      26 350
17  50  28  39   3  26   0 0.00    M    M  7.9 16 340   M    M   0        18 340
18  46  24  35  -1  30   0 0.00    M    M  5.3 10 320   M    M   0        13 300
19  48  25  37   1  28   0 0.00    M    M  5.8 10 310   M    M   0        13  30
================================================================================
SM  946  587       464   0  0.05    M    131.0          M       53
================================================================================
AV 49.8 30.9                               6.9 FASTST   M    M   3    MAX(MPH)
                                 MISC ---->  # 35 280               # 43  280
================================================================================
NOTES:
# LAST OF SEVERAL OCCURRENCES

COLUMN 17 PEAK WIND IN M.P.H.

PRELIMINARY LOCAL CLIMATOLOGICAL DATA (WS FORM: F-6) , PAGE 2

                                          STATION:  EPHRATA WA AIRPORT
                                          MONTH:    NOVEMBER
                                          YEAR:     2018
                                          LATITUDE:   47 18 N
                                          LONGITUDE: 119 31 W

[TEMPERATURE DATA]      [PRECIPITATION DATA]       SYMBOLS USED IN COLUMN 16

AVERAGE MONTHLY: 40.3   TOTAL FOR MONTH:   0.05    1 = FOG OR MIST
DPTR FM NORMAL:   1.0   DPTR FM NORMAL:   -0.59    2 = FOG REDUCING VISIBILITY
HIGHEST:    66 ON  4, 2 GRTST 24HR  0.05 ON  3- 3      TO 1/4 MILE OR LESS
LOWEST:     17 ON 12                               3 = THUNDER
                        SNOW, ICE PELLETS, HAIL    4 = ICE PELLETS
                        TOTAL MONTH:    M          5 = HAIL
                        GRTST 24HR    M  ON   M    6 = FREEZING RAIN OR DRIZZLE
                        GRTST DEPTH:  M  ON   M    7 = DUSTSTORM OR SANDSTORM:
                                                       VSBY 1/2 MILE OR LESS
                                                   8 = SMOKE OR HAZE
[NO. OF DAYS WITH]      [WEATHER - DAYS WITH]      9 = BLOWING SNOW
                                                   X = TORNADO
MAX 32 OR BELOW:   2    0.01 INCH OR MORE:   1
MAX 90 OR ABOVE:   0    0.10 INCH OR MORE:   0
MIN 32 OR BELOW:  11    0.50 INCH OR MORE:   0
MIN  0 OR BELOW:   0    1.00 INCH OR MORE:   0

[HDD (BASE 65) ]
TOTAL THIS MO.   464    CLEAR  (SCALE 0-3)  12
DPTR FM NORMAL   -24    PTCLDY (SCALE 4-7)   6
TOTAL FM JUL 1  1017    CLOUDY (SCALE 8-10)  1
DPTR FM NORMAL   -52

[CDD (BASE 65) ]
TOTAL THIS MO.     0
DPTR FM NORMAL     0    [PRESSURE DATA]
TOTAL FM JAN 1   984    HIGHEST SLP M ON M
DPTR FM NORMAL   212    LOWEST  SLP 29.75 ON  4

[REMARKS]
