000
CXUS56 KOTX 270900
CF6EPH
PRELIMINARY LOCAL CLIMATOLOGICAL DATA (WS FORM: F-6)

                                          STATION:   EPHRATA WA AIRPORT
                                          MONTH:     MAY
                                          YEAR:      2020
                                          LATITUDE:   47 18 N
                                          LONGITUDE: 119 31 W

  TEMPERATURE IN F:       :PCPN:    SNOW:  WIND      :SUNSHINE: SKY     :PK WND
================================================================================
1   2   3   4   5  6A  6B    7    8   9   10  11  12  13   14  15   16   17  18
                                     12Z  AVG MX 2MIN
DY MAX MIN AVG DEP HDD CDD  WTR  SNW DPTH SPD SPD DIR MIN PSBL S-S WX    SPD DR
================================================================================

 1  68  32  50  -4  15   0 0.00    M    M  6.0 15 230   M    M   1        19 160
 2  76  45  61   6   4   0 0.05    M    M 10.4 36 250   M    M   4 18     45 250
 3  64  36  50  -5  15   0 0.00    M    M 10.4 24 240   M    M   1        30 240
 4  65  32  49  -7  16   0 0.00    M    M  6.3 16 190   M    M   1        19 190
 5  78  47  63   7   2   0    T    M    M  6.8 14 150   M    M   4        19 140
 6  65  46  56   0   9   0 0.26    M    M 16.2 33 300   M    M   4 1      44 300
 7  70  44  57   1   8   0 0.00    M    M  6.8 16 300   M    M   0        20 300
 8  74  44  59   2   6   0    T    M    M  7.3 16  70   M    M   1        22  40
 9  81  50  66   9   0   1 0.00    M    M 10.5 17  40   M    M   0 8      22  60
10  80  58  69  11   0   4 0.00    M    M 13.9 25  30   M    M   0        30  40
11  75  55  65   7   0   0    T    M    M 13.8 24  40   M    M   3        31  60
12  72  56  64   6   1   0 0.00    M    M 10.9 28 220   M    M   6        33 220
13  72  52  62   3   3   0 0.00    M    M 10.4 21 210   M    M   5        27 220
14  65  45  55  -4  10   0 0.05    M    M  7.5 16 180   M    M   7 1      21 160
15  72  46  59   0   6   0 0.00    M    M  4.7 15 220   M    M   3        20 200
16  73  44  59  -1   6   0 0.01    M    M  6.6 14 310   M    M   5        17 300
17  65  48  57  -3   8   0 0.02    M    M  5.6 14 150   M    M   7        17 170
18  71  46  59  -1   6   0 1.11    M    M  6.4 16  80   M    M   6 3      19  70
19  68  49  59  -1   6   0 0.05    M    M  5.4 16 300   M    M   7 1      19 300
20  76  54  65   4   0   0 0.00    M    M 20.9 31 310   M    M   3        42 310
21  67  49  58  -3   7   0 0.00    M    M 14.4 26 280   M    M   2        36 290
22  67  42  55  -6  10   0 0.00    M    M 10.9 24 310   M    M   5        35 200
23  70  44  57  -5   8   0 0.00    M    M  6.0 23 310   M    M   0        31 290
24  76  45  61  -1   4   0 0.00    M    M  6.7 15 170   M    M   2        21 210
25  75  51  63   1   2   0    T    M    M  8.1 21 210   M    M   5        25 230
26   M   M   M   M   M   M    M    M    M   M   M   M   M    M   M         M  M
================================================================================
SM 1785 1160       152   5  1.55    M    232.9          M       82
================================================================================
AV 71.4 46.4                               9.3 FASTST   M    M   3    MAX(MPH)
                                 MISC ---->  # 36 250               # 45  250
================================================================================
NOTES:
# LAST OF SEVERAL OCCURRENCES

COLUMN 17 PEAK WIND IN M.P.H.

PRELIMINARY LOCAL CLIMATOLOGICAL DATA (WS FORM: F-6) , PAGE 2

                                          STATION:  EPHRATA WA AIRPORT
                                          MONTH:    MAY
                                          YEAR:     2020
                                          LATITUDE:   47 18 N
                                          LONGITUDE: 119 31 W

[TEMPERATURE DATA]      [PRECIPITATION DATA]       SYMBOLS USED IN COLUMN 16

AVERAGE MONTHLY: 58.9   TOTAL FOR MONTH:   1.55    1 = FOG OR MIST
DPTR FM NORMAL:   0.3   DPTR FM NORMAL:    1.04    2 = FOG REDUCING VISIBILITY
HIGHEST:    81 ON  9    GRTST 24HR  1.11 ON 18-18      TO 1/4 MILE OR LESS
LOWEST:     32 ON  4, 1                            3 = THUNDER
                        SNOW, ICE PELLETS, HAIL    4 = ICE PELLETS
                        TOTAL MONTH:    M          5 = HAIL
                        GRTST 24HR    M  ON   M    6 = FREEZING RAIN OR DRIZZLE
                        GRTST DEPTH:  M  ON   M    7 = DUSTSTORM OR SANDSTORM:
                                                       VSBY 1/2 MILE OR LESS
                                                   8 = SMOKE OR HAZE
[NO. OF DAYS WITH]      [WEATHER - DAYS WITH]      9 = BLOWING SNOW
                                                   X = TORNADO
MAX 32 OR BELOW:   0    0.01 INCH OR MORE:   7
MAX 90 OR ABOVE:   0    0.10 INCH OR MORE:   2
MIN 32 OR BELOW:   2    0.50 INCH OR MORE:   1
MIN  0 OR BELOW:   0    1.00 INCH OR MORE:   1

[HDD (BASE 65) ]
TOTAL THIS MO.   152    CLEAR  (SCALE 0-3)  12
DPTR FM NORMAL   -40    PTCLDY (SCALE 4-7)  13
TOTAL FM JUL 1  5571    CLOUDY (SCALE 8-10)  0
DPTR FM NORMAL  -318

[CDD (BASE 65) ]
TOTAL THIS MO.     5
DPTR FM NORMAL   -21    [PRESSURE DATA]
TOTAL FM JAN 1     5    HIGHEST SLP  0.00 ON  9
DPTR FM NORMAL   -23    LOWEST  SLP 29.54 ON 17

[REMARKS]
