000
CXUS54 KEWX 180910
CF6ERV
PRELIMINARY LOCAL CLIMATOLOGICAL DATA (WS FORM: F-6)

                                          STATION:   KERRVILLE
                                          MONTH:     DECEMBER
                                          YEAR:      2018
                                          LATITUDE:   29 58 N
                                          LONGITUDE:  99  5 W

  TEMPERATURE IN F:       :PCPN:    SNOW:  WIND      :SUNSHINE: SKY     :PK WND
================================================================================
1   2   3   4   5  6A  6B    7    8   9   10  11  12  13   14  15   16   17  18
                                     12Z  AVG MX 2MIN
DY MAX MIN AVG DEP HDD CDD  WTR  SNW DPTH SPD SPD DIR MIN PSBL S-S WX    SPD DR
================================================================================

 1  74  42  58   M   7   0 0.00    M    M  8.7 24 280   M    M   1        31 280
 2  74  36  55   M  10   0 0.00    M    M  2.7  9  30   M    M   1 8       M  M
 3  63  39  51   M  14   0 0.00    M    M  3.5 10  30   M    M   4         M  M
 4  61  33  47   M  18   0 0.00    M    M  2.4  7 170   M    M   2         M  M
 5  54  42  48   M  17   0 0.00    M    M  4.0  9 160   M    M  10         M  M
 6  59  46  53   M  12   0 0.13    M    M  2.6 10 170   M    M  10 1       M  M
 7  56  42  49   M  16   0 1.23    M    M  7.3 14 310   M    M  10 13     16 310
 8  44  38  41   M  24   0 0.03    M    M 12.6 18 340   M    M  10 1      25 340
 9  52  32  42   M  23   0 0.00    M    M  7.5 16 350   M    M   0        23 330
10  60  27  44   M  21   0 0.00    M    M  1.1  7 340   M    M   0         M  M
11  56  25  41   M  24   0 0.00    M    M  5.2 13 190   M    M   0        18 170
12  61  49  55   M  10   0 0.00    M    M  5.9 13 170   M    M   4 1       M  M
13  61  41  51   M  14   0 0.00    M    M 13.4 28 310   M    M   7 12     40 280
14  54  37  46   M  19   0 0.00    M    M 17.9 31 320   M    M   6        41 320
15  66  29  48   M  17   0 0.00    M    M  3.1 10 310   M    M   0        12 340
16  68  27  48   M  17   0 0.00    M    M  1.1  8 220   M    M   0         M  M
17  69  33  51   M  14   0 0.00    M    M  0.6  5 280   M    M   0         M  M
================================================================================
SM 1032  618       277   0  1.39    M     99.6          M       65
================================================================================
AV 60.7 36.4                               5.9 FASTST   M    M   4    MAX(MPH)
                                 MISC ---->  # 31 320               # 41  320
================================================================================
NOTES:
# LAST OF SEVERAL OCCURRENCES

COLUMN 17 PEAK WIND IN M.P.H.

PRELIMINARY LOCAL CLIMATOLOGICAL DATA (WS FORM: F-6) , PAGE 2

                                          STATION:  KERRVILLE
                                          MONTH:    DECEMBER
                                          YEAR:     2018
                                          LATITUDE:   29 58 N
                                          LONGITUDE:  99  5 W

[TEMPERATURE DATA]      [PRECIPITATION DATA]       SYMBOLS USED IN COLUMN 16

AVERAGE MONTHLY: 48.5   TOTAL FOR MONTH:   1.39    1 = FOG OR MIST
DPTR FM NORMAL:     M   DPTR FM NORMAL:       M    2 = FOG REDUCING VISIBILITY
HIGHEST:    74 ON  2, 1 GRTST 24HR  1.23 ON  7- 7      TO 1/4 MILE OR LESS
LOWEST:     25 ON 11                               3 = THUNDER
                        SNOW, ICE PELLETS, HAIL    4 = ICE PELLETS
                        TOTAL MONTH:    M          5 = HAIL
                        GRTST 24HR    M  ON   M    6 = FREEZING RAIN OR DRIZZLE
                        GRTST DEPTH:  M  ON   M    7 = DUSTSTORM OR SANDSTORM:
                                                       VSBY 1/2 MILE OR LESS
                                                   8 = SMOKE OR HAZE
[NO. OF DAYS WITH]      [WEATHER - DAYS WITH]      9 = BLOWING SNOW
                                                   X = TORNADO
MAX 32 OR BELOW:   0    0.01 INCH OR MORE:   3
MAX 90 OR ABOVE:   0    0.10 INCH OR MORE:   2
MIN 32 OR BELOW:   5    0.50 INCH OR MORE:   1
MIN  0 OR BELOW:   0    1.00 INCH OR MORE:   1

[HDD (BASE 65) ]
TOTAL THIS MO.   277    CLEAR  (SCALE 0-3)   9
DPTR FM NORMAL     M    PTCLDY (SCALE 4-7)   4
TOTAL FM JUL 1   760    CLOUDY (SCALE 8-10)  4
DPTR FM NORMAL     M

[CDD (BASE 65) ]
TOTAL THIS MO.     0
DPTR FM NORMAL     M    [PRESSURE DATA]
TOTAL FM JAN 1  2810    HIGHEST SLP M ON M
DPTR FM NORMAL     M    LOWEST  SLP M ON M

[REMARKS]
