000
CXUS54 KEWX 210910
CF6ERV
PRELIMINARY LOCAL CLIMATOLOGICAL DATA (WS FORM: F-6)

                                          STATION:   KERRVILLE
                                          MONTH:     OCTOBER
                                          YEAR:      2019
                                          LATITUDE:   29 58 N
                                          LONGITUDE:  99  5 W

  TEMPERATURE IN F:       :PCPN:    SNOW:  WIND      :SUNSHINE: SKY     :PK WND
================================================================================
1   2   3   4   5  6A  6B    7    8   9   10  11  12  13   14  15   16   17  18
                                     12Z  AVG MX 2MIN
DY MAX MIN AVG DEP HDD CDD  WTR  SNW DPTH SPD SPD DIR MIN PSBL S-S WX    SPD DR
================================================================================

 1  92  74  83   M   0  18 0.01    M    M  9.8 18 180   M    M   8        23 160
 2  92  72  82   M   0  17 0.00    M    M  6.4 15 140   M    M   6        22 150
 3  92  72  82   M   0  17 0.00    M    M  3.0 12 120   M    M   4        16 120
 4  93  63  78   M   0  13 0.00    M    M  3.3 12 140   M    M   2        18 120
 5  94  65  80   M   0  15 0.00    M    M  1.3  8 140   M    M   2         M  M
 6  97  64  81   M   0  16 0.00    M    M  1.6  9 160   M    M   1 3      16 120
 7  82  59  71   M   0   6 0.02    M    M  6.6 14 350   M    M   5        24 340
 8  86  56  71   M   0   6 0.00    M    M  0.1  4 220   M    M   1         M  M
 9  92  63  78   M   0  13 0.00    M    M  8.8 20 180   M    M   6 8      27 180
10  94  74  84   M   0  19 0.00    M    M 14.1 20 150   M    M   6        27 180
11  78  44  61   M   4   0 0.13    M    M 12.8 27 360   M    M  10        33 360
12  69  49  59   M   6   0 0.02    M    M  1.6  8  40   M    M   8        17  20
13  79  49  64   M   1   0 0.00    M    M  2.6 12 180   M    M   3         M  M
14  86  64  75   M   0  10 0.00    M    M  1.2  9 200   M    M   6         M  M
15  92  72  82   M   0  17 0.01    M    M  3.1 13 200   M    M   6 3       M  M
16  72  56  64   M   1   0 0.01    M    M  7.6 15  20   M    M   4 3      23  20
17  79  51  65   M   0   0 0.00    M    M  1.7  7 120   M    M   4         M  M
18  82  45  64   M   1   0 0.00    M    M  3.5 13 180   M    M   0        18 180
19  93  61  77   M   0  12 0.00    M    M  2.9 10 320   M    M   5 1       M  M
20  86  56  71   M   0   6 0.00    M    M  4.4 15 160   M    M   7 1      21 170
================================================================================
SM 1730 1209        13 185  0.20    M     96.4          M       94
================================================================================
AV 86.5 60.5                               4.8 FASTST   M    M   5    MAX(MPH)
                                 MISC ---->  # 27 360               # 33  360
================================================================================
NOTES:
# LAST OF SEVERAL OCCURRENCES

COLUMN 17 PEAK WIND IN M.P.H.

PRELIMINARY LOCAL CLIMATOLOGICAL DATA (WS FORM: F-6) , PAGE 2

                                          STATION:  KERRVILLE
                                          MONTH:    OCTOBER
                                          YEAR:     2019
                                          LATITUDE:   29 58 N
                                          LONGITUDE:  99  5 W

[TEMPERATURE DATA]      [PRECIPITATION DATA]       SYMBOLS USED IN COLUMN 16

AVERAGE MONTHLY: 73.5   TOTAL FOR MONTH:   0.20    1 = FOG OR MIST
DPTR FM NORMAL:     M   DPTR FM NORMAL:       M    2 = FOG REDUCING VISIBILITY
HIGHEST:    97 ON  6    GRTST 24HR  0.13 ON 11-11      TO 1/4 MILE OR LESS
LOWEST:     44 ON 11                               3 = THUNDER
                        SNOW, ICE PELLETS, HAIL    4 = ICE PELLETS
                        TOTAL MONTH:    M          5 = HAIL
                        GRTST 24HR    M  ON   M    6 = FREEZING RAIN OR DRIZZLE
                        GRTST DEPTH:  M  ON   M    7 = DUSTSTORM OR SANDSTORM:
                                                       VSBY 1/2 MILE OR LESS
                                                   8 = SMOKE OR HAZE
[NO. OF DAYS WITH]      [WEATHER - DAYS WITH]      9 = BLOWING SNOW
                                                   X = TORNADO
MAX 32 OR BELOW:   0    0.01 INCH OR MORE:   6
MAX 90 OR ABOVE:  10    0.10 INCH OR MORE:   1
MIN 32 OR BELOW:   0    0.50 INCH OR MORE:   0
MIN  0 OR BELOW:   0    1.00 INCH OR MORE:   0

[HDD (BASE 65) ]
TOTAL THIS MO.    13    CLEAR  (SCALE 0-3)   6
DPTR FM NORMAL     M    PTCLDY (SCALE 4-7)  13
TOTAL FM JUL 1    13    CLOUDY (SCALE 8-10)  1
DPTR FM NORMAL     M

[CDD (BASE 65) ]
TOTAL THIS MO.   185
DPTR FM NORMAL     M    [PRESSURE DATA]
TOTAL FM JAN 1  2784    HIGHEST SLP M ON M
DPTR FM NORMAL     M    LOWEST  SLP M ON M

[REMARKS]
