040
CXUS53 KDMX 210920
CF6EST
PRELIMINARY LOCAL CLIMATOLOGICAL DATA (WS FORM: F-6)

                                          STATION:   ESTHERVILLE IA
                                          MONTH:     OCTOBER
                                          YEAR:      2019
                                          LATITUDE:   43 24 N
                                          LONGITUDE:  94 45 W

  TEMPERATURE IN F:       :PCPN:    SNOW:  WIND      :SUNSHINE: SKY     :PK WND
================================================================================
1   2   3   4   5  6A  6B    7    8   9   10  11  12  13   14  15   16   17  18
                                     12Z  AVG MX 2MIN
DY MAX MIN AVG DEP HDD CDD  WTR  SNW DPTH SPD SPD DIR MIN PSBL S-S WX    SPD DR
================================================================================

 1  56  48  52  -2  13   0 1.19  0.0    0 15.3 21  10   M    M  10 13     31  20
 2  52  45  49  -5  16   0 0.33  0.0    0 11.5 21  10   M    M  10 1      28  30
 3  50  40  45  -8  20   0    T  0.0    0 10.5 17 300   M    M  10 1      26 310
 4  53  40  47  -6  18   0    T  0.0    0  9.5 22 140   M    M   8        30 150
 5  60  43  52   0  13   0 1.15  0.0    0 14.6 29 150   M    M   8 13     41 150
 6  65  42  54   2  11   0 0.00  0.0    0 10.7 23 270   M    M   0        35 270
 7  67  37  52   0  13   0 0.00  0.0    0  7.4 13 220   M    M   0        20 220
 8  69  41  55   4  10   0 0.00  0.0    0 16.2 31 180   M    M   0        43 180
 9  69  50  60   9   5   0 0.02  0.0    0 15.8 26 170   M    M   3 1      36 190
10  60  36  48  -2  17   0 0.40  0.0    0  9.9 17 290   M    M  10 13     27 290
11  36  29  33 -17  32   0 0.01    M    0 18.0 29 260   M    M   9 1      44 250
12  36  28  32 -18  33   0    M    M    0 16.5 26 260   M    M   6 1      41 260
13  42  32  37 -12  28   0 0.00  0.0    0 11.2 22 300   M    M  10        30 290
14  56  25  41  -8  24   0 0.00  0.0    0  7.5 17 150   M    M   0        24 140
15  50  36  43  -5  22   0 0.00  0.0    0 14.4 24 320   M    M   5        38 320
16  46  33  40  -8  25   0 0.00  0.0    0  6.6 18 320   M    M   6        26 320
17  62  30  46  -1  19   0 0.00  0.0    0 11.6 18 150   M    M   0        26 170
18  72  43  58  11   7   0 0.00  0.0    0 17.2 36 180   M    M   2        52 170
19  66  37  52   6  13   0 0.07  0.0    0  6.6 15 290   M    M   2        25 280
20  60  32  46   0  19   0 0.04  0.0    0 11.1 29 120   M    M   3 8      41 110
================================================================================
SM 1127  747       358   0  3.21     0.0 242.1          M      102
================================================================================
AV 56.4 37.4                              12.1 FASTST   M    M   5    MAX(MPH)
                                 MISC ---->  # 36 180               # 52  170
================================================================================
NOTES:
# LAST OF SEVERAL OCCURRENCES

COLUMN 17 PEAK WIND IN M.P.H.

PRELIMINARY LOCAL CLIMATOLOGICAL DATA (WS FORM: F-6) , PAGE 2

                                          STATION:  ESTHERVILLE IA
                                          MONTH:    OCTOBER
                                          YEAR:     2019
                                          LATITUDE:   43 24 N
                                          LONGITUDE:  94 45 W

[TEMPERATURE DATA]      [PRECIPITATION DATA]       SYMBOLS USED IN COLUMN 16

AVERAGE MONTHLY: 46.9   TOTAL FOR MONTH:   3.21    1 = FOG OR MIST
DPTR FM NORMAL:  -3.2   DPTR FM NORMAL:    1.55    2 = FOG REDUCING VISIBILITY
HIGHEST:    72 ON 18    GRTST 24HR  1.19 ON  1- 1      TO 1/4 MILE OR LESS
LOWEST:     25 ON 14                               3 = THUNDER
                        SNOW, ICE PELLETS, HAIL    4 = ICE PELLETS
                        TOTAL MONTH:   0.0 INCH    5 = HAIL
                        GRTST 24HR     0.0         6 = FREEZING RAIN OR DRIZZLE
                        GRTST DEPTH:   0           7 = DUSTSTORM OR SANDSTORM:
                                                       VSBY 1/2 MILE OR LESS
                                                   8 = SMOKE OR HAZE
[NO. OF DAYS WITH]      [WEATHER - DAYS WITH]      9 = BLOWING SNOW
                                                   X = TORNADO
MAX 32 OR BELOW:   0    0.01 INCH OR MORE:   8
MAX 90 OR ABOVE:   0    0.10 INCH OR MORE:   4
MIN 32 OR BELOW:   6    0.50 INCH OR MORE:   2
MIN  0 OR BELOW:   0    1.00 INCH OR MORE:   2

[HDD (BASE 65) ]
TOTAL THIS MO.   358    CLEAR  (SCALE 0-3)   9
DPTR FM NORMAL    56    PTCLDY (SCALE 4-7)   4
TOTAL FM JUL 1   485    CLOUDY (SCALE 8-10)  7
DPTR FM NORMAL   -25

[CDD (BASE 65) ]
TOTAL THIS MO.     0
DPTR FM NORMAL    -4    [PRESSURE DATA]
TOTAL FM JAN 1   529    HIGHEST SLP M ON M
DPTR FM NORMAL   -62    LOWEST  SLP 29.55 ON 20

[REMARKS]
