000
CXUS53 KDMX 240920
CF6EST
PRELIMINARY LOCAL CLIMATOLOGICAL DATA (WS FORM: F-6)

                                          STATION:   ESTHERVILLE IA
                                          MONTH:     JANUARY
                                          YEAR:      2020
                                          LATITUDE:   43 24 N
                                          LONGITUDE:  94 45 W

  TEMPERATURE IN F:       :PCPN:    SNOW:  WIND      :SUNSHINE: SKY     :PK WND
================================================================================
1   2   3   4   5  6A  6B    7    8   9   10  11  12  13   14  15   16   17  18
                                     12Z  AVG MX 2MIN
DY MAX MIN AVG DEP HDD CDD  WTR  SNW DPTH SPD SPD DIR MIN PSBL S-S WX    SPD DR
================================================================================

 1  34  15  25   9  40   0 0.00  0.0    M 12.9 23 230   M    M   2        29 230
 2  34  26  30  14  35   0 0.00  0.0    M 10.4 21 320   M    M   7 1      24 340
 3  33  21  27  11  38   0    M    M    M 10.8 29 350   M    M   8 1      38 350
 4  26  16  21   5  44   0 0.00  0.0    M 13.2 22 190   M    M   4        27 190
 5  38  21  30  14  35   0 0.00  0.0    M 19.6 36 310   M    M   1        46 310
 6  34  20  27  11  38   0 0.00  0.0    M 11.0 20 250   M    M   4        25 240
 7  29   6  18   3  47   0 0.00  0.0    M 11.0 18 310   M    M   3        24 340
 8  21   3  12  -3  53   0 0.00  0.0    M 16.8 31 140   M    M   3        42 130
 9  38  21  30  15  35   0 0.00  0.0    M 15.0 29 140   M    M   3        39 150
10  22   1  12  -3  53   0    M    M    M 18.7 29 360   M    M   8 1      38 350
11   5  -4   1 -14  64   0 0.00  0.0    M 14.4 25 360   M    M   0        31 360
12  22   1  12  -3  53   0    M    M    M  8.7 16 160   M    M   8 1      20 120
13  31  15  23   8  42   0 0.00  0.0    M 14.6 30 130   M    M  10 12     37 140
14  31  11  21   6  44   0 0.00  0.0    M 12.1 29 270   M    M   5 1      36 270
15  18  -7   6  -9  59   0    M    M    M 15.7 28 320   M    M   5 18     35 330
16   0 -13  -6 -21  71   0 0.00  0.0    M  8.2 15 330   M    M   0        20 330
17  24  -1  12  -3  53   0    M    M    M 21.1 32 140   M    M   9 126    41 140
18  27  -6  11  -5  54   0    M    M    M 26.4 43 300   M    M   9 128    56 290
19   1  -7  -3 -19  68   0 0.00  0.0    M 16.0 29 310   M    M   6 8      35 310
20   4 -10  -3 -19  68   0    M    M    M  7.0 14 180   M    M   4        16 200
21  22  -9   7  -9  58   0 0.00  0.0    M 20.4 31 190   M    M   1 18     45 190
22  33  22  28  12  37   0 0.19    M    0 20.6 27 200   M    M  10 16     44 190
23  31  27  29  13  36   0 0.08    M    M  8.0 15  20   M    M   9 12     18  20
================================================================================
SM  558  169      1125   0  0.27     0.0 332.6          M      119
================================================================================
AV 24.3  7.4                              14.5 FASTST   M    M   5    MAX(MPH)
                                 MISC ---->  # 43 300               # 56  290
================================================================================
NOTES:
# LAST OF SEVERAL OCCURRENCES

COLUMN 17 PEAK WIND IN M.P.H.

PRELIMINARY LOCAL CLIMATOLOGICAL DATA (WS FORM: F-6) , PAGE 2

                                          STATION:  ESTHERVILLE IA
                                          MONTH:    JANUARY
                                          YEAR:     2020
                                          LATITUDE:   43 24 N
                                          LONGITUDE:  94 45 W

[TEMPERATURE DATA]      [PRECIPITATION DATA]       SYMBOLS USED IN COLUMN 16

AVERAGE MONTHLY: 15.8   TOTAL FOR MONTH:   0.27    1 = FOG OR MIST
DPTR FM NORMAL:   0.3   DPTR FM NORMAL:   -0.03    2 = FOG REDUCING VISIBILITY
HIGHEST:    38 ON  9, 5 GRTST 24HR  0.19 ON 22-22      TO 1/4 MILE OR LESS
LOWEST:    -13 ON 16                               3 = THUNDER
                        SNOW, ICE PELLETS, HAIL    4 = ICE PELLETS
                        TOTAL MONTH:   0.0 INCH    5 = HAIL
                        GRTST 24HR     0.0         6 = FREEZING RAIN OR DRIZZLE
                        GRTST DEPTH:   0           7 = DUSTSTORM OR SANDSTORM:
                                                       VSBY 1/2 MILE OR LESS
                                                   8 = SMOKE OR HAZE
[NO. OF DAYS WITH]      [WEATHER - DAYS WITH]      9 = BLOWING SNOW
                                                   X = TORNADO
MAX 32 OR BELOW:  16    0.01 INCH OR MORE:   2
MAX 90 OR ABOVE:   0    0.10 INCH OR MORE:   1
MIN 32 OR BELOW:  23    0.50 INCH OR MORE:   0
MIN  0 OR BELOW:   8    1.00 INCH OR MORE:   0

[HDD (BASE 65) ]
TOTAL THIS MO.  1125    CLEAR  (SCALE 0-3)   6
DPTR FM NORMAL   -15    PTCLDY (SCALE 4-7)  11
TOTAL FM JUL 1  4381    CLOUDY (SCALE 8-10)  6
DPTR FM NORMAL    98

[CDD (BASE 65) ]
TOTAL THIS MO.     0
DPTR FM NORMAL     0    [PRESSURE DATA]
TOTAL FM JAN 1     0    HIGHEST SLP M ON M
DPTR FM NORMAL     0    LOWEST  SLP 29.39 ON  1

[REMARKS]
