000
CXUS53 KDMX 210920
CF6EST
PRELIMINARY LOCAL CLIMATOLOGICAL DATA (WS FORM: F-6)

                                          STATION:   ESTHERVILLE IA
                                          MONTH:     JANUARY
                                          YEAR:      2019
                                          LATITUDE:   43 24 N
                                          LONGITUDE:  94 45 W

  TEMPERATURE IN F:       :PCPN:    SNOW:  WIND      :SUNSHINE: SKY     :PK WND
================================================================================
1   2   3   4   5  6A  6B    7    8   9   10  11  12  13   14  15   16   17  18
                                     12Z  AVG MX 2MIN
DY MAX MIN AVG DEP HDD CDD  WTR  SNW DPTH SPD SPD DIR MIN PSBL S-S WX    SPD DR
================================================================================

 1   8  -6   1 -15  64   0    T    T    M 11.4 29 340   M    M   3 18     40 340
 2  26   7  17   1  48   0 0.00  0.0    M 14.9 26 230   M    M   2        35 230
 3  41  20  31  15  34   0 0.00  0.0    M 12.7 20 230   M    M   0        25 220
 4  43  29  36  20  29   0 0.00  0.0    M  9.7 17 260   M    M   0        20 270
 5  45  28  37  21  28   0 0.00  0.0    M  8.8 15 260   M    M   0 1      19 260
 6  37  28  33  17  32   0 0.00  0.0    M 19.5 33 120   M    M   5 1      50 120
 7  40  34  37  22  28   0 0.00  0.0    M 11.8 23 300   M    M   4 1      32 170
 8  35  17  26  11  39   0 0.00  0.0    0 24.6 40 300   M    M   2        52 300
 9  17   7  12  -3  53   0 0.00  0.0    0 16.7 31 320   M    M   0        39 320
10  30   8  19   4  46   0 0.00  0.0    0 10.9 20 150   M    M   0        25 150
11  33  17  25  10  40   0 0.00  0.0    0  7.2 13 180   M    M   0        17 160
12  30  22  26  11  39   0 0.00  0.0    0  8.2 15 360   M    M   8 1      18 360
13  35  25  30  15  35   0 0.00  0.0    0  6.2 17 210   M    M   5 18     24 210
14  29  26  28  13  37   0 0.00  0.0    0  9.4 23 230   M    M  10 1      32 220
15  31  17  24   9  41   0 0.00  0.0    0 13.0 26 330   M    M  10 1      34 360
16  21   5  13  -2  52   0    T    T    0  8.9 18 350   M    M   2 1      25 340
17  21   2  12  -3  53   0 0.05    M    0  6.1 12 350   M    M   7 1      15 350
18  14   3   9  -7  56   0 0.05    M    0 17.8 26  10   M    M   8 12     37  10
19   4  -9  -2 -18  67   0    T    M    0 14.3 24  10   M    M   4 1      30 360
20  -1 -16  -8 -24  73   0 0.02    M    0  9.2 16 120   M    M   6 1      19 340
================================================================================
SM  539  264       894   0  0.12    T    241.3          M       76
================================================================================
AV 27.0 13.2                              12.1 FASTST   M    M   4    MAX(MPH)
                                 MISC ---->  # 40 300               # 52  300
================================================================================
NOTES:
# LAST OF SEVERAL OCCURRENCES

COLUMN 17 PEAK WIND IN M.P.H.

PRELIMINARY LOCAL CLIMATOLOGICAL DATA (WS FORM: F-6) , PAGE 2

                                          STATION:  ESTHERVILLE IA
                                          MONTH:    JANUARY
                                          YEAR:     2019
                                          LATITUDE:   43 24 N
                                          LONGITUDE:  94 45 W

[TEMPERATURE DATA]      [PRECIPITATION DATA]       SYMBOLS USED IN COLUMN 16

AVERAGE MONTHLY: 20.1   TOTAL FOR MONTH:   0.12    1 = FOG OR MIST
DPTR FM NORMAL:   4.6   DPTR FM NORMAL:   -0.11    2 = FOG REDUCING VISIBILITY
HIGHEST:    45 ON  5    GRTST 24HR  0.05 ON 18-18      TO 1/4 MILE OR LESS
LOWEST:    -16 ON 20                               3 = THUNDER
                        SNOW, ICE PELLETS, HAIL    4 = ICE PELLETS
                        TOTAL MONTH:    T          5 = HAIL
                        GRTST 24HR    T  ON 16-16  6 = FREEZING RAIN OR DRIZZLE
                        GRTST DEPTH:   0           7 = DUSTSTORM OR SANDSTORM:
                                                       VSBY 1/2 MILE OR LESS
                                                   8 = SMOKE OR HAZE
[NO. OF DAYS WITH]      [WEATHER - DAYS WITH]      9 = BLOWING SNOW
                                                   X = TORNADO
MAX 32 OR BELOW:  12    0.01 INCH OR MORE:   3
MAX 90 OR ABOVE:   0    0.10 INCH OR MORE:   0
MIN 32 OR BELOW:  19    0.50 INCH OR MORE:   0
MIN  0 OR BELOW:   3    1.00 INCH OR MORE:   0

[HDD (BASE 65) ]
TOTAL THIS MO.   894    CLEAR  (SCALE 0-3)   9
DPTR FM NORMAL   -99    PTCLDY (SCALE 4-7)   7
TOTAL FM JUL 1  4220    CLOUDY (SCALE 8-10)  4
DPTR FM NORMAL    84

[CDD (BASE 65) ]
TOTAL THIS MO.     0
DPTR FM NORMAL     0    [PRESSURE DATA]
TOTAL FM JAN 1     0    HIGHEST SLP M ON M
DPTR FM NORMAL     0    LOWEST  SLP 29.52 ON  7

[REMARKS]
