000
CXUS56 KSLC 201238
CF6EVW
PRELIMINARY LOCAL CLIMATOLOGICAL DATA (WS FORM: F-6)

                                          STATION:   EVANSTON WY
                                          MONTH:     SEPTEMBER
                                          YEAR:      2018
                                          LATITUDE:   41 16 N
                                          LONGITUDE: 111  2 W

  TEMPERATURE IN F:       :PCPN:    SNOW:  WIND      :SUNSHINE: SKY     :PK WND
================================================================================
1   2   3   4   5  6A  6B    7    8   9   10  11  12  13   14  15   16   17  18
                                     12Z  AVG MX 2MIN
DY MAX MIN AVG DEP HDD CDD  WTR  SNW DPTH SPD SPD DIR MIN PSBL S-S WX    SPD DR
================================================================================

 1  79  46  63   3   2   0 0.00  0.0    0  5.9 18 330   M    M   1        26 260
 2  80  45  63   3   2   0 0.00  0.0    0  8.4 21 260   M    M   0        27 250
 3  82  46  64   4   1   0 0.00  0.0    0  6.9 23 270   M    M   1        28 260
 4  80  48  64   5   1   0 0.00  0.0    0  5.6 18 340   M    M   1        25 340
 5  81  50  66   7   0   1 0.00  0.0    0  6.6 23 230   M    M   2        27 230
 6  80  50  65   6   0   0 0.00  0.0    0  7.3 22 260   M    M   2        33 220
 7  80  49  65   7   0   0 0.00  0.0    0  5.4 20 290   M    M   1        25 290
 8  83  52  68  10   0   3 0.00  0.0    0  9.5 29 260   M    M   1        36 260
 9  80  48  64   6   1   0 0.00  0.0    0  8.2 20 270   M    M   0        33 260
10  82  48  65   8   0   0 0.00  0.0    0 10.4 31 270   M    M   0        38 270
11  81  54  68  11   0   3 0.00  0.0    0  9.7 32 230   M    M   0        46 280
12  78  52  65   8   0   0 0.00  0.0    0 13.5 29 260   M    M   0        38 260
13  76  47  62   6   3   0 0.00  0.0    0  9.8 29 250   M    M   0        37 260
14  80  48  64   8   1   0 0.00  0.0    0 10.9 29 220   M    M   2 8      37 180
15  81  53  67  11   0   2 0.00  0.0    0 14.4 33 220   M    M   1 8      42 210
16  81  49  65  10   0   0 0.00  0.0    0 12.0 35 250   M    M   0        44 250
17  80  51  66  11   0   1 0.00  0.0    0  8.7 28 240   M    M   0        33 240
18  79  53  66  12   0   1 0.00  0.0    0 11.3 29 230   M    M   0        38 210
19  78  46  62   8   3   0 0.00  0.0    0  8.9 26 270   M    M   0        36 200
================================================================================
SM 1521  935        14  11  0.00     0.0 173.4          M       12
================================================================================
AV 80.1 49.2                               9.1 FASTST   M    M   1    MAX(MPH)
                                 MISC ---->  # 35 250               # 46  280
================================================================================
NOTES:
# LAST OF SEVERAL OCCURRENCES

COLUMN 17 PEAK WIND IN M.P.H.

PRELIMINARY LOCAL CLIMATOLOGICAL DATA (WS FORM: F-6) , PAGE 2

                                          STATION:  EVANSTON WY
                                          MONTH:    SEPTEMBER
                                          YEAR:     2018
                                          LATITUDE:   41 16 N
                                          LONGITUDE: 111  2 W

[TEMPERATURE DATA]      [PRECIPITATION DATA]       SYMBOLS USED IN COLUMN 16

AVERAGE MONTHLY: 64.6   TOTAL FOR MONTH:   0.00    1 = FOG OR MIST
DPTR FM NORMAL:   7.4   DPTR FM NORMAL:   -0.78    2 = FOG REDUCING VISIBILITY
HIGHEST:    83 ON  8    GRTST 24HR  0.00 ON 19-19      TO 1/4 MILE OR LESS
LOWEST:     45 ON  2                               3 = THUNDER
                        SNOW, ICE PELLETS, HAIL    4 = ICE PELLETS
                        TOTAL MONTH:   0.0 INCH    5 = HAIL
                        GRTST 24HR     0.0         6 = FREEZING RAIN OR DRIZZLE
                        GRTST DEPTH:   0           7 = DUSTSTORM OR SANDSTORM:
                                                       VSBY 1/2 MILE OR LESS
                                                   8 = SMOKE OR HAZE
[NO. OF DAYS WITH]      [WEATHER - DAYS WITH]      9 = BLOWING SNOW
                                                   X = TORNADO
MAX 32 OR BELOW:   0    0.01 INCH OR MORE:   0
MAX 90 OR ABOVE:   0    0.10 INCH OR MORE:   0
MIN 32 OR BELOW:   0    0.50 INCH OR MORE:   0
MIN  0 OR BELOW:   0    1.00 INCH OR MORE:   0

[HDD (BASE 65) ]
TOTAL THIS MO.    14    CLEAR  (SCALE 0-3)  19
DPTR FM NORMAL  -137    PTCLDY (SCALE 4-7)   0
TOTAL FM JUL 1    52    CLOUDY (SCALE 8-10)  0
DPTR FM NORMAL  -202

[CDD (BASE 65) ]
TOTAL THIS MO.    11
DPTR FM NORMAL    11    [PRESSURE DATA]
TOTAL FM JAN 1   375    HIGHEST SLP M ON M
DPTR FM NORMAL   218    LOWEST  SLP 29.62 ON 19

[REMARKS]
