000
CXUS56 KSLC 251303
CF6EVW
PRELIMINARY LOCAL CLIMATOLOGICAL DATA (WS FORM: F-6)

                                          STATION:   EVANSTON WY
                                          MONTH:     FEBRUARY
                                          YEAR:      2020
                                          LATITUDE:   41 16 N
                                          LONGITUDE: 111  2 W

  TEMPERATURE IN F:       :PCPN:    SNOW:  WIND      :SUNSHINE: SKY     :PK WND
================================================================================
1   2   3   4   5  6A  6B    7    8   9   10  11  12  13   14  15   16   17  18
                                     12Z  AVG MX 2MIN
DY MAX MIN AVG DEP HDD CDD  WTR  SNW DPTH SPD SPD DIR MIN PSBL S-S WX    SPD DR
================================================================================

 1  40  23  32  10  33   0 0.00  0.0    0 14.0 24 230   M    M   2        29 230
 2  45  26  36  14  29   0    T    M    0 13.8 23 230   M    M   5 1      30 230
 3  26   4  15  -7  50   0 0.08    M    0 12.5 24 340   M    M  10 128    27 350
 4  10  -3   4 -18  61   0 0.00  0.0    0  7.5 14 230   M    M   2 18     18 220
 5  17   2  10 -12  55   0    T    M    0 15.9 22 230   M    M   9        26 250
 6  32  14  23   1  42   0    T    M    0 19.6 32 270   M    M  10 1      36 260
 7  33  27  30   8  35   0    T    M    0 19.3 30 260   M    M   9 1      36 250
 8  40  15  28   6  37   0    T    M    0 16.3 37 270   M    M   6 128    46 270
 9  22   5  14  -8  51   0 0.00  0.0    0  7.2 16  30   M    M   2 8      20  60
10  24   6  15  -7  50   0    T    M    0  5.2 14 240   M    M   4 128    17 230
11  22   0  11 -11  54   0    T    M    0  9.9 21 250   M    M   2 128    24 250
12  28  17  23   1  42   0    T    M    0 10.8 18 250   M    M   8 8      22 250
13  28  15  22   0  43   0 0.00  0.0    0 12.4 20 250   M    M   3        22 230
14  37  15  26   4  39   0 0.00  0.0    0 15.5 30 240   M    M   1        35 240
15  31  12  22  -1  43   0    T    M    0 13.4 25 250   M    M   5 18     32 250
16  33  24  29   6  36   0    T    M    0 18.0 31 250   M    M   9 128    39 250
17  25  11  18  -5  47   0    T    M    0 10.0 25 320   M    M   5 1      30 310
18  21   3  12 -11  53   0 0.00  0.0    0  4.0  9 160   M    M   0         9 160
19  16  -5   6 -17  59   0 0.00  0.0    0  3.7 12  10   M    M   2 128    13  10
20  15  -7   4 -20  61   0 0.00  0.0    0  5.8 10 100   M    M   0        12  90
21  29   2  16  -8  49   0 0.00  0.0    0  7.2 14  90   M    M   0        16  90
22  34  15  25   1  40   0 0.00  0.0    0  6.0 14 110   M    M   2        15 100
23  36  15  26   2  39   0 0.00  0.0    0  8.6 23 220   M    M   0        27 220
24  32   9  21  -4  44   0    T    M    0 16.5 58 270   M    M   4 18     69 270
================================================================================
SM  676  245      1092   0  0.08     0.0 273.1          M      100
================================================================================
AV 28.2 10.2                              11.4 FASTST   M    M   4    MAX(MPH)
                                 MISC ---->  # 58 270               # 69  270
================================================================================
NOTES:
# LAST OF SEVERAL OCCURRENCES

COLUMN 17 PEAK WIND IN M.P.H.

PRELIMINARY LOCAL CLIMATOLOGICAL DATA (WS FORM: F-6) , PAGE 2

                                          STATION:  EVANSTON WY
                                          MONTH:    FEBRUARY
                                          YEAR:     2020
                                          LATITUDE:   41 16 N
                                          LONGITUDE: 111  2 W

[TEMPERATURE DATA]      [PRECIPITATION DATA]       SYMBOLS USED IN COLUMN 16

AVERAGE MONTHLY: 19.2   TOTAL FOR MONTH:   0.08    1 = FOG OR MIST
DPTR FM NORMAL:  -3.5   DPTR FM NORMAL:   -0.44    2 = FOG REDUCING VISIBILITY
HIGHEST:    45 ON  2    GRTST 24HR  0.08 ON  3- 3      TO 1/4 MILE OR LESS
LOWEST:     -7 ON 20                               3 = THUNDER
                        SNOW, ICE PELLETS, HAIL    4 = ICE PELLETS
                        TOTAL MONTH:   0.0 INCH    5 = HAIL
                        GRTST 24HR     0.0         6 = FREEZING RAIN OR DRIZZLE
                        GRTST DEPTH:   0           7 = DUSTSTORM OR SANDSTORM:
                                                       VSBY 1/2 MILE OR LESS
                                                   8 = SMOKE OR HAZE
[NO. OF DAYS WITH]      [WEATHER - DAYS WITH]      9 = BLOWING SNOW
                                                   X = TORNADO
MAX 32 OR BELOW:  16    0.01 INCH OR MORE:   1
MAX 90 OR ABOVE:   0    0.10 INCH OR MORE:   0
MIN 32 OR BELOW:  24    0.50 INCH OR MORE:   0
MIN  0 OR BELOW:   4    1.00 INCH OR MORE:   0

[HDD (BASE 65) ]
TOTAL THIS MO.  1092    CLEAR  (SCALE 0-3)  12
DPTR FM NORMAL    74    PTCLDY (SCALE 4-7)   6
TOTAL FM JUL 1  5941    CLOUDY (SCALE 8-10)  6
DPTR FM NORMAL    94

[CDD (BASE 65) ]
TOTAL THIS MO.     0
DPTR FM NORMAL     0    [PRESSURE DATA]
TOTAL FM JAN 1     0    HIGHEST SLP M ON M
DPTR FM NORMAL     0    LOWEST  SLP 29.41 ON  2

[REMARKS]
