000
CXUS54 KFWD 200730
CF6F44
PRELIMINARY LOCAL CLIMATOLOGICAL DATA (WS FORM: F-6)

                                          STATION:   ATHENS
                                          MONTH:     OCTOBER
                                          YEAR:      2019
                                          LATITUDE:   32  9 N
                                          LONGITUDE:  95 50 W

  TEMPERATURE IN F:       :PCPN:    SNOW:  WIND      :SUNSHINE: SKY     :PK WND
================================================================================
1   2   3   4   5  6A  6B    7    8   9   10  11  12  13   14  15   16   17  18
                                     12Z  AVG MX 2MIN
DY MAX MIN AVG DEP HDD CDD  WTR  SNW DPTH SPD SPD DIR MIN PSBL S-S WX    SPD DR
================================================================================

 1  93  72  83   M   0  18 0.00  0.0    0  6.8 13 190   M    M   4 1      21 190
 2  95  68  82   M   0  17 0.00  0.0    0  4.2 15 170   M    M   3 12     17 180
 3  93  68  81   M   0  16 0.01  0.0    0  1.9  9  80   M    M   3        24  80
 4  91  72  82   M   0  17 0.00  0.0    0  2.5  7  60   M    M   1         M  M
 5  91  68  80   M   0  15 0.00  0.0    0  1.7  7 160   M    M   1         M  M
 6  93  66  80   M   0  15 0.00  0.0    0  2.4  7 150   M    M   1         M  M
 7  73  57  65   M   0   0 0.00  0.0    0  7.7 12  30   M    M   7 13     23  30
 8  79  52  66   M   0   1 0.00  0.0    0  2.6 12  60   M    M   0        18  60
 9  86  52  69   M   0   4 0.00  0.0    0  5.5 14 170   M    M   0        20 170
10  91  72  82   M   0  17 0.00  0.0    0 10.2 17 170   M    M   4        25 180
11  79  43  61   M   4   0 1.37  0.0    0  9.5 16 350   M    M   7 3      27 350
12  66  41  54   M  11   0 0.00  0.0    0  2.8  8  20   M    M   0         M  M
13  72  52  62   M   3   0    M  0.0    0  2.0  9 170   M    M   6         M  M
14  70  57  64   M   1   0 0.00  0.0    0  3.5  9 150   M    M   8 1       M  M
15  82  70  76   M   0  11 0.13  0.0    0  4.2  8 230   M    M   8 13      M  M
16  72  50  61   M   4   0 0.00  0.0    0  8.9 15  10   M    M   1        22  10
17  72  46  59   M   6   0 0.00  0.0    0  1.3  6 110   M    M   0         M  M
18  77  45  61   M   4   0 0.00  0.0    0  3.6 10 120   M    M   0 8       M  M
19  86  54  70   M   0   5 0.00  0.0    0  2.9  7 190   M    M   3 12      M  M
================================================================================
SM 1561 1105        33 136  1.51     0.0  84.2          M       57
================================================================================
AV 82.2 58.2                               4.4 FASTST   M    M   3    MAX(MPH)
                                 MISC ---->  # 17 170               # 27  350
================================================================================
NOTES:
# LAST OF SEVERAL OCCURRENCES

COLUMN 17 PEAK WIND IN M.P.H.

PRELIMINARY LOCAL CLIMATOLOGICAL DATA (WS FORM: F-6) , PAGE 2

                                          STATION:  ATHENS
                                          MONTH:    OCTOBER
                                          YEAR:     2019
                                          LATITUDE:   32  9 N
                                          LONGITUDE:  95 50 W

[TEMPERATURE DATA]      [PRECIPITATION DATA]       SYMBOLS USED IN COLUMN 16

AVERAGE MONTHLY: 70.2   TOTAL FOR MONTH:   1.51    1 = FOG OR MIST
DPTR FM NORMAL:     M   DPTR FM NORMAL:       M    2 = FOG REDUCING VISIBILITY
HIGHEST:    95 ON  2    GRTST 24HR  1.37 ON 11-11      TO 1/4 MILE OR LESS
LOWEST:     41 ON 12                               3 = THUNDER
                        SNOW, ICE PELLETS, HAIL    4 = ICE PELLETS
                        TOTAL MONTH:   0.0 INCH    5 = HAIL
                        GRTST 24HR     0.0         6 = FREEZING RAIN OR DRIZZLE
                        GRTST DEPTH:   0           7 = DUSTSTORM OR SANDSTORM:
                                                       VSBY 1/2 MILE OR LESS
                                                   8 = SMOKE OR HAZE
[NO. OF DAYS WITH]      [WEATHER - DAYS WITH]      9 = BLOWING SNOW
                                                   X = TORNADO
MAX 32 OR BELOW:   0    0.01 INCH OR MORE:   3
MAX 90 OR ABOVE:   7    0.10 INCH OR MORE:   2
MIN 32 OR BELOW:   0    0.50 INCH OR MORE:   1
MIN  0 OR BELOW:   0    1.00 INCH OR MORE:   1

[HDD (BASE 65) ]
TOTAL THIS MO.    33    CLEAR  (SCALE 0-3)  12
DPTR FM NORMAL     M    PTCLDY (SCALE 4-7)   6
TOTAL FM JUL 1    33    CLOUDY (SCALE 8-10)  1
DPTR FM NORMAL     M

[CDD (BASE 65) ]
TOTAL THIS MO.   136
DPTR FM NORMAL     M    [PRESSURE DATA]
TOTAL FM JAN 1  2531    HIGHEST SLP M ON M
DPTR FM NORMAL     M    LOWEST  SLP M ON M

[REMARKS]
