000
CXUS54 KFWD 200730
CF6F44
PRELIMINARY LOCAL CLIMATOLOGICAL DATA (WS FORM: F-6)

                                          STATION:   ATHENS
                                          MONTH:     MAY
                                          YEAR:      2018
                                          LATITUDE:   32  9 N
                                          LONGITUDE:  95 50 W

  TEMPERATURE IN F:       :PCPN:    SNOW:  WIND      :SUNSHINE: SKY     :PK WND
================================================================================
1   2   3   4   5  6A  6B    7    8   9   10  11  12  13   14  15   16   17  18
                                     12Z  AVG MX 2MIN
DY MAX MIN AVG DEP HDD CDD  WTR  SNW DPTH SPD SPD DIR MIN PSBL S-S WX    SPD DR
================================================================================

 1  81  68  75   M   0  10 0.00  0.0    0 10.3 14 160   M    M  10        21 160
 2  84  72  78   M   0  13 0.00  0.0    0 12.3 17 170   M    M   8        29 160
 3  75  72  74   M   0   9 0.02  0.0    0  8.4 15 170   M    M   8 13     23 160
 4  72  63  68   M   0   3 0.53  0.0    0  3.9 14 340   M    M   9 3      20 340
 5  81  55  68   M   0   3 0.00  0.0    0  3.4  9  10   M    M   4 1       M  M
 6  82  52  67   M   0   2 0.00  0.0    0  1.0  6  10   M    M   0 1       M  M
 7  88  54  71   M   0   6 0.00  0.0    0  0.8  5 250   M    M   0         M  M
 8  86  59  73   M   0   8 0.00  0.0    0  3.9 14 180   M    M   0        18 180
 9  86  57  72   M   0   7 0.00  0.0    0  4.2 10 180   M    M   0        21 180
10  86  61  74   M   0   9 0.00  0.0    0  6.2 13 160   M    M   1        17 180
11  88  68  78   M   0  13 0.00  0.0    0 10.2 14 180   M    M   4        24 160
12  88  72  80   M   0  15 0.00  0.0    0  9.4 15 160   M    M   5        22 160
13  88  70  79   M   0  14 0.00  0.0    0  5.7  9 190   M    M   4        10 190
14  86  70  78   M   0  13 0.00  0.0    0  5.8 12 180   M    M   3        16 200
15  88  68  78   M   0  13 0.00  0.0    0  3.2  8 150   M    M   1         M  M
16  90  64  77   M   0  12 0.00  0.0    0  1.1  5  20   M    M   0         M  M
17  91  64  78   M   0  13 0.00  0.0    0  0.9  6  60   M    M   0         M  M
18  91  70  81   M   0  16 0.00  0.0    0  4.6 12 160   M    M   0        16 160
19  90  72  81   M   0  16 0.00  0.0    0  9.4 16 170   M    M   4        22 180
================================================================================
SM 1621 1231         0 195  0.55     0.0 104.7          M       61
================================================================================
AV 85.3 64.8                               5.5 FASTST   M    M   3    MAX(MPH)
                                 MISC ---->  # 17 170               # 29  160
================================================================================
NOTES:
# LAST OF SEVERAL OCCURRENCES

COLUMN 17 PEAK WIND IN M.P.H.

PRELIMINARY LOCAL CLIMATOLOGICAL DATA (WS FORM: F-6) , PAGE 2

                                          STATION:  ATHENS
                                          MONTH:    MAY
                                          YEAR:     2018
                                          LATITUDE:   32  9 N
                                          LONGITUDE:  95 50 W

[TEMPERATURE DATA]      [PRECIPITATION DATA]       SYMBOLS USED IN COLUMN 16

AVERAGE MONTHLY: 75.1   TOTAL FOR MONTH:   0.55    1 = FOG OR MIST
DPTR FM NORMAL:     M   DPTR FM NORMAL:       M    2 = FOG REDUCING VISIBILITY
HIGHEST:    91 ON 18,17 GRTST 24HR  0.53 ON  4- 4      TO 1/4 MILE OR LESS
LOWEST:     52 ON  6                               3 = THUNDER
                        SNOW, ICE PELLETS, HAIL    4 = ICE PELLETS
                        TOTAL MONTH:   0.0 INCH    5 = HAIL
                        GRTST 24HR     0.0         6 = FREEZING RAIN OR DRIZZLE
                        GRTST DEPTH:   0           7 = DUSTSTORM OR SANDSTORM:
                                                       VSBY 1/2 MILE OR LESS
                                                   8 = SMOKE OR HAZE
[NO. OF DAYS WITH]      [WEATHER - DAYS WITH]      9 = BLOWING SNOW
                                                   X = TORNADO
MAX 32 OR BELOW:   0    0.01 INCH OR MORE:   2
MAX 90 OR ABOVE:   4    0.10 INCH OR MORE:   1
MIN 32 OR BELOW:   0    0.50 INCH OR MORE:   1
MIN  0 OR BELOW:   0    1.00 INCH OR MORE:   0

[HDD (BASE 65) ]
TOTAL THIS MO.     0    CLEAR  (SCALE 0-3)  10
DPTR FM NORMAL     M    PTCLDY (SCALE 4-7)   7
TOTAL FM JUL 1  2580    CLOUDY (SCALE 8-10)  2
DPTR FM NORMAL     M

[CDD (BASE 65) ]
TOTAL THIS MO.   195
DPTR FM NORMAL     M    [PRESSURE DATA]
TOTAL FM JAN 1   282    HIGHEST SLP M ON M
DPTR FM NORMAL     M    LOWEST  SLP M ON M

[REMARKS]
