000
CXUS54 KFWD 200730
CF6F44
PRELIMINARY LOCAL CLIMATOLOGICAL DATA (WS FORM: F-6)

                                          STATION:   ATHENS
                                          MONTH:     NOVEMBER
                                          YEAR:      2018
                                          LATITUDE:   32  9 N
                                          LONGITUDE:  95 50 W

  TEMPERATURE IN F:       :PCPN:    SNOW:  WIND      :SUNSHINE: SKY     :PK WND
================================================================================
1   2   3   4   5  6A  6B    7    8   9   10  11  12  13   14  15   16   17  18
                                     12Z  AVG MX 2MIN
DY MAX MIN AVG DEP HDD CDD  WTR  SNW DPTH SPD SPD DIR MIN PSBL S-S WX    SPD DR
================================================================================

 1  59  46  53   M  12   0 0.00  0.0    0  6.5 17 360   M    M   7        23 360
 2  72  41  57   M   8   0 0.00  0.0    0  1.8  7 250   M    M   0         M  M
 3  73  46  60   M   5   0 0.73  0.0    0  7.6 20 170   M    M   2 3      30 180
 4  64  46  55   M  10   0 0.03  0.0    0  2.7 10 360   M    M   0 3       M  M
 5  77  46  62   M   3   0 0.00  0.0    0  2.8 10 190   M    M   6 1       M  M
 6  79  59  69   M   0   4 0.00  0.0    0  3.7  8 110   M    M   6 12      M  M
 7  72  54  63   M   2   0 0.02  0.0    0  5.6 10  30   M    M  10 1      22  60
 8  55  52  54   M  11   0 1.35  0.0    0  5.3  9  10   M    M  10 13      M  M
 9  54  45  50   M  15   0 0.00  0.0    0 10.6 16  20   M    M   5        23 360
10  50  36  43   M  22   0 0.00  0.0    0  3.8  9  60   M    M   4         M  M
11  50  43  47   M  18   0 1.46  0.0    0  4.6  9 100   M    M  10 3      17 100
12  45  36  41   M  24   0 1.19    M    0  9.9 16 340   M    M  10 13     28 350
13  36  32  34   M  31   0 0.00  0.0    0  8.4 15 340   M    M  10        22 340
14  45  27  36   M  29   0 0.00  0.0    0  2.6 10 360   M    M   0        16 360
15  59  27  43   M  22   0 0.00  0.0    0  1.8  8 180   M    M   0         M  M
16  70  34  52   M  13   0 0.00  0.0    0  1.7  8 210   M    M   0         M  M
17  68  39  54   M  11   0 0.00  0.0    0  2.3  7 150   M    M   2        10 200
18  57  41  49   M  16   0    M  0.0    0  6.0  9 310   M    M   9        16 340
19  54  41  48   M  17   0 0.00  0.0    0  4.6  9 360   M    M   6         M  M
================================================================================
SM 1139  791       269   4  4.78     0.0  92.3          M       97
================================================================================
AV 60.0 41.6                               4.9 FASTST   M    M   5    MAX(MPH)
                                 MISC ---->  # 20 170               # 30  180
================================================================================
NOTES:
# LAST OF SEVERAL OCCURRENCES

COLUMN 17 PEAK WIND IN M.P.H.

PRELIMINARY LOCAL CLIMATOLOGICAL DATA (WS FORM: F-6) , PAGE 2

                                          STATION:  ATHENS
                                          MONTH:    NOVEMBER
                                          YEAR:     2018
                                          LATITUDE:   32  9 N
                                          LONGITUDE:  95 50 W

[TEMPERATURE DATA]      [PRECIPITATION DATA]       SYMBOLS USED IN COLUMN 16

AVERAGE MONTHLY: 50.8   TOTAL FOR MONTH:   4.78    1 = FOG OR MIST
DPTR FM NORMAL:     M   DPTR FM NORMAL:       M    2 = FOG REDUCING VISIBILITY
HIGHEST:    79 ON  6    GRTST 24HR  1.46 ON 11-11      TO 1/4 MILE OR LESS
LOWEST:     27 ON 15,14                            3 = THUNDER
                        SNOW, ICE PELLETS, HAIL    4 = ICE PELLETS
                        TOTAL MONTH:   0.0 INCH    5 = HAIL
                        GRTST 24HR     0.0         6 = FREEZING RAIN OR DRIZZLE
                        GRTST DEPTH:   0           7 = DUSTSTORM OR SANDSTORM:
                                                       VSBY 1/2 MILE OR LESS
                                                   8 = SMOKE OR HAZE
[NO. OF DAYS WITH]      [WEATHER - DAYS WITH]      9 = BLOWING SNOW
                                                   X = TORNADO
MAX 32 OR BELOW:   0    0.01 INCH OR MORE:   6
MAX 90 OR ABOVE:   0    0.10 INCH OR MORE:   4
MIN 32 OR BELOW:   3    0.50 INCH OR MORE:   4
MIN  0 OR BELOW:   0    1.00 INCH OR MORE:   3

[HDD (BASE 65) ]
TOTAL THIS MO.   269    CLEAR  (SCALE 0-3)   7
DPTR FM NORMAL     M    PTCLDY (SCALE 4-7)   6
TOTAL FM JUL 1   371    CLOUDY (SCALE 8-10)  6
DPTR FM NORMAL     M

[CDD (BASE 65) ]
TOTAL THIS MO.     4
DPTR FM NORMAL     M    [PRESSURE DATA]
TOTAL FM JAN 1  2761    HIGHEST SLP M ON M
DPTR FM NORMAL     M    LOWEST  SLP M ON M

[REMARKS]
