000
CXUS54 KOUN 280810
CF6FDR
PRELIMINARY LOCAL CLIMATOLOGICAL DATA (WS FORM: F-6)

                                          STATION:   FREDERICK MUNICIPAL
                                          MONTH:     OCTOBER
                                          YEAR:      2020
                                          LATITUDE:   34 21 N
                                          LONGITUDE:  98 59 W

  TEMPERATURE IN F:       :PCPN:    SNOW:  WIND      :SUNSHINE: SKY     :PK WND
================================================================================
1   2   3   4   5  6A  6B    7    8   9   10  11  12  13   14  15   16   17  18
                                     12Z  AVG MX 2MIN
DY MAX MIN AVG DEP HDD CDD  WTR  SNW DPTH SPD SPD DIR MIN PSBL S-S WX    SPD DR
================================================================================

 1  79  52  66  -4   0   1 0.00    M    M 10.2 20  40   M    M   0        25  70
 2  76  46  61  -9   4   0 0.00    M    M  9.6 17 150   M    M   0        23 140
 3  81  51  66  -3   0   1    T    M    M  9.7 20  50   M    M   0        24  40
 4  79  51  65  -4   0   0 0.00    M    M  9.5 14  80   M    M   0        20 350
 5  83  48  66  -2   0   1 0.00    M    M 10.5 20 150   M    M   0        27 140
 6  84  52  68   0   0   3 0.00    M    M  5.8 10  10   M    M   0        12  20
 7  91  56  74   6   0   9 0.00  0.0    M  5.2 10 110   M    M   0 8      19 140
 8  90  59  75   7   0  10 0.00    M    M  9.1 17 160   M    M   0        23 160
 9  85  56  71   4   0   6 0.00    M    M  9.1 17 170   M    M   3 1      22 140
10  89  60  75   8   0  10 0.00    M    M  7.6 14 130   M    M   3 12     18 130
11 100  60  80  14   0  15 0.00    M    M 10.2 22 200   M    M   0 1      27 210
12  81  51  66   0   0   1 0.00    M    M  9.6 37 350   M    M   0 8      48 360
13  86  45  66   0   0   1 0.00    M    0  9.3 20 160   M    M   0        30 170
14  97  52  75  10   0  10 0.00  0.0    0 12.4 28 190   M    M   0 8      36 190
15  75  49  62  -3   3   0 0.00  0.0    0 18.9 32  40   M    M   3        44  40
16  70  44  57  -8   8   0 0.00  0.0    0  8.7 14 140   M    M   0        23 140
17  83  45  64   0   1   0 0.00  0.0    0 13.8 28 180   M    M   0        34 180
18  77  47  62  -2   3   0 0.00  0.0    0 14.3 35 350   M    M   4 1      43 360
19  64  46  55  -9  10   0 0.00    M    M  6.9 15  10   M    M   9        19 360
20  87  53  70   7   0   5 0.00    M    M  9.2 21 180   M    M   9 18     26 180
21  88  65  77  14   0  12 0.00    M    M 12.4 23 160   M    M   2        30 150
22  88  65  77  15   0  12    M    M    M 12.9 30 170   M    M   0        39 170
23  74  44  59  -3   6   0 1.52    M    M 18.4 37  10   M    M   9 13     48 360
24  58  36  47 -15  18   0 0.00    M    M  7.6 14 100   M    M   1        19 130
25  50  38  44 -17  21   0 0.03    M    M 14.9 25 360   M    M   7 1      32 360
26  38  33  36 -25  29   0 0.42    M    M 21.5 25  10   M    M  10 13     37  10
27   M   M   M   M   M   M    M    M    M    M  M   M   M    M   M         M   M
================================================================================
SM 2053 1304       103  97  1.97  0.0    287.3          M       60
================================================================================
AV 79.0 50.2                              11.1 FASTST   M    M   2    MAX(MPH)
                                 MISC ---->  # 37 350               # 48 360
================================================================================
NOTES:
# LAST OF SEVERAL OCCURRENCES

COLUMN 17 PEAK WIND IN M.P.H.

PRELIMINARY LOCAL CLIMATOLOGICAL DATA (WS FORM: F-6) , PAGE 2

                                          STATION:   FREDERICK MUNICIPAL
                                          MONTH:     OCTOBER
                                          YEAR:      2020
                                          LATITUDE:   34 21 N
                                          LONGITUDE:  98 59 W

[TEMPERATURE DATA]      [PRECIPITATION DATA]       SYMBOLS USED IN COLUMN 16

AVERAGE MONTHLY: 64.6   TOTAL FOR MONTH:   1.97    1 = FOG OR MIST
DPTR FM NORMAL:  -0.7   DPTR FM NORMAL:   -1.02    2 = FOG REDUCING VISIBILITY
HIGHEST:   100 ON 11    GRTST 24HR  1.52 ON 23-23      TO 1/4 MILE OR LESS
LOWEST:     33 ON 26                               3 = THUNDER
                        SNOW, ICE PELLETS, HAIL    4 = ICE PELLETS
                        TOTAL MONTH:   0.0 INCH    5 = HAIL
                        GRTST 24HR  0.0            6 = FREEZING RAIN OR DRIZZLE
                        GRTST DEPTH:  0            7 = DUSTSTORM OR SANDSTORM:
                                                       VSBY 1/2 MILE OR LESS
                                                   8 = SMOKE OR HAZE
[NO. OF DAYS WITH]      [WEATHER - DAYS WITH]      9 = BLOWING SNOW
                                                   X = TORNADO
MAX 32 OR BELOW:   0    0.01 INCH OR MORE:   3
MAX 90 OR ABOVE:   4    0.10 INCH OR MORE:   2
MIN 32 OR BELOW:   0    0.50 INCH OR MORE:   1
MIN  0 OR BELOW:   0    1.00 INCH OR MORE:   1

[HDD (BASE 65) ]
TOTAL THIS MO.   103    CLEAR  (SCALE 0-3)  18
DPTR FM NORMAL    18    PTCLDY (SCALE 4-7)   4
TOTAL FM JUL 1   125    CLOUDY (SCALE 8-10)  5
DPTR FM NORMAL    32

[CDD (BASE 65) ]
TOTAL THIS MO.    97
DPTR FM NORMAL     4    [PRESSURE DATA]
TOTAL FM JAN 1  2476    HIGHEST SLP M ON M
DPTR FM NORMAL    88    LOWEST  SLP 29.55 ON 11

[REMARKS]
