000
CXUS54 KOUN 180700
CF6FDR
PRELIMINARY LOCAL CLIMATOLOGICAL DATA (WS FORM: F-6)

                                          STATION:   FREDERICK MUNICIPAL
                                          MONTH:     SEPTEMBER
                                          YEAR:      2018
                                          LATITUDE:   34 21 N
                                          LONGITUDE:  98 59 W

  TEMPERATURE IN F:       :PCPN:    SNOW:  WIND      :SUNSHINE: SKY     :PK WND
================================================================================
1   2   3   4   5  6A  6B    7    8   9   10  11  12  13   14  15   16   17  18
                                     12Z  AVG MX 2MIN
DY MAX MIN AVG DEP HDD CDD  WTR  SNW DPTH SPD SPD DIR MIN PSBL S-S WX    SPD DR
================================================================================

 1 100  72  86   6   0  21 0.00  0.0    0 10.6 31 120   M    M   1        37 130
 2 100  74  87   7   0  22 0.00  0.0    0  9.8 40 110   M    M   0 3      48 110
 3  91  73  82   2   0  17 0.00  0.0    0 13.0 22 110   M    M   3 8      26 130
 4  82  73  78  -2   0  13 0.48  0.0    0 10.9 26 160   M    M   6 138    33 160
 5  79  72  76  -3   0  11 3.00  0.0    0  6.2 16 160   M    M   7 123    19 170
 6  86  73  80   1   0  15 0.14  0.0    0  5.6 17 360   M    M   6 1      20 360
 7  77  72  75  -4   0  10 0.11  0.0    0 11.3 18 360   M    M   8 1      22 360
 8  77  67  72  -6   0   7 0.02  0.0    0  9.5 17 360   M    M   8 1      20  30
 9  79  63  71  -7   0   6    T  0.0    0  7.3 14  40   M    M   7 1      16  40
10  81  61  71  -7   0   6 0.00  0.0    0  6.1 13 100   M    M   1        16 110
11  84  66  75  -2   0  10 0.00  0.0    0  8.8 17 110   M    M   5 1      21 120
12  86  67  77   0   0  12 0.00  0.0    0 10.0 17 120   M    M   7 1      22 120
13  90  71  81   5   0  16 0.00  0.0    0 11.6 21 160   M    M   4        28 140
14  92  69  81   5   0  16 0.00  0.0    0  9.1 25 130   M    M   1        30 120
15  85  71  78   2   0  13 0.06  0.0    0  6.2 12  50   M    M   3 1      16  40
16  91  72  82   7   0  17 0.00  0.0    0  8.0 21 160   M    M   1 1      24 160
17  93  73  83   8   0  18 0.00  0.0    0  8.6 20 210   M    M   0 1      27 200
================================================================================
SM 1473 1189         0 230  3.81     0.0 152.6          M       68
================================================================================
AV 86.7 69.9                               9.0 FASTST   M    M   4    MAX(MPH)
                                 MISC ---->  # 40 110               # 48  110
================================================================================
NOTES:
# LAST OF SEVERAL OCCURRENCES

COLUMN 17 PEAK WIND IN M.P.H.

PRELIMINARY LOCAL CLIMATOLOGICAL DATA (WS FORM: F-6) , PAGE 2

                                          STATION:  FREDERICK MUNICIPAL
                                          MONTH:    SEPTEMBER
                                          YEAR:     2018
                                          LATITUDE:   34 21 N
                                          LONGITUDE:  98 59 W

[TEMPERATURE DATA]      [PRECIPITATION DATA]       SYMBOLS USED IN COLUMN 16

AVERAGE MONTHLY: 78.3   TOTAL FOR MONTH:   3.81    1 = FOG OR MIST
DPTR FM NORMAL:   0.5   DPTR FM NORMAL:    1.71    2 = FOG REDUCING VISIBILITY
HIGHEST:   100 ON  2, 1 GRTST 24HR  3.00 ON  5- 5      TO 1/4 MILE OR LESS
LOWEST:     61 ON 10                               3 = THUNDER
                        SNOW, ICE PELLETS, HAIL    4 = ICE PELLETS
                        TOTAL MONTH:   0.0 INCH    5 = HAIL
                        GRTST 24HR     0.0         6 = FREEZING RAIN OR DRIZZLE
                        GRTST DEPTH:   0           7 = DUSTSTORM OR SANDSTORM:
                                                       VSBY 1/2 MILE OR LESS
                                                   8 = SMOKE OR HAZE
[NO. OF DAYS WITH]      [WEATHER - DAYS WITH]      9 = BLOWING SNOW
                                                   X = TORNADO
MAX 32 OR BELOW:   0    0.01 INCH OR MORE:   6
MAX 90 OR ABOVE:   7    0.10 INCH OR MORE:   4
MIN 32 OR BELOW:   0    0.50 INCH OR MORE:   1
MIN  0 OR BELOW:   0    1.00 INCH OR MORE:   1

[HDD (BASE 65) ]
TOTAL THIS MO.     0    CLEAR  (SCALE 0-3)   6
DPTR FM NORMAL     0    PTCLDY (SCALE 4-7)  11
TOTAL FM JUL 1     0    CLOUDY (SCALE 8-10)  0
DPTR FM NORMAL     0

[CDD (BASE 65) ]
TOTAL THIS MO.   230
DPTR FM NORMAL     9    [PRESSURE DATA]
TOTAL FM JAN 1  2736    HIGHEST SLP M ON M
DPTR FM NORMAL   545    LOWEST  SLP 29.82 ON  1

[REMARKS]
