000
CXUS54 KOUN 230700
CF6FDR
PRELIMINARY LOCAL CLIMATOLOGICAL DATA (WS FORM: F-6)

                                          STATION:   FREDERICK MUNICIPAL
                                          MONTH:     JUNE
                                          YEAR:      2018
                                          LATITUDE:   34 21 N
                                          LONGITUDE:  98 59 W

  TEMPERATURE IN F:       :PCPN:    SNOW:  WIND      :SUNSHINE: SKY     :PK WND
================================================================================
1   2   3   4   5  6A  6B    7    8   9   10  11  12  13   14  15   16   17  18
                                     12Z  AVG MX 2MIN
DY MAX MIN AVG DEP HDD CDD  WTR  SNW DPTH SPD SPD DIR MIN PSBL S-S WX    SPD DR
================================================================================

 1 102  75  89  12   0  24 0.00  0.0    0 14.9 25 160   M    M   0        31 150
 2  99  71  85   8   0  20 0.00  0.0    0 15.7 35  30   M    M   0        42  10
 3  91  64  78   0   0  13 0.00  0.0    0 11.9 23  50   M    M   0        29  50
 4  87  66  77  -1   0  12 0.00  0.0    0  8.7 17 150   M    M   0        23 160
 5 103  70  87   9   0  22 0.00  0.0    0 10.3 23  90   M    M   2 1      27  90
 6 100  73  87   9   0  22 0.00  0.0    0 12.9 24 120   M    M   0        29 130
 7  97  71  84   6   0  19    T  0.0    0 22.6 47 130   M    M   1 138    59 140
 8  94  68  81   2   0  16 0.00  0.0    0 12.1 30 190   M    M   0        38 190
 9  98  70  84   5   0  19 0.00  0.0    0 13.4 23 160   M    M   1        36 160
10 101  74  88   9   0  23 0.00  0.0    0 15.1 24 160   M    M   0 8      31 170
11 102  74  88   9   0  23 0.00  0.0    0 13.9 28 150   M    M   0        41 160
12  96  76  86   6   0  21 0.00  0.0    0 14.5 28 130   M    M   2        40 140
13 102  71  87   7   0  22    M  0.0    0  8.8 24 310   M    M   2 38     31 290
14 101  72  87   7   0  22 0.00  0.0    0 13.9 23 160   M    M   0        30 150
15 101  76  89   9   0  24 0.00  0.0    0 16.4 28 180   M    M   0        33 170
16  99  77  88   8   0  23 0.00  0.0    0 19.5 31 150   M    M   0        37 150
17  97  77  87   6   0  22 0.00  0.0    0 18.2 32 140   M    M   0        38 140
18  97  75  86   5   0  21 0.00  0.0    0 13.7 26 130   M    M   3        36 130
19  92  73  83   2   0  18 0.00  0.0    0 13.8 22 140   M    M   4        25 130
20  96  69  83   2   0  18    T  0.0    0  9.6 28 360   M    M   2 1      30  20
21  99  71  85   4   0  20 0.00  0.0    0  4.9 18  10   M    M   1        24 270
22 101  68  85   3   0  20    T  0.0    0 13.9 40  30   M    M   2 138    47  20
================================================================================
SM 2155 1581         0 444    T      0.0 298.7          M       20
================================================================================
AV 98.0 71.9                              13.6 FASTST   M    M   1    MAX(MPH)
                                 MISC ---->  # 47 130               # 59  140
================================================================================
NOTES:
# LAST OF SEVERAL OCCURRENCES

COLUMN 17 PEAK WIND IN M.P.H.

PRELIMINARY LOCAL CLIMATOLOGICAL DATA (WS FORM: F-6) , PAGE 2

                                          STATION:  FREDERICK MUNICIPAL
                                          MONTH:    JUNE
                                          YEAR:     2018
                                          LATITUDE:   34 21 N
                                          LONGITUDE:  98 59 W

[TEMPERATURE DATA]      [PRECIPITATION DATA]       SYMBOLS USED IN COLUMN 16

AVERAGE MONTHLY: 84.9   TOTAL FOR MONTH:      T    1 = FOG OR MIST
DPTR FM NORMAL:   5.5   DPTR FM NORMAL:   -2.22    2 = FOG REDUCING VISIBILITY
HIGHEST:   103 ON  5    GRTST 24HR    T  ON 22-22      TO 1/4 MILE OR LESS
LOWEST:     64 ON  3                               3 = THUNDER
                        SNOW, ICE PELLETS, HAIL    4 = ICE PELLETS
                        TOTAL MONTH:   0.0 INCH    5 = HAIL
                        GRTST 24HR     0.0         6 = FREEZING RAIN OR DRIZZLE
                        GRTST DEPTH:   0           7 = DUSTSTORM OR SANDSTORM:
                                                       VSBY 1/2 MILE OR LESS
                                                   8 = SMOKE OR HAZE
[NO. OF DAYS WITH]      [WEATHER - DAYS WITH]      9 = BLOWING SNOW
                                                   X = TORNADO
MAX 32 OR BELOW:   0    0.01 INCH OR MORE:   0
MAX 90 OR ABOVE:  21    0.10 INCH OR MORE:   0
MIN 32 OR BELOW:   0    0.50 INCH OR MORE:   0
MIN  0 OR BELOW:   0    1.00 INCH OR MORE:   0

[HDD (BASE 65) ]
TOTAL THIS MO.     0    CLEAR  (SCALE 0-3)  21
DPTR FM NORMAL     0    PTCLDY (SCALE 4-7)   1
TOTAL FM JUL 1  2909    CLOUDY (SCALE 8-10)  0
DPTR FM NORMAL  -143

[CDD (BASE 65) ]
TOTAL THIS MO.   444
DPTR FM NORMAL   128    [PRESSURE DATA]
TOTAL FM JAN 1   977    HIGHEST SLP M ON M
DPTR FM NORMAL   338    LOWEST  SLP 29.67 ON M

[REMARKS]
