000
CXUS53 KLMK 160710
CF6FFT
PRELIMINARY LOCAL CLIMATOLOGICAL DATA (WS FORM: F-6)

                                          STATION:   FRANKFORT KY
                                          MONTH:     JUNE
                                          YEAR:      2021
                                          LATITUDE:   38 10 N
                                          LONGITUDE:  84 54 W

  TEMPERATURE IN F:       :PCPN:    SNOW:  WIND      :SUNSHINE: SKY     :PK WND
================================================================================
1   2   3   4   5  6A  6B    7    8   9   10  11  12  13   14  15   16   17  18
                                     12Z  AVG MX 2MIN
DY MAX MIN AVG DEP HDD CDD  WTR  SNW DPTH SPD SPD DIR MIN PSBL S-S WX    SPD DR
================================================================================

 1  76  54  65  -5   0   0 0.01    M    M  1.6 10 170   M    M   4 1      13 190
 2  69  63  66  -4   0   1 0.36    M    M  7.0 15 180   M    M  10 18     24 160
 3  77  63  70  -1   0   5 0.49    M    M  6.5 22 230   M    M   7 13     30 230
 4  87  60  74   3   0   9 0.00    M    M  2.7  9 220   M    M   3 12     13 220
 5  87  58  73   2   0   8 0.00    M    M  2.3 13 220   M    M   1 1      16 200
 6  85  64  75   3   0  10 0.02    M    M  4.2 18 170   M    M   6        26 180
 7  83  69  76   4   0  11 0.35    M    M  5.4 21 190   M    M   7 18     29 180
 8  84  67  76   4   0  11 1.75    M    M  4.2 29 140   M    M   3 138    43 160
 9  80  70  75   3   0  10 0.10    M    M  3.7  9 220   M    M   9 1      13 170
10  84  68  76   3   0  11 0.23    M    M  3.2 12 220   M    M   6 18     18 190
11  88  69  79   6   0  14 0.95    M    M  2.4 32 330   M    M   5 1238   65 330
12  93  65  79   6   0  14 0.08    M    M  3.6 17  10   M    M   1 12     27  10
13  92  69  81   8   0  16    T    M    M  4.0 20  70   M    M   2 3      30  80
14  91  63  77   3   0  12 0.00    M    M  6.4 16 290   M    M   0        28 300
15  84  58  71  -3   0   6 0.00    M    M  5.3 13 320   M    M   1        21  20
================================================================================
SM 1260  960         0 138  4.34    M     62.5          M       65
================================================================================
AV 84.0 64.0                               4.2 FASTST   M    M   4    MAX(MPH)
                                 MISC ---->    32 330                 65 330
================================================================================
NOTES:
# LAST OF SEVERAL OCCURRENCES

COLUMN 17 PEAK WIND IN M.P.H.

PRELIMINARY LOCAL CLIMATOLOGICAL DATA (WS FORM: F-6) , PAGE 2

                                          STATION:   FRANKFORT KY
                                          MONTH:     JUNE
                                          YEAR:      2021
                                          LATITUDE:   38 10 N
                                          LONGITUDE:  84 54 W

[TEMPERATURE DATA]      [PRECIPITATION DATA]       SYMBOLS USED IN COLUMN 16

AVERAGE MONTHLY: 74.0   TOTAL FOR MONTH:   4.34    1 = FOG OR MIST
DPTR FM NORMAL:   1.9   DPTR FM NORMAL:    2.24    2 = FOG REDUCING VISIBILITY
HIGHEST:    93 ON 12    GRTST 24HR  1.85 ON  8- 9      TO 1/4 MILE OR LESS
LOWEST:     54 ON  1                               3 = THUNDER
                        SNOW, ICE PELLETS, HAIL    4 = ICE PELLETS
                        TOTAL MONTH:  M            5 = HAIL
                        GRTST 24HR    M  ON   M    6 = FREEZING RAIN OR DRIZZLE
                        GRTST DEPTH:  M  ON   M    7 = DUSTSTORM OR SANDSTORM:
                                                       VSBY 1/2 MILE OR LESS
                                                   8 = SMOKE OR HAZE
[NO. OF DAYS WITH]      [WEATHER - DAYS WITH]      9 = BLOWING SNOW
                                                   X = TORNADO
MAX 32 OR BELOW:   0    0.01 INCH OR MORE:  10
MAX 90 OR ABOVE:   3    0.10 INCH OR MORE:   7
MIN 32 OR BELOW:   0    0.50 INCH OR MORE:   2
MIN  0 OR BELOW:   0    1.00 INCH OR MORE:   1

[HDD (BASE 65) ]
TOTAL THIS MO.     0    CLEAR  (SCALE 0-3)   7
DPTR FM NORMAL    -4    PTCLDY (SCALE 4-7)   6
TOTAL FM JUL 1  4405    CLOUDY (SCALE 8-10)  2
DPTR FM NORMAL    21

[CDD (BASE 65) ]
TOTAL THIS MO.   138
DPTR FM NORMAL    26    [PRESSURE DATA]
TOTAL FM JAN 1   253    HIGHEST SLP M ON M
DPTR FM NORMAL     2    LOWEST  SLP 29.74 ON 11

[REMARKS]
