000
CXUS53 KLMK 200800
CF6FFT
PRELIMINARY LOCAL CLIMATOLOGICAL DATA (WS FORM: F-6)

                                          STATION:   FRANKFORT KY
                                          MONTH:     FEBRUARY
                                          YEAR:      2018
                                          LATITUDE:   38 10 N
                                          LONGITUDE:  84 54 W

  TEMPERATURE IN F:       :PCPN:    SNOW:  WIND      :SUNSHINE: SKY     :PK WND
================================================================================
1   2   3   4   5  6A  6B    7    8   9   10  11  12  13   14  15   16   17  18
                                     12Z  AVG MX 2MIN
DY MAX MIN AVG DEP HDD CDD  WTR  SNW DPTH SPD SPD DIR MIN PSBL S-S WX    SPD DR
================================================================================

 1  49  24  37   3  28   0 0.17    M    M  9.2 20 220   M    M   6 1      27 210
 2  24  13  19 -15  46   0 0.00    M    M  6.1 16 330   M    M   2        25 320
 3  42  12  27  -7  38   0 0.00    M    M  5.3 15 180   M    M   8        22 180
 4  44  25  35   1  30   0 0.16    M    M  9.2 29 200   M    M  10 1      37 200
 5  30  20  25  -9  40   0    T    M    M  5.1 17 340   M    M   5        26 340
 6  37  27  32  -2  33   0 0.03    M    M  4.5 16  70   M    M  10        21  60
 7  34  27  31  -4  34   0 0.87    M    M  6.8 16 320   M    M  10 168    21 330
 8  37  20  29  -6  36   0 0.00    M    M  3.2 10 220   M    M   4        16 200
 9  59  25  42   7  23   0 0.00    M    M  4.8 22 220   M    M   1        30 210
10  52  40  46  11  19   0 0.40    M    M  4.2 13 190   M    M  10 1      19 190
11  49  32  41   5  24   0 0.49    M    M  6.0 16 290   M    M  10 18     24 320
12  44  27  36   0  29   0    T    M    M  8.2 16  60   M    M   4 168    23  60
13  47  29  38   2  27   0 0.00    M    M  5.7 13 200   M    M   6        19  40
14  61  42  52  16  13   0 0.12    M    M 10.0 20 210   M    M  10 18     28 200
15  72  60  66  30   0   1    T    M    M 15.3 26 220   M    M   8 1      41 220
16  70  37  54  18  11   0 1.03    M    M  9.8 25 230   M    M  10 18     36 230
17  40  34  37   0  28   0 0.35    M    M  4.2 15 270   M    M   8 1      25 220
18  52  27  40   3  25   0 0.00    M    M  5.1 13 130   M    M   2 1      17 260
19  77  47  62  25   3   0    T    M    M 13.4 28 210   M    M   7        40 210
================================================================================
SM  920  568       487   1  3.62    M    136.1          M      131
================================================================================
AV 48.4 29.9                               7.2 FASTST   M    M   7    MAX(MPH)
                                 MISC ---->  # 29 200               # 41  220
================================================================================
NOTES:
# LAST OF SEVERAL OCCURRENCES

COLUMN 17 PEAK WIND IN M.P.H.

PRELIMINARY LOCAL CLIMATOLOGICAL DATA (WS FORM: F-6) , PAGE 2

                                          STATION:  FRANKFORT KY
                                          MONTH:    FEBRUARY
                                          YEAR:     2018
                                          LATITUDE:   38 10 N
                                          LONGITUDE:  84 54 W

[TEMPERATURE DATA]      [PRECIPITATION DATA]       SYMBOLS USED IN COLUMN 16

AVERAGE MONTHLY: 39.2   TOTAL FOR MONTH:   3.62    1 = FOG OR MIST
DPTR FM NORMAL:   3.8   DPTR FM NORMAL:    1.51    2 = FOG REDUCING VISIBILITY
HIGHEST:    77 ON 19    GRTST 24HR  1.03 ON 16-16      TO 1/4 MILE OR LESS
LOWEST:     12 ON  3                               3 = THUNDER
                        SNOW, ICE PELLETS, HAIL    4 = ICE PELLETS
                        TOTAL MONTH:    M          5 = HAIL
                        GRTST 24HR    M  ON   M    6 = FREEZING RAIN OR DRIZZLE
                        GRTST DEPTH:  M  ON   M    7 = DUSTSTORM OR SANDSTORM:
                                                       VSBY 1/2 MILE OR LESS
                                                   8 = SMOKE OR HAZE
[NO. OF DAYS WITH]      [WEATHER - DAYS WITH]      9 = BLOWING SNOW
                                                   X = TORNADO
MAX 32 OR BELOW:   2    0.01 INCH OR MORE:   9
MAX 90 OR ABOVE:   0    0.10 INCH OR MORE:   8
MIN 32 OR BELOW:  13    0.50 INCH OR MORE:   2
MIN  0 OR BELOW:   0    1.00 INCH OR MORE:   1

[HDD (BASE 65) ]
TOTAL THIS MO.   487    CLEAR  (SCALE 0-3)   3
DPTR FM NORMAL   -76    PTCLDY (SCALE 4-7)   7
TOTAL FM JUL 1  3280    CLOUDY (SCALE 8-10)  9
DPTR FM NORMAL  -121

[CDD (BASE 65) ]
TOTAL THIS MO.     1
DPTR FM NORMAL     1    [PRESSURE DATA]
TOTAL FM JAN 1     1    HIGHEST SLP M ON M
DPTR FM NORMAL     1    LOWEST  SLP 29.77 ON 16

[REMARKS]
