000
CXUS53 KFGF 280915
CF6FGF
PRELIMINARY LOCAL CLIMATOLOGICAL DATA (WS FORM: F-6)

                                          STATION:   GRAND FORKS UNIV. (NWS) ND
                                          MONTH:     FEBRUARY
                                          YEAR:      2020
                                          LATITUDE:   47 55 N
                                          LONGITUDE:  97  6 W

  TEMPERATURE IN F:       :PCPN:    SNOW:  WIND      :SUNSHINE: SKY     :PK WND
================================================================================
1   2   3   4   5  6A  6B    7    8   9   10  11  12  13   14  15   16   17  18
                                     12Z  AVG MX 2MIN
DY MAX MIN AVG DEP HDD CDD  WTR  SNW DPTH SPD SPD DIR MIN PSBL S-S WX    SPD DR
================================================================================

 1  42  15  29  20  36   0 0.00  0.0   14    M  M   M   M    M   M         M   M
 2  41  26  34  24  31   0 0.00  0.0   14    M  M   M   M    M   M         M   M
 3  26  -1  13   3  52   0 0.00  0.0   13    M  M   M   M    M   M         M   M
 4  11  -5   3  -7  62   0 0.00  0.0   13    M  M   M   M    M   M         M   M
 5  26   2  14   4  51   0 0.00  0.0   13    M  M   M   M    M   M         M   M
 6  15  -4   6  -5  59   0 0.01  0.3   13    M  M   M   M    M   M         M   M
 7   0 -15  -7 -18  72   0 0.00  0.0   13    M  M   M   M    M   M         M   M
 8  18  -5   7  -4  58   0 0.01  0.3   13    M  M   M   M    M   M         M   M
 9  24   2  13   1  52   0 0.00  0.0   13    M  M   M   M    M   M         M   M
10  26  12  19   7  46   0    T    T   13    M  M   M   M    M   M         M   M
11  30  10  20   8  45   0    T  0.1   13    M  M   M   M    M   M         M   M
12  29 -21   4  -8  61   0 0.01  0.5   13    M  M   M   M    M   M 9       M   M
13  -1 -22 -11 -24  76   0 0.00  0.0   13    M  M   M   M    M   M         M   M
14  22 -12   5  -8  60   0 0.05  1.0   13    M  M   M   M    M   M         M   M
15  26  -4  11  -3  54   0    T    T   14    M  M   M   M    M   M         M   M
16  15 -10   3 -11  62   0 0.00  0.0   14    M  M   M   M    M   M         M   M
17  23  11  17   3  48   0    T  0.3   14    M  M   M   M    M   M         M   M
18  11  -9   1 -14  64   0    T  0.1   14    M  M   M   M    M   M         M   M
19   2 -16  -7 -22  72   0 0.00  0.0   14    M  M   M   M    M   M         M   M
20  19 -15   2 -13  63   0 0.00  0.0   14    M  M   M   M    M   M         M   M
21  38  12  25   9  40   0 0.00  0.0   14    M  M   M   M    M   M         M   M
22  35  11  23   7  42   0 0.00  0.0   14    M  M   M   M    M   M         M   M
23  38  21  30  14  35   0 0.00  0.0   14    M  M   M   M    M   M         M   M
24  32  10  21   4  44   0 0.00  0.0   14    M  M   M   M    M   M         M   M
25  18  10  14  -3  51   0 0.00  0.0   14    M  M   M   M    M   M         M   M
26  17   6  12  -6  53   0    T  0.4   14    M  M   M   M    M   M         M   M
27  15   1   8 -10  57   0    T  0.1   15    M  M   M   M    M   M         M   M
================================================================================
SM  598   10      1446   0  0.08  3.1        M          M        M
================================================================================
AV 22.1  0.4                                 M FASTST   M    M   M    MAX(MPH)
                                 MISC ---->     M   M                  M   M
================================================================================
NOTES:
# LAST OF SEVERAL OCCURRENCES

COLUMN 17 PEAK WIND IN M.P.H.

PRELIMINARY LOCAL CLIMATOLOGICAL DATA (WS FORM: F-6) , PAGE 2

                                          STATION:   GRAND FORKS UNIV. (NWS) ND
                                          MONTH:     FEBRUARY
                                          YEAR:      2020
                                          LATITUDE:   47 55 N
                                          LONGITUDE:  97  6 W

[TEMPERATURE DATA]      [PRECIPITATION DATA]       SYMBOLS USED IN COLUMN 16

AVERAGE MONTHLY: 11.3   TOTAL FOR MONTH:   0.08    1 = FOG OR MIST
DPTR FM NORMAL:  -2.1   DPTR FM NORMAL:   -0.48    2 = FOG REDUCING VISIBILITY
HIGHEST:    42 ON  1    GRTST 24HR  0.05 ON 14-14      TO 1/4 MILE OR LESS
LOWEST:    -22 ON 13                               3 = THUNDER
                        SNOW, ICE PELLETS, HAIL    4 = ICE PELLETS
                        TOTAL MONTH:   3.1 INCHES  5 = HAIL
                        GRTST 24HR   1.0 ON 14-14  6 = FREEZING RAIN OR DRIZZLE
                        GRTST DEPTH:  15 ON 27     7 = DUSTSTORM OR SANDSTORM:
                                                       VSBY 1/2 MILE OR LESS
                                                   8 = SMOKE OR HAZE
[NO. OF DAYS WITH]      [WEATHER - DAYS WITH]      9 = BLOWING SNOW
                                                   X = TORNADO
MAX 32 OR BELOW:  22    0.01 INCH OR MORE:   4
MAX 90 OR ABOVE:   0    0.10 INCH OR MORE:   0
MIN 32 OR BELOW:  27    0.50 INCH OR MORE:   0
MIN  0 OR BELOW:  13    1.00 INCH OR MORE:   0

[HDD (BASE 65) ]
TOTAL THIS MO.  1446    CLEAR  (SCALE 0-3)   0
DPTR FM NORMAL    51    PTCLDY (SCALE 4-7)   0
TOTAL FM JUL 1  6947    CLOUDY (SCALE 8-10) 27
DPTR FM NORMAL    34

[CDD (BASE 65) ]
TOTAL THIS MO.     0
DPTR FM NORMAL     0    [PRESSURE DATA]
TOTAL FM JAN 1     0    HIGHEST SLP M ON M
DPTR FM NORMAL     0    LOWEST  SLP M ON M

[REMARKS]
