000
CXUS53 KARX 190930
CF6FKA
PRELIMINARY LOCAL CLIMATOLOGICAL DATA (WS FORM: F-6)

                                          STATION:   PRESTON MN
                                          MONTH:     OCTOBER
                                          YEAR:      2019
                                          LATITUDE:   43 40 N
                                          LONGITUDE:  92 11 W

  TEMPERATURE IN F:       :PCPN:    SNOW:  WIND      :SUNSHINE: SKY     :PK WND
================================================================================
1   2   3   4   5  6A  6B    7    8   9   10  11  12  13   14  15   16   17  18
                                     12Z  AVG MX 2MIN
DY MAX MIN AVG DEP HDD CDD  WTR  SNW DPTH SPD SPD DIR MIN PSBL S-S WX    SPD DR
================================================================================

 1  69  52  61   M   4   0 1.18  0.0    0  8.2 16  40   M    M  10 13      M  M
 2  52  48  50   M  15   0 0.57  0.0    0  9.4 13  30   M    M  10 1      18  50
 3  50  42  46   M  19   0 0.02  0.0    0 10.2 18 320   M    M   9 1      27 290
 4  50  42  46   M  19   0 0.00  0.0    0  5.6 10 100   M    M   7         M  M
 5  54  45  50   M  15   0 0.72  0.0    0 13.2 17 150   M    M   8 1      27 150
 6  64  44  54   M  11   0 0.00  0.0    0 11.7 23 250   M    M   1        29 270
 7  64  42  53   M  12   0 0.00  0.0    0  7.4 13 230   M    M   1        18 300
 8  67  44  56   M   9   0 0.00  0.0    0 12.3 24 170   M    M   0        30 170
 9  68  46  57   M   8   0 0.01  0.0    0 11.7 23 180   M    M   1        28 180
10  61  45  53   M  12   0 0.14  0.0    0  9.2 15 150   M    M   9 13     23 160
11  45  32  39   M  26   0 0.03    T    0 15.6 23 250   M    M   9 13     31 250
12   M  28   M   M   M   M    M    M    0   M   M   M   M    M   M         M  M
13  39  31  35   M  30   0 0.00  0.0    0  8.8 14 280   M    M   6         M  M
14  50  29  40   M  25   0 0.00  0.0    0  6.9 10 190   M    M   1         M  M
15  51  41  46   M  19   0 0.00  0.0    0 11.3 16 310   M    M   5        25 300
16  44  38  41   M  24   0 0.00  0.0    0  8.3 14 340   M    M   8        21 340
17  55  32  44   M  21   0 0.00  0.0    0  4.3 12 160   M    M   0         M  M
18  65  40  53   M  12   0 0.00  0.0    0 16.7 30 160   M    M   1        36 160
================================================================================
SM  948  721       281   0  2.67    T    170.8          M       86
================================================================================
AV 55.8 40.1                              10.0 FASTST   M    M   5    MAX(MPH)
                                 MISC ---->  # 30 160               # 36  160
================================================================================
NOTES:
# LAST OF SEVERAL OCCURRENCES

COLUMN 17 PEAK WIND IN M.P.H.

PRELIMINARY LOCAL CLIMATOLOGICAL DATA (WS FORM: F-6) , PAGE 2

                                          STATION:  PRESTON MN
                                          MONTH:    OCTOBER
                                          YEAR:     2019
                                          LATITUDE:   43 40 N
                                          LONGITUDE:  92 11 W

[TEMPERATURE DATA]      [PRECIPITATION DATA]       SYMBOLS USED IN COLUMN 16

AVERAGE MONTHLY: 47.9   TOTAL FOR MONTH:   2.67    1 = FOG OR MIST
DPTR FM NORMAL:     M   DPTR FM NORMAL:       M    2 = FOG REDUCING VISIBILITY
HIGHEST:    69 ON  1    GRTST 24HR  1.18 ON  1- 1      TO 1/4 MILE OR LESS
LOWEST:     28 ON 12                               3 = THUNDER
                        SNOW, ICE PELLETS, HAIL    4 = ICE PELLETS
                        TOTAL MONTH:    T          5 = HAIL
                        GRTST 24HR    T  ON 11-11  6 = FREEZING RAIN OR DRIZZLE
                        GRTST DEPTH:   0           7 = DUSTSTORM OR SANDSTORM:
                                                       VSBY 1/2 MILE OR LESS
                                                   8 = SMOKE OR HAZE
[NO. OF DAYS WITH]      [WEATHER - DAYS WITH]      9 = BLOWING SNOW
                                                   X = TORNADO
MAX 32 OR BELOW:   0    0.01 INCH OR MORE:   7
MAX 90 OR ABOVE:   0    0.10 INCH OR MORE:   4
MIN 32 OR BELOW:   5    0.50 INCH OR MORE:   3
MIN  0 OR BELOW:   0    1.00 INCH OR MORE:   1

[HDD (BASE 65) ]
TOTAL THIS MO.   281    CLEAR  (SCALE 0-3)   7
DPTR FM NORMAL     M    PTCLDY (SCALE 4-7)   4
TOTAL FM JUL 1   405    CLOUDY (SCALE 8-10)  6
DPTR FM NORMAL     M

[CDD (BASE 65) ]
TOTAL THIS MO.     0
DPTR FM NORMAL     M    [PRESSURE DATA]
TOTAL FM JAN 1   470    HIGHEST SLP M ON M
DPTR FM NORMAL     M    LOWEST  SLP M ON M

[REMARKS]
