000
CXUS53 KARX 240930
CF6FKA
PRELIMINARY LOCAL CLIMATOLOGICAL DATA (WS FORM: F-6)

                                          STATION:   PRESTON MN
                                          MONTH:     APRIL
                                          YEAR:      2018
                                          LATITUDE:   43 40 N
                                          LONGITUDE:  92 11 W

  TEMPERATURE IN F:       :PCPN:    SNOW:  WIND      :SUNSHINE: SKY     :PK WND
================================================================================
1   2   3   4   5  6A  6B    7    8   9   10  11  12  13   14  15   16   17  18
                                     12Z  AVG MX 2MIN
DY MAX MIN AVG DEP HDD CDD  WTR  SNW DPTH SPD SPD DIR MIN PSBL S-S WX    SPD DR
================================================================================

 1  32  12  22   M  43   0 0.00  0.0    0 10.3 17 310   M    M   1        23 310
 2  36  19  28   M  37   0 0.00  0.0    0  8.1 14 170   M    M   6        20 170
 3  32  22  27   M  38   0 0.04    M    M 10.6 16 340   M    M  10 1      21 340
 4  23   8  16   M  49   0 0.00  0.0    M 11.2 16 320   M    M   4 1      23 320
 5  37  13  25   M  40   0    M    M    M  5.8 14 310   M    M   6        21 310
 6  31  11  21   M  44   0    M    M    M 18.0 27 330   M    M   3        38 310
 7  29   9  19   M  46   0    M    M    M 10.1 15 320   M    M   0        20 300
 8  32  12  22   M  43   0    M    M    M  3.8 10 150   M    M   5         M  M
 9  36  20  28   M  37   0 0.05    M    M  7.0 12 320   M    M   5 1       M  M
10  35  24  30   M  35   0 0.00  0.0    M  8.2 14 230   M    M   9        17 230
11  46  32  39   M  26   0 0.02  0.0    0  7.4 10 210   M    M   4 1       M  M
12  52  32  42   M  23   0 0.00    M    0  9.2 15  30   M    M   4 12     23 320
13  42  32  37   M  28   0 1.17    M    0 16.0 24  40   M    M  10 13     33  40
14  32  22  27   M  38   0    M  0.0    0 19.1 28  70   M    M  10 1      38  60
15  24  20  22   M  43   0    M    M    M 14.4 20  30   M    M  10 1      29  20
16  29  21  25   M  40   0    M    M    M 13.4 16 320   M    M  10        27 320
17  36  21  29   M  36   0 0.00  0.0    M  7.6 15 350   M    M   1        21 350
18  31  27  29   M  36   0 0.18    M    M  7.6 10 330   M    M   7 3       M  M
19  43  20  32   M  33   0 0.00  0.0    M  6.5 10 320   M    M   0         M  M
20  46  25  36   M  29   0 0.00  0.0    M  2.1  6 190   M    M   0         M  M
21  53  33  43   M  22   0 0.00  0.0    M  2.5  8 170   M    M   8         M  M
22  60  32  46   M  19   0 0.00  0.0    0  4.4 12 100   M    M   2         M  M
23  66  39  53   M  12   0 0.00  0.0    0  3.3  8  20   M    M   0         M  M
================================================================================
SM  883  506       797   0  1.46     0.0 206.6          M      115
================================================================================
AV 38.4 22.0                               9.0 FASTST   M    M   5    MAX(MPH)
                                 MISC ---->  # 28  70               # 38  310
================================================================================
NOTES:
# LAST OF SEVERAL OCCURRENCES

COLUMN 17 PEAK WIND IN M.P.H.

PRELIMINARY LOCAL CLIMATOLOGICAL DATA (WS FORM: F-6) , PAGE 2

                                          STATION:  PRESTON MN
                                          MONTH:    APRIL
                                          YEAR:     2018
                                          LATITUDE:   43 40 N
                                          LONGITUDE:  92 11 W

[TEMPERATURE DATA]      [PRECIPITATION DATA]       SYMBOLS USED IN COLUMN 16

AVERAGE MONTHLY: 30.2   TOTAL FOR MONTH:   1.46    1 = FOG OR MIST
DPTR FM NORMAL:     M   DPTR FM NORMAL:       M    2 = FOG REDUCING VISIBILITY
HIGHEST:    66 ON 23    GRTST 24HR  1.17 ON 13-13      TO 1/4 MILE OR LESS
LOWEST:      8 ON  4                               3 = THUNDER
                        SNOW, ICE PELLETS, HAIL    4 = ICE PELLETS
                        TOTAL MONTH:   0.0 INCH    5 = HAIL
                        GRTST 24HR     0.0         6 = FREEZING RAIN OR DRIZZLE
                        GRTST DEPTH:   0           7 = DUSTSTORM OR SANDSTORM:
                                                       VSBY 1/2 MILE OR LESS
                                                   8 = SMOKE OR HAZE
[NO. OF DAYS WITH]      [WEATHER - DAYS WITH]      9 = BLOWING SNOW
                                                   X = TORNADO
MAX 32 OR BELOW:  10    0.01 INCH OR MORE:   5
MAX 90 OR ABOVE:   0    0.10 INCH OR MORE:   2
MIN 32 OR BELOW:  21    0.50 INCH OR MORE:   1
MIN  0 OR BELOW:   0    1.00 INCH OR MORE:   1

[HDD (BASE 65) ]
TOTAL THIS MO.   797    CLEAR  (SCALE 0-3)   8
DPTR FM NORMAL     M    PTCLDY (SCALE 4-7)   9
TOTAL FM JUL 1  7721    CLOUDY (SCALE 8-10)  6
DPTR FM NORMAL     M

[CDD (BASE 65) ]
TOTAL THIS MO.     0
DPTR FM NORMAL     M    [PRESSURE DATA]
TOTAL FM JAN 1     0    HIGHEST SLP M ON M
DPTR FM NORMAL     M    LOWEST  SLP M ON M

[REMARKS]
