000
CXUS53 KMKX 190650
CF6FLD
PRELIMINARY LOCAL CLIMATOLOGICAL DATA (WS FORM: F-6)

                                          STATION:   FOND_DU_LAC WI
                                          MONTH:     JUNE
                                          YEAR:      2018
                                          LATITUDE:   43 46 N
                                          LONGITUDE:  88 29 W

  TEMPERATURE IN F:       :PCPN:    SNOW:  WIND      :SUNSHINE: SKY     :PK WND
================================================================================
1   2   3   4   5  6A  6B    7    8   9   10  11  12  13   14  15   16   17  18
                                     12Z  AVG MX 2MIN
DY MAX MIN AVG DEP HDD CDD  WTR  SNW DPTH SPD SPD DIR MIN PSBL S-S WX    SPD DR
================================================================================

 1  74  52  63   0   2   0 0.00  0.0    0  9.7 18  70   M    M   4        22  60
 2  68  53  61  -2   4   0 0.51  0.0    0  8.6 16  70   M    M   9 13     20  80
 3  66  54  60  -4   5   0    T  0.0    0 12.8 28 290   M    M   8        35 290
 4  79  51  65   1   0   0 0.01  0.0    0 10.8 23 290   M    M   3        30 260
 5  68  48  58  -6   7   0 0.01  0.0    0  8.6 16  20   M    M   2        22  30
 6  72  43  58  -7   7   0    T  0.0    0  6.0 21 120   M    M   2 3      26 120
 7  78  53  66   1   0   1 0.00  0.0    0  6.4 16  30   M    M   0 1      20  50
 8  76  54  65   0   0   0    T  0.0    0  6.3 16  50   M    M   4        20  50
 9  76  57  67   1   0   2 0.00  0.0    0  7.9 16  60   M    M   6 1      21  80
10  67  60  64  -2   1   0 0.00  0.0    0 10.6 21  90   M    M  10 1      28 100
11  77  59  68   2   0   3 0.00  0.0    0  9.7 18 130   M    M   4        24 110
12  81  64  73   6   0   8 0.00  0.0    0  6.1 13 190   M    M   9        17 170
13  81  58  70   3   0   5    T  0.0    0 11.2 25 320   M    M   2        30 330
14  81  54  68   1   0   3 0.00  0.0    0  5.4 14 160   M    M   0        18 190
15  74  57  66  -2   0   1 0.47  0.0    0 11.2 24  20   M    M   4 13     32  30
16  89  66  78  10   0  13    T  0.0    0  8.6 20 140   M    M   1 1      25 150
17  93  74  84  16   0  19 0.08  0.0    0 11.9 25 290   M    M   0 1      33 290
18  84  65  75   7   0  10 0.69  0.0    0  6.8 21  20   M    M   7 13     28 250
================================================================================
SM 1384 1022        26  65  1.77     0.0 158.6          M       75
================================================================================
AV 76.9 56.8                               8.8 FASTST   M    M   4    MAX(MPH)
                                 MISC ---->  # 28 290               # 35  290
================================================================================
NOTES:
# LAST OF SEVERAL OCCURRENCES

COLUMN 17 PEAK WIND IN M.P.H.

PRELIMINARY LOCAL CLIMATOLOGICAL DATA (WS FORM: F-6) , PAGE 2

                                          STATION:  FOND_DU_LAC WI
                                          MONTH:    JUNE
                                          YEAR:     2018
                                          LATITUDE:   43 46 N
                                          LONGITUDE:  88 29 W

[TEMPERATURE DATA]      [PRECIPITATION DATA]       SYMBOLS USED IN COLUMN 16

AVERAGE MONTHLY: 66.8   TOTAL FOR MONTH:   1.77    1 = FOG OR MIST
DPTR FM NORMAL:   1.1   DPTR FM NORMAL:   -0.84    2 = FOG REDUCING VISIBILITY
HIGHEST:    93 ON 17    GRTST 24HR  0.69 ON 18-18      TO 1/4 MILE OR LESS
LOWEST:     43 ON  6                               3 = THUNDER
                        SNOW, ICE PELLETS, HAIL    4 = ICE PELLETS
                        TOTAL MONTH:   0.0 INCH    5 = HAIL
                        GRTST 24HR     0.0         6 = FREEZING RAIN OR DRIZZLE
                        GRTST DEPTH:   0           7 = DUSTSTORM OR SANDSTORM:
                                                       VSBY 1/2 MILE OR LESS
                                                   8 = SMOKE OR HAZE
[NO. OF DAYS WITH]      [WEATHER - DAYS WITH]      9 = BLOWING SNOW
                                                   X = TORNADO
MAX 32 OR BELOW:   0    0.01 INCH OR MORE:   6
MAX 90 OR ABOVE:   1    0.10 INCH OR MORE:   3
MIN 32 OR BELOW:   0    0.50 INCH OR MORE:   2
MIN  0 OR BELOW:   0    1.00 INCH OR MORE:   0

[HDD (BASE 65) ]
TOTAL THIS MO.    26    CLEAR  (SCALE 0-3)   8
DPTR FM NORMAL   -18    PTCLDY (SCALE 4-7)   7
TOTAL FM JUL 1  7346    CLOUDY (SCALE 8-10)  3
DPTR FM NORMAL   109

[CDD (BASE 65) ]
TOTAL THIS MO.    65
DPTR FM NORMAL     7    [PRESSURE DATA]
TOTAL FM JAN 1   167    HIGHEST SLP M ON M
DPTR FM NORMAL    78    LOWEST  SLP 29.75 ON  1

[REMARKS]
