000
CXUS53 KMKX 240704
CF6FLD
PRELIMINARY LOCAL CLIMATOLOGICAL DATA (WS FORM: F-6)

                                          STATION:   FOND_DU_LAC WI
                                          MONTH:     FEBRUARY
                                          YEAR:      2018
                                          LATITUDE:   43 46 N
                                          LONGITUDE:  88 29 W

  TEMPERATURE IN F:       :PCPN:    SNOW:  WIND      :SUNSHINE: SKY     :PK WND
================================================================================
1   2   3   4   5  6A  6B    7    8   9   10  11  12  13   14  15   16   17  18
                                     12Z  AVG MX 2MIN
DY MAX MIN AVG DEP HDD CDD  WTR  SNW DPTH SPD SPD DIR MIN PSBL S-S WX    SPD DR
================================================================================

 1  32   2  17  -3  48   0    T    M    0 17.4 29 310   M    M   2        36 320
 2  17  -1   8 -12  57   0    T    M    M  8.7 16 290   M    M   2        23 280
 3  27  15  21   1  44   0 0.19    M    M 10.0 18  20   M    M  10 126    22 190
 4  15  -4   6 -14  59   0    T    M    M 13.1 24 360   M    M   6        30 360
 5  11 -12   0 -21  65   0    M    M    0  8.2 15 220   M    M   4        21 240
 6  12 -11   1 -20  64   0    T    M    M  4.4 10 310   M    M   3        13 260
 7  15   2   9 -12  56   0 0.01    M    M  5.6 14 290   M    M   6        17 260
 8  19   1  10 -11  55   0    T    M    M  7.3 14 210   M    M   5        18 230
 9  17 -10   4 -18  61   0 0.01    M    0  8.3 18  20   M    M   5        22  30
10  17  -1   8 -14  57   0    T    M    0  2.7 12 290   M    M   3        13 290
11  23  11  17  -5  48   0 0.05    M    0  5.8 14 250   M    M   5        18 260
12  17   2  10 -12  55   0 0.00    M    0  5.4 13 290   M    M   0        16 280
13  30   1  16  -6  49   0 0.00    M    0  9.6 20 180   M    M   3        24 180
14  43  23  33  10  32   0 0.00  0.0    0 13.2 21 210   M    M   2 1      27 200
15  45  33  39  16  26   0 0.00  0.0    0  9.7 18 350   M    M   3 18     23 340
16  33  16  25   2  40   0    T    M    M 11.0 23 310   M    M   3        28 310
17  28  16  22  -2  43   0    T    M    0  9.9 20 230   M    M   5 1      26 200
18  38  13  26   2  39   0 0.00  0.0    0 12.6 30 170   M    M   4        38 160
19  43  33  38  14  27   0 0.06    M    0  9.2 22  60   M    M   9 18     27  60
20  39  25  32   8  33   0 0.38    M    0  8.7 23 300   M    M   9 16     30 300
21  27  19  23  -2  42   0    T    M    0  8.8 21 310   M    M   1        25 320
22  35  20  28   3  37   0    T    M    0  8.6 16 140   M    M   9 68     21 160
23  38  31  35  10  30   0 0.07    M    M 10.4 18 150   M    M  10 1      22 280
================================================================================
SM  621  224      1067   0  0.77     0.0 208.6          M      109
================================================================================
AV 27.0  9.7                               9.1 FASTST   M    M   5    MAX(MPH)
                                 MISC ---->  # 30 170               # 38  160
================================================================================
NOTES:
# LAST OF SEVERAL OCCURRENCES

COLUMN 17 PEAK WIND IN M.P.H.

PRELIMINARY LOCAL CLIMATOLOGICAL DATA (WS FORM: F-6) , PAGE 2

                                          STATION:  FOND_DU_LAC WI
                                          MONTH:    FEBRUARY
                                          YEAR:     2018
                                          LATITUDE:   43 46 N
                                          LONGITUDE:  88 29 W

[TEMPERATURE DATA]      [PRECIPITATION DATA]       SYMBOLS USED IN COLUMN 16

AVERAGE MONTHLY: 18.4   TOTAL FOR MONTH:   0.77    1 = FOG OR MIST
DPTR FM NORMAL:  -4.0   DPTR FM NORMAL:    0.08    2 = FOG REDUCING VISIBILITY
HIGHEST:    45 ON 15    GRTST 24HR  0.38 ON 20-20      TO 1/4 MILE OR LESS
LOWEST:    -12 ON  5                               3 = THUNDER
                        SNOW, ICE PELLETS, HAIL    4 = ICE PELLETS
                        TOTAL MONTH:   0.0 INCH    5 = HAIL
                        GRTST 24HR     0.0         6 = FREEZING RAIN OR DRIZZLE
                        GRTST DEPTH:   0           7 = DUSTSTORM OR SANDSTORM:
                                                       VSBY 1/2 MILE OR LESS
                                                   8 = SMOKE OR HAZE
[NO. OF DAYS WITH]      [WEATHER - DAYS WITH]      9 = BLOWING SNOW
                                                   X = TORNADO
MAX 32 OR BELOW:  15    0.01 INCH OR MORE:   7
MAX 90 OR ABOVE:   0    0.10 INCH OR MORE:   2
MIN 32 OR BELOW:  21    0.50 INCH OR MORE:   0
MIN  0 OR BELOW:   6    1.00 INCH OR MORE:   0

[HDD (BASE 65) ]
TOTAL THIS MO.  1067    CLEAR  (SCALE 0-3)  10
DPTR FM NORMAL    85    PTCLDY (SCALE 4-7)   8
TOTAL FM JUL 1  5152    CLOUDY (SCALE 8-10)  5
DPTR FM NORMAL   -67

[CDD (BASE 65) ]
TOTAL THIS MO.     0
DPTR FM NORMAL     0    [PRESSURE DATA]
TOTAL FM JAN 1     0    HIGHEST SLP M ON M
DPTR FM NORMAL     0    LOWEST  SLP 29.68 ON 15

[REMARKS]
