000
CXUS56 KFGZ 190900
CF6FLG
PRELIMINARY LOCAL CLIMATOLOGICAL DATA (WS FORM: F-6)

                                          STATION:   FLAGSTAFF AZ AIRPORT
                                          MONTH:     JUNE
                                          YEAR:      2018
                                          LATITUDE:   35  7 N
                                          LONGITUDE: 111 40 W

  TEMPERATURE IN F:       :PCPN:    SNOW:  WIND      :SUNSHINE: SKY     :PK WND
================================================================================
1   2   3   4   5  6A  6B    7    8   9   10  11  12  13   14  15   16   17  18
                                     12Z  AVG MX 2MIN
DY MAX MIN AVG DEP HDD CDD  WTR  SNW DPTH SPD SPD DIR MIN PSBL S-S WX    SPD DR
================================================================================

 1  78  42  60   4   5   0 0.00  0.0    0  6.6 17 210   M    M   0        24 230
 2  81  36  59   3   6   0 0.00  0.0    0  5.9 23 210   M    M   0 8      30 210
 3  84  37  61   5   4   0 0.00    M    M  5.9 21 200   M    M   0        27 200
 4  84  42  63   7   2   0 0.00    M    M  7.8 24 220   M    M   0        31 230
 5  79  43  61   4   4   0 0.00  0.0    0  8.4 23 220   M    M   0        30 210
 6  78  44  61   4   4   0 0.00  0.0    0  8.7 24 220   M    M   0 8      30 220
 7  78  38  58   1   7   0 0.00  0.0    0  9.9 33 210   M    M   0        40 210
 8  82  35  59   1   6   0 0.00  0.0    0  7.5 28 230   M    M   0 8      33 210
 9  81  41  61   3   4   0 0.00  0.0    0 12.1 31 210   M    M   0        44 210
10  80  43  62   4   3   0 0.00  0.0    0 13.0 31 220   M    M   0        40 230
11  84  41  63   5   2   0 0.00  0.0    0  6.5 23 220   M    M   0        29 210
12  85  46  66   7   0   1 0.00  0.0    0  6.3 23 230   M    M   0 8      30 230
13  85  50  68   9   0   3 0.00  0.0    0  8.3 31 210   M    M   1        40 210
14  83  52  68   9   0   3 0.00  0.0    0  8.1 28 220   M    M   1        35 220
15  78  50  64   4   1   0 0.00  0.0    0  9.2 23 220   M    M   2        29 210
16  60  53  57  -3   8   0 0.38  0.0    0  5.6 15 220   M    M  10 18     19 220
17  71  46  59  -1   6   0 0.00  0.0    0 12.1 31 220   M    M   2        38 230
18  75  37  56  -5   9   0 0.00  0.0    0  9.1 28 210   M    M   0        35 220
================================================================================
SM 1426  776        71   7  0.38     0.0 151.0          M       16
================================================================================
AV 79.2 43.1                               8.4 FASTST   M    M   1    MAX(MPH)
                                 MISC ---->  # 33 210               # 44  210
================================================================================
NOTES:
# LAST OF SEVERAL OCCURRENCES

COLUMN 17 PEAK WIND IN M.P.H.

PRELIMINARY LOCAL CLIMATOLOGICAL DATA (WS FORM: F-6) , PAGE 2

                                          STATION:  FLAGSTAFF AZ AIRPORT
                                          MONTH:    JUNE
                                          YEAR:     2018
                                          LATITUDE:   35  7 N
                                          LONGITUDE: 111 40 W

[TEMPERATURE DATA]      [PRECIPITATION DATA]       SYMBOLS USED IN COLUMN 16

AVERAGE MONTHLY: 61.2   TOTAL FOR MONTH:   0.38    1 = FOG OR MIST
DPTR FM NORMAL:   3.1   DPTR FM NORMAL:    0.20    2 = FOG REDUCING VISIBILITY
HIGHEST:    85 ON 13,12 GRTST 24HR  0.38 ON 16-16      TO 1/4 MILE OR LESS
LOWEST:     35 ON  8                               3 = THUNDER
                        SNOW, ICE PELLETS, HAIL    4 = ICE PELLETS
                        TOTAL MONTH:   0.0 INCH    5 = HAIL
                        GRTST 24HR     0.0         6 = FREEZING RAIN OR DRIZZLE
                        GRTST DEPTH:   0           7 = DUSTSTORM OR SANDSTORM:
                                                       VSBY 1/2 MILE OR LESS
                                                   8 = SMOKE OR HAZE
[NO. OF DAYS WITH]      [WEATHER - DAYS WITH]      9 = BLOWING SNOW
                                                   X = TORNADO
MAX 32 OR BELOW:   0    0.01 INCH OR MORE:   1
MAX 90 OR ABOVE:   0    0.10 INCH OR MORE:   1
MIN 32 OR BELOW:   0    0.50 INCH OR MORE:   0
MIN  0 OR BELOW:   0    1.00 INCH OR MORE:   0

[HDD (BASE 65) ]
TOTAL THIS MO.    71    CLEAR  (SCALE 0-3)  17
DPTR FM NORMAL   -59    PTCLDY (SCALE 4-7)   0
TOTAL FM JUL 1  5940    CLOUDY (SCALE 8-10)  1
DPTR FM NORMAL  -963

[CDD (BASE 65) ]
TOTAL THIS MO.     7
DPTR FM NORMAL     6    [PRESSURE DATA]
TOTAL FM JAN 1     7    HIGHEST SLP M ON M
DPTR FM NORMAL     6    LOWEST  SLP 29.68 ON 16

[REMARKS]
