000
CXUS52 KILM 181000
CF6FLO
PRELIMINARY LOCAL CLIMATOLOGICAL DATA (WS FORM: F-6)

                                          STATION:   FLORENCE SOUTH  CAROLINA
                                          MONTH:     OCTOBER
                                          YEAR:      2019
                                          LATITUDE:   34 10 N
                                          LONGITUDE:  79 43 W

  TEMPERATURE IN F:       :PCPN:    SNOW:  WIND      :SUNSHINE: SKY     :PK WND
================================================================================
1   2   3   4   5  6A  6B    7    8   9   10  11  12  13   14  15   16   17  18
                                     12Z  AVG MX 2MIN
DY MAX MIN AVG DEP HDD CDD  WTR  SNW DPTH SPD SPD DIR MIN PSBL S-S WX    SPD DR
================================================================================

 1  89  71  80  11   0  15 0.00    M    M  3.9  9  40   M    M   5 1      14  60
 2  95  68  82  13   0  17 0.00    M    M  4.2 10 260   M    M   0 1      13 230
 3  99  72  86  18   0  21 0.00    M    M  5.4 10 160   M    M   0        13 160
 4  99  72  86  18   0  21 0.03    M    M  6.3 21  70   M    M   2 13     26  80
 5  73  65  69   1   0   4 0.33    M    M 11.1 20  70   M    M  10 13     25  80
 6  86  62  74   6   0   9 0.00    M    M  7.3 17 120   M    M   4        22 130
 7  80  65  73   6   0   8 0.11    M    M  5.3 16 130   M    M   8 1      19 110
 8  79  64  72   5   0   7 0.00    M    M 10.1 21  40   M    M   7        25  30
 9  78  60  69   3   0   4 0.00    M    M  8.7 16  30   M    M   7 1      21  30
10  79  56  68   2   0   3 0.00    M    M  6.9 16  40   M    M   1        23  10
11  82  52  67   1   0   2 0.00    M    M  3.5 10 350   M    M   0        14 330
12  86  56  71   6   0   6 0.00    M    M  6.2 15 270   M    M   0        19 270
13  84  63  74   9   0   9 0.35    M    M  6.3 15 220   M    M   5 13     20 230
14  81  58  70   5   0   5 0.07    M    M  4.7 13 210   M    M   3 1      17 340
15  76  53  65   1   0   0    T    M    M  3.8 10 140   M    M   2        13 140
16  80  53  67   3   0   2 0.51    M    M  8.0 21 290   M    M   5 1      39 270
17  71  45  58  -6   7   0 0.00    M    M  5.9 15 300   M    M   0        19 290
================================================================================
SM 1417 1035         7 133  1.40    M    107.6          M       59
================================================================================
AV 83.4 60.9                               6.3 FASTST   M    M   3    MAX(MPH)
                                 MISC ---->  # 21  70               # 39  270
================================================================================
NOTES:
# LAST OF SEVERAL OCCURRENCES

COLUMN 17 PEAK WIND IN M.P.H.

PRELIMINARY LOCAL CLIMATOLOGICAL DATA (WS FORM: F-6) , PAGE 2

                                          STATION:  FLORENCE SOUTH  CAROLINA
                                          MONTH:    OCTOBER
                                          YEAR:     2019
                                          LATITUDE:   34 10 N
                                          LONGITUDE:  79 43 W

[TEMPERATURE DATA]      [PRECIPITATION DATA]       SYMBOLS USED IN COLUMN 16

AVERAGE MONTHLY: 72.1   TOTAL FOR MONTH:   1.40    1 = FOG OR MIST
DPTR FM NORMAL:   5.7   DPTR FM NORMAL:   -0.45    2 = FOG REDUCING VISIBILITY
HIGHEST:    99 ON  4, 3 GRTST 24HR  0.51 ON 16-16      TO 1/4 MILE OR LESS
LOWEST:     45 ON 17                               3 = THUNDER
                        SNOW, ICE PELLETS, HAIL    4 = ICE PELLETS
                        TOTAL MONTH:    M          5 = HAIL
                        GRTST 24HR    M  ON   M    6 = FREEZING RAIN OR DRIZZLE
                        GRTST DEPTH:  M  ON   M    7 = DUSTSTORM OR SANDSTORM:
                                                       VSBY 1/2 MILE OR LESS
                                                   8 = SMOKE OR HAZE
[NO. OF DAYS WITH]      [WEATHER - DAYS WITH]      9 = BLOWING SNOW
                                                   X = TORNADO
MAX 32 OR BELOW:   0    0.01 INCH OR MORE:   6
MAX 90 OR ABOVE:   3    0.10 INCH OR MORE:   4
MIN 32 OR BELOW:   0    0.50 INCH OR MORE:   1
MIN  0 OR BELOW:   0    1.00 INCH OR MORE:   0

[HDD (BASE 65) ]
TOTAL THIS MO.     7    CLEAR  (SCALE 0-3)   9
DPTR FM NORMAL   -30    PTCLDY (SCALE 4-7)   7
TOTAL FM JUL 1     7    CLOUDY (SCALE 8-10)  1
DPTR FM NORMAL   -39

[CDD (BASE 65) ]
TOTAL THIS MO.   133
DPTR FM NORMAL    71    [PRESSURE DATA]
TOTAL FM JAN 1  2611    HIGHEST SLP M ON M
DPTR FM NORMAL   593    LOWEST  SLP 29.58 ON 16

[REMARKS]
