000
CXUS52 KILM 161000
CF6FLO
PRELIMINARY LOCAL CLIMATOLOGICAL DATA (WS FORM: F-6)

                                          STATION:   FLORENCE SOUTH  CAROLINA
                                          MONTH:     JANUARY
                                          YEAR:      2019
                                          LATITUDE:   34 10 N
                                          LONGITUDE:  79 43 W

  TEMPERATURE IN F:       :PCPN:    SNOW:  WIND      :SUNSHINE: SKY     :PK WND
================================================================================
1   2   3   4   5  6A  6B    7    8   9   10  11  12  13   14  15   16   17  18
                                     12Z  AVG MX 2MIN
DY MAX MIN AVG DEP HDD CDD  WTR  SNW DPTH SPD SPD DIR MIN PSBL S-S WX    SPD DR
================================================================================

 1  74  66  70  25   0   5    T    M    M  8.0 17 260   M    M   9 1      21 250
 2  67  58  63  18   2   0 0.01    M    M  5.2 10  80   M    M  10 1      13  80
 3  62  56  59  14   6   0 0.02    M    M  4.1 10 360   M    M  10 12     12 360
 4  66  57  62  17   3   0 0.74    M    M  9.4 28 240   M    M   9 1      36 250
 5  63  48  56  12   9   0 0.00    M    M 12.8 23 250   M    M   0        32 250
 6  71  40  56  12   9   0 0.00    M    M  2.6 10 310   M    M   0 1      13 300
 7  67  43  55  11  10   0 0.00    M    M  6.4 13 110   M    M   2        17 130
 8  73  48  61  17   4   0 0.00    M    M  7.8 18 230   M    M   1 18     24 240
 9  61  39  50   6  15   0 0.00    M    M 10.8 23 270   M    M   0 8      29 300
10  47  30  39  -5  26   0 0.00    M    M  8.7 18 340   M    M   0        23 350
11  46  26  36  -8  29   0 0.00    M    M  4.2 12  60   M    M   0        15  50
12  47  31  39  -6  26   0    T    M    M  8.0 14  60   M    M   7        17  50
13  44  38  41  -4  24   0 0.31    M    M  8.7 14 330   M    M  10 1      17 350
14  46  33  40  -5  25   0 0.00    M    M  5.6 14 340   M    M   9 1      17 330
15  50  32  41  -4  24   0 0.00    M    M  1.3  7 280   M    M  10 1      10 280
================================================================================
SM  884  645       212   5  1.08    M    103.6          M       77
================================================================================
AV 58.9 43.0                               6.9 FASTST   M    M   5    MAX(MPH)
                                 MISC ---->  # 28 240               # 36  250
================================================================================
NOTES:
# LAST OF SEVERAL OCCURRENCES

COLUMN 17 PEAK WIND IN M.P.H.

PRELIMINARY LOCAL CLIMATOLOGICAL DATA (WS FORM: F-6) , PAGE 2

                                          STATION:  FLORENCE SOUTH  CAROLINA
                                          MONTH:    JANUARY
                                          YEAR:     2019
                                          LATITUDE:   34 10 N
                                          LONGITUDE:  79 43 W

[TEMPERATURE DATA]      [PRECIPITATION DATA]       SYMBOLS USED IN COLUMN 16

AVERAGE MONTHLY: 51.0   TOTAL FOR MONTH:   1.08    1 = FOG OR MIST
DPTR FM NORMAL:   6.4   DPTR FM NORMAL:   -0.51    2 = FOG REDUCING VISIBILITY
HIGHEST:    74 ON  1    GRTST 24HR  0.74 ON  4- 4      TO 1/4 MILE OR LESS
LOWEST:     26 ON 11                               3 = THUNDER
                        SNOW, ICE PELLETS, HAIL    4 = ICE PELLETS
                        TOTAL MONTH:    M          5 = HAIL
                        GRTST 24HR    M  ON   M    6 = FREEZING RAIN OR DRIZZLE
                        GRTST DEPTH:  M  ON   M    7 = DUSTSTORM OR SANDSTORM:
                                                       VSBY 1/2 MILE OR LESS
                                                   8 = SMOKE OR HAZE
[NO. OF DAYS WITH]      [WEATHER - DAYS WITH]      9 = BLOWING SNOW
                                                   X = TORNADO
MAX 32 OR BELOW:   0    0.01 INCH OR MORE:   4
MAX 90 OR ABOVE:   0    0.10 INCH OR MORE:   2
MIN 32 OR BELOW:   4    0.50 INCH OR MORE:   1
MIN  0 OR BELOW:   0    1.00 INCH OR MORE:   0

[HDD (BASE 65) ]
TOTAL THIS MO.   212    CLEAR  (SCALE 0-3)   7
DPTR FM NORMAL   -95    PTCLDY (SCALE 4-7)   1
TOTAL FM JUL 1  1111    CLOUDY (SCALE 8-10)  7
DPTR FM NORMAL  -175

[CDD (BASE 65) ]
TOTAL THIS MO.     5
DPTR FM NORMAL     5    [PRESSURE DATA]
TOTAL FM JAN 1     5    HIGHEST SLP M ON M
DPTR FM NORMAL     5    LOWEST  SLP 29.62 ON  4

[REMARKS]
