842
CXUS54 KMAF 191110
CF6FST
PRELIMINARY LOCAL CLIMATOLOGICAL DATA (WS FORM: F-6)

                                          STATION:   FORT STOCKTON
                                          MONTH:     OCTOBER
                                          YEAR:      2019
                                          LATITUDE:   30 55 N
                                          LONGITUDE: 102 55 W

  TEMPERATURE IN F:       :PCPN:    SNOW:  WIND      :SUNSHINE: SKY     :PK WND
================================================================================
1   2   3   4   5  6A  6B    7    8   9   10  11  12  13   14  15   16   17  18
                                     12Z  AVG MX 2MIN
DY MAX MIN AVG DEP HDD CDD  WTR  SNW DPTH SPD SPD DIR MIN PSBL S-S WX    SPD DR
================================================================================

 1  90  74  82  10   0  17 0.00    M    M 19.5 28 160   M    M   0        36 150
 2  89  69  79   7   0  14    T    M    M  8.2 23 280   M    M   2 3      30 180
 3  88  65  77   5   0  12 0.00    M    M 10.5 22 150   M    M   1        26 150
 4  86  60  73   2   0   8 0.00    M    M  8.4 18 150   M    M   0        24 150
 5  91  65  78   7   0  13 0.00    M    M  7.9 15 320   M    M   0        20 170
 6  93  67  80   9   0  15 0.00    M    M 10.6 29  60   M    M   1        37  50
 7  73  59  66  -4   0   1 0.00    M    M  8.6 21  50   M    M   6        26  50
 8  88  54  71   1   0   6 0.00    M    M 10.3 21 160   M    M   1        25 150
 9  92  62  77   7   0  12 0.00    M    M  8.9 17 190   M    M   2 8      23 210
10  92  64  78   8   0  13 0.00    M    M  7.4 17  40   M    M   0        22  40
11  65  41  53 -16  12   0 0.00    M    M 11.6 26  40   M    M   1        35  40
12  71  48  60  -9   5   0 0.00    M    M 11.5 18 150   M    M   5        23 140
13  85  53  69   0   0   4 0.00    M    M  8.8 17 210   M    M   0        21 210
14  76  64  70   2   0   5 0.12    M    M  9.8 18 220   M    M   6 1      23 220
15  82  64  73   5   0   8 0.04    M    M  7.6 18  60   M    M   3        24  60
16  68  51  60  -8   5   0 0.00  0.0    0  6.5 15  60   M    M   4        24  60
17  82  49  66  -1   0   1 0.00  0.0    0  9.0 21 160   M    M   0        27 160
18  89  57  73   6   0   8 0.00  0.0    0 11.8 20 280   M    M   1        27 260
================================================================================
SM 1500 1066        22 137  0.16  0.0    176.9          M       33
================================================================================
AV 83.3 59.2                               9.8 FASTST   M    M   2    MAX(MPH)
                                 MISC ---->    29  60                 37  50
================================================================================
NOTES:
# LAST OF SEVERAL OCCURRENCES

COLUMN 17 PEAK WIND IN M.P.H.

PRELIMINARY LOCAL CLIMATOLOGICAL DATA (WS FORM: F-6) , PAGE 2

                                          STATION:   FORT STOCKTON
                                          MONTH:     OCTOBER
                                          YEAR:      2019
                                          LATITUDE:   30 55 N
                                          LONGITUDE: 102 55 W

[TEMPERATURE DATA]      [PRECIPITATION DATA]       SYMBOLS USED IN COLUMN 16

AVERAGE MONTHLY: 71.3   TOTAL FOR MONTH:   0.16    1 = FOG OR MIST
DPTR FM NORMAL:   1.6   DPTR FM NORMAL:   -1.10    2 = FOG REDUCING VISIBILITY
HIGHEST:    93 ON  6    GRTST 24HR  0.13 ON 14-15      TO 1/4 MILE OR LESS
LOWEST:     41 ON 11                               3 = THUNDER
                        SNOW, ICE PELLETS, HAIL    4 = ICE PELLETS
                        TOTAL MONTH:   0.0 INCH    5 = HAIL
                        GRTST 24HR  0.0            6 = FREEZING RAIN OR DRIZZLE
                        GRTST DEPTH:  0            7 = DUSTSTORM OR SANDSTORM:
                                                       VSBY 1/2 MILE OR LESS
                                                   8 = SMOKE OR HAZE
[NO. OF DAYS WITH]      [WEATHER - DAYS WITH]      9 = BLOWING SNOW
                                                   X = TORNADO
MAX 32 OR BELOW:   0    0.01 INCH OR MORE:   2
MAX 90 OR ABOVE:   5    0.10 INCH OR MORE:   1
MIN 32 OR BELOW:   0    0.50 INCH OR MORE:   0
MIN  0 OR BELOW:   0    1.00 INCH OR MORE:   0

[HDD (BASE 65) ]
TOTAL THIS MO.    22    CLEAR  (SCALE 0-3)  13
DPTR FM NORMAL     4    PTCLDY (SCALE 4-7)   5
TOTAL FM JUL 1    22    CLOUDY (SCALE 8-10)  0
DPTR FM NORMAL     1

[CDD (BASE 65) ]
TOTAL THIS MO.   137
DPTR FM NORMAL    34    [PRESSURE DATA]
TOTAL FM JAN 1  2775    HIGHEST SLP M ON M
DPTR FM NORMAL   277    LOWEST  SLP 29.57 ON 18

[REMARKS]
