000
CXUS54 KMAF 271110
CF6FST
PRELIMINARY LOCAL CLIMATOLOGICAL DATA (WS FORM: F-6)

                                          STATION:   FORT STOCKTON
                                          MONTH:     MAY
                                          YEAR:      2020
                                          LATITUDE:   30 55 N
                                          LONGITUDE: 102 55 W

  TEMPERATURE IN F:       :PCPN:    SNOW:  WIND      :SUNSHINE: SKY     :PK WND
================================================================================
1   2   3   4   5  6A  6B    7    8   9   10  11  12  13   14  15   16   17  18
                                     12Z  AVG MX 2MIN
DY MAX MIN AVG DEP HDD CDD  WTR  SNW DPTH SPD SPD DIR MIN PSBL S-S WX    SPD DR
================================================================================

 1  99  63  81   9   0  16    T    M    M 13.0 30 160   M    M   0 38     42 210
 2 100  69  85  13   0  20    T    M    M 12.8 45 230   M    M   1 38     71 210
 3 101  71  86  14   0  21 0.00    M    M 11.4 21 320   M    M   0        26 200
 4 102  72  87  15   0  22 0.00    M    M 10.9 18 310   M    M   0        25 330
 5  83  65  74   1   0   9    T    M    M 12.6 23  40   M    M   1        31  50
 6  89  59  74   1   0   9    T    M    M 13.5 23 150   M    M   0        33 150
 7 102  65  84  11   0  19    T    M    M 18.5 33 160   M    M   0 38     44 160
 8  76  57  67  -7   0   2 0.00    M    M 14.7 33  30   M    M   1 8      45  30
 9  86  52  69  -5   0   4 0.00    M    M 12.1 22 110   M    M   0        27 110
10  82  59  71  -3   0   6 0.00    M    M 17.3 30 150   M    M   1        41 140
11  88  56  72  -2   0   7 2.99  0.0    0 16.6 55 320   M    M   3 1238   67 320
12  90  59  75   0   0  10 0.00  0.0    0 14.0 30 200   M    M   0        58 160
13  90  66  78   3   0  13 0.33    M    M 18.2 30 170   M    M   1 3      48 160
14  92  63  78   3   0  13 0.00  0.0    0 12.7 21 190   M    M   0        46 160
15  87  62  75  -1   0  10 0.00  0.0    0 15.4 25 180   M    M   0 8      53 160
16  86  55  71  -5   0   6 0.00    M    M 15.0 15  70   M    M   0        23  70
17  90  63  77   1   0  12 0.00  0.0    0    M  M   M   M    M   0         M   M
18 100  66  83   7   0  18 0.00    M    M 12.0 23 110   M    M   0        39  90
19 101  71  86   9   0  21 0.08  0.0    0 11.3 39 240   M    M   1 38     52 220
20  98  70  84   7   0  19 0.00  0.0    0 10.4 29 160   M    M   0        38 300
21  96  64  80   3   0  15 0.00  0.0    0  9.3 20 340   M    M   0        26 160
22  95  65  80   3   0  15 0.00  0.0    0  8.3 22 140   M    M   0        28 150
23  93  64  79   1   0  14 0.05  0.0    0 12.3 46 170   M    M   0 38     61 160
24  92  63  78   0   0  13    T  0.0    0 13.7 28 160   M    M   0        37 160
25  82  59  71  -7   0   6 0.00    M    M 12.1 23  10   M    M   1        29  10
26  83  55  69  -9   0   4 0.00    M    M  5.3 13 160   M    M   0        19 160
================================================================================
SM 2383 1633         0 324  3.45  0.0    323.4          M       10
================================================================================
AV 91.7 62.8                              12.9 FASTST   M    M   0    MAX(MPH)
                                 MISC ---->    55 320                 71 210
================================================================================
NOTES:
# LAST OF SEVERAL OCCURRENCES

COLUMN 17 PEAK WIND IN M.P.H.

PRELIMINARY LOCAL CLIMATOLOGICAL DATA (WS FORM: F-6) , PAGE 2

                                          STATION:   FORT STOCKTON
                                          MONTH:     MAY
                                          YEAR:      2020
                                          LATITUDE:   30 55 N
                                          LONGITUDE: 102 55 W

[TEMPERATURE DATA]      [PRECIPITATION DATA]       SYMBOLS USED IN COLUMN 16

AVERAGE MONTHLY: 77.2   TOTAL FOR MONTH:   3.45    1 = FOG OR MIST
DPTR FM NORMAL:   2.2   DPTR FM NORMAL:    2.40    2 = FOG REDUCING VISIBILITY
HIGHEST:   102 ON  7, 4  GRTST 24HR  2.99 ON 11-11      TO 1/4 MILE OR LESS
LOWEST:     52 ON  9                               3 = THUNDER
                        SNOW, ICE PELLETS, HAIL    4 = ICE PELLETS
                        TOTAL MONTH:   0.0 INCH    5 = HAIL
                        GRTST 24HR  0.0            6 = FREEZING RAIN OR DRIZZLE
                        GRTST DEPTH:  0            7 = DUSTSTORM OR SANDSTORM:
                                                       VSBY 1/2 MILE OR LESS
                                                   8 = SMOKE OR HAZE
[NO. OF DAYS WITH]      [WEATHER - DAYS WITH]      9 = BLOWING SNOW
                                                   X = TORNADO
MAX 32 OR BELOW:   0    0.01 INCH OR MORE:   4
MAX 90 OR ABOVE:  16    0.10 INCH OR MORE:   2
MIN 32 OR BELOW:   0    0.50 INCH OR MORE:   1
MIN  0 OR BELOW:   0    1.00 INCH OR MORE:   1

[HDD (BASE 65) ]
TOTAL THIS MO.     0    CLEAR  (SCALE 0-3)  26
DPTR FM NORMAL    -7    PTCLDY (SCALE 4-7)   0
TOTAL FM JUL 1  1877    CLOUDY (SCALE 8-10)  0
DPTR FM NORMAL   -64

[CDD (BASE 65) ]
TOTAL THIS MO.   324
DPTR FM NORMAL    51    [PRESSURE DATA]
TOTAL FM JAN 1   551    HIGHEST SLP M ON M
DPTR FM NORMAL    80    LOWEST  SLP 29.52 ON 20

[REMARKS]
