000
CXUS54 KMAF 211100
CF6FST
PRELIMINARY LOCAL CLIMATOLOGICAL DATA (WS FORM: F-6)

                                          STATION:   Fort Stockton
                                          MONTH:     FEBRUARY
                                          YEAR:      2018
                                          LATITUDE:   30 55 N
                                          LONGITUDE: 102 55 W

  TEMPERATURE IN F:       :PCPN:    SNOW:  WIND      :SUNSHINE: SKY     :PK WND
================================================================================
1   2   3   4   5  6A  6B    7    8   9   10  11  12  13   14  15   16   17  18
                                     12Z  AVG MX 2MIN
DY MAX MIN AVG DEP HDD CDD  WTR  SNW DPTH SPD SPD DIR MIN PSBL S-S WX    SPD DR
================================================================================

 1  59  44  52   1  13   0 0.00  0.0    0 10.5 21  20   M    M   0        30  20
 2  58  31  45  -6  20   0 0.00  0.0    0  9.6 16 160   M    M   0        20 110
 3  77  51  64  13   1   0    T  0.0    0 16.8 32 280   M    M   3 8      41 260
 4  74  43  59   8   6   0 0.00  0.0    0  9.7 16 330   M    M   0        19 320
 5  75  27  51   0  14   0 0.00  0.0    0  7.2 16 160   M    M   0        20 160
 6  65  43  54   3  11   0 0.00  0.0    0  8.2 18 170   M    M   2 1      23 170
 7  52  33  43  -8  22   0 0.00  0.0    0  7.2 23  10   M    M   5 18     27  10
 8  70  32  51  -1  14   0 0.00  0.0    0  8.5 20 160   M    M   0        25 160
 9  78  43  61   9   4   0 0.00  0.0    0 10.6 18 200   M    M   0        24 200
10  59  39  49  -3  16   0 0.00  0.0    0 10.4 18 220   M    M   1 1      23 230
11  56  24  40 -12  25   0 0.00  0.0    0  9.8 22  10   M    M   4 1      29  50
12  59  32  46  -6  19   0 0.00  0.0    0 14.6 23 140   M    M   1        30 140
13  67  34  51  -1  14   0 0.00  0.0    0  6.9 18 150   M    M   0 8      27 150
14  86  50  68  16   0   3 0.00  0.0    0  6.1 16 210   M    M   0        27 210
15   M   M   M   M   M   M    M    M    M   M   M   M   M    M   M         M  M
16  87  49  68  15   0   3    T    M    M  9.3 28 330   M    M   0        32 320
17  73  46  60   7   5   0    T    M    0  8.9 24 320   M    M   3        28 310
18  83  51  67  14   0   2    T  0.0    0 10.7 23 200   M    M   0        30 180
19   M   M   M   M   M   M 0.00  0.0    0 13.0 24 230   M    M   1 8      37 220
20  78  47  63   9   2   0 0.00  0.0    M 13.0 28 220   M    M   0 8      36 220
================================================================================
SM 1256  719       186   8    T      0.0 191.0          M       20
================================================================================
AV 69.8 39.9                              10.1 FASTST   M    M   1    MAX(MPH)
                                 MISC ---->  # 32 280               # 41  260
================================================================================
NOTES:
# LAST OF SEVERAL OCCURRENCES

COLUMN 17 PEAK WIND IN M.P.H.

PRELIMINARY LOCAL CLIMATOLOGICAL DATA (WS FORM: F-6) , PAGE 2

                                          STATION:  Fort Stockton
                                          MONTH:    FEBRUARY
                                          YEAR:     2018
                                          LATITUDE:   30 55 N
                                          LONGITUDE: 102 55 W

[TEMPERATURE DATA]      [PRECIPITATION DATA]       SYMBOLS USED IN COLUMN 16

AVERAGE MONTHLY: 54.9   TOTAL FOR MONTH:      T    1 = FOG OR MIST
DPTR FM NORMAL:   2.8   DPTR FM NORMAL:   -0.47    2 = FOG REDUCING VISIBILITY
HIGHEST:    87 ON 16    GRTST 24HR    T  ON 18-18      TO 1/4 MILE OR LESS
LOWEST:     24 ON 11                               3 = THUNDER
                        SNOW, ICE PELLETS, HAIL    4 = ICE PELLETS
                        TOTAL MONTH:   0.0 INCH    5 = HAIL
                        GRTST 24HR     0.0         6 = FREEZING RAIN OR DRIZZLE
                        GRTST DEPTH:   0           7 = DUSTSTORM OR SANDSTORM:
                                                       VSBY 1/2 MILE OR LESS
                                                   8 = SMOKE OR HAZE
[NO. OF DAYS WITH]      [WEATHER - DAYS WITH]      9 = BLOWING SNOW
                                                   X = TORNADO
MAX 32 OR BELOW:   0    0.01 INCH OR MORE:   0
MAX 90 OR ABOVE:   0    0.10 INCH OR MORE:   0
MIN 32 OR BELOW:   5    0.50 INCH OR MORE:   0
MIN  0 OR BELOW:   0    1.00 INCH OR MORE:   0

[HDD (BASE 65) ]
TOTAL THIS MO.   186    CLEAR  (SCALE 0-3)  16
DPTR FM NORMAL   -77    PTCLDY (SCALE 4-7)   3
TOTAL FM JUL 1  1525    CLOUDY (SCALE 8-10)  0
DPTR FM NORMAL   -45

[CDD (BASE 65) ]
TOTAL THIS MO.     8
DPTR FM NORMAL     8    [PRESSURE DATA]
TOTAL FM JAN 1     8    HIGHEST SLP M ON M
DPTR FM NORMAL     7    LOWEST  SLP 29.61 ON 20

[REMARKS]
