000
CXUS53 KIWX 210800
CF6FWA
PRELIMINARY LOCAL CLIMATOLOGICAL DATA (WS FORM: F-6)

                                          STATION:   FORT WAYNE
                                          MONTH:     JANUARY
                                          YEAR:      2019
                                          LATITUDE:   41  0 N
                                          LONGITUDE:  85 12 W

  TEMPERATURE IN F:       :PCPN:    SNOW:  WIND      :SUNSHINE: SKY     :PK WND
================================================================================
1   2   3   4   5  6A  6B    7    8   9   10  11  12  13   14  15   16   17  18
                                     12Z  AVG MX 2MIN
DY MAX MIN AVG DEP HDD CDD  WTR  SNW DPTH SPD SPD DIR MIN PSBL S-S WX    SPD DR
================================================================================

 1  43  34  39  13  26   0 0.00  0.0    0  8.9 32 270   M    M  10        45 270
 2  39  32  36  10  29   0 0.01    T    0 10.4 23 270   M    M  10 16     33 270
 3  39  28  34   9  31   0 0.00  0.0    0 11.4 22 290   M    M   4        30 300
 4  52  28  40  15  25   0 0.00  0.0    0  4.4 10 200   M    M   4 1      15 310
 5  51  30  41  16  24   0 0.00  0.0    0  9.5 18 250   M    M   2 1      23 230
 6  43  31  37  12  28   0 0.00  0.0    0  9.2 21  90   M    M   6        27  80
 7  55  35  45  20  20   0 0.09  0.0    0 16.7 26 230   M    M  10 1      38 200
 8  53  39  46  21  19   0    T    T    0 16.1 31 270   M    M   7 1      41 280
 9  39  21  30   5  35   0    T  0.5    T 16.9 28 280   M    M  10 1      36 280
10  29  21  25   0  40   0    T    T    1  9.5 17 280   M    M  10 1      23 350
11  30  27  29   4  36   0    T    T    T  4.6 10 150   M    M  10 18     13 150
12  30  27  29   4  36   0 0.28  3.1    0 13.0 24  70   M    M  10 12     32  70
13  30  12  21  -4  44   0    T    T    3 11.5 24  40   M    M   7 18     32  60
14  31   7  19  -6  46   0 0.00  0.0    2  4.6 15 280   M    M   2 18     19 260
15  31  21  26   1  39   0    T    T    2 13.8 22 260   M    M  10 16     31 250
16  37  29  33   8  32   0 0.01  0.1    2  8.6 23 260   M    M   9 16     32 260
17  36  29  33   8  32   0 0.18  0.9    1  6.3 12  90   M    M  10 1246   15  80
18  36  33  35  10  30   0 0.00  0.0    1  8.1 18  80   M    M  10 18     23  80
19  33  17  25   0  40   0 0.22  4.7    5 21.7 30  30   M    M  10 129    42  40
20  17   3  10 -15  55   0 0.00  0.0    4 11.6 26 350   M    M   5        35 350
================================================================================
SM  754  504       667   0  0.79     9.3 216.8          M      156
================================================================================
AV 37.7 25.2                              10.8 FASTST   M    M   8    MAX(MPH)
                                 MISC ---->  # 32 270               # 45  270
================================================================================
NOTES:
# LAST OF SEVERAL OCCURRENCES

COLUMN 17 PEAK WIND IN M.P.H.

PRELIMINARY LOCAL CLIMATOLOGICAL DATA (WS FORM: F-6) , PAGE 2

                                          STATION:  FORT WAYNE
                                          MONTH:    JANUARY
                                          YEAR:     2019
                                          LATITUDE:   41  0 N
                                          LONGITUDE:  85 12 W

[TEMPERATURE DATA]      [PRECIPITATION DATA]       SYMBOLS USED IN COLUMN 16

AVERAGE MONTHLY: 31.5   TOTAL FOR MONTH:   0.79    1 = FOG OR MIST
DPTR FM NORMAL:   6.4   DPTR FM NORMAL:   -0.73    2 = FOG REDUCING VISIBILITY
HIGHEST:    55 ON  7    GRTST 24HR  1.26 ON 31- 1      TO 1/4 MILE OR LESS
LOWEST:      3 ON 20                               3 = THUNDER
                        SNOW, ICE PELLETS, HAIL    4 = ICE PELLETS
                        TOTAL MONTH:   9.3 INCHES  5 = HAIL
                        GRTST 24HR   4.7 ON 19-19  6 = FREEZING RAIN OR DRIZZLE
                        GRTST DEPTH:   5 ON 19     7 = DUSTSTORM OR SANDSTORM:
                                                       VSBY 1/2 MILE OR LESS
                                                   8 = SMOKE OR HAZE
[NO. OF DAYS WITH]      [WEATHER - DAYS WITH]      9 = BLOWING SNOW
                                                   X = TORNADO
MAX 32 OR BELOW:   7    0.01 INCH OR MORE:   6
MAX 90 OR ABOVE:   0    0.10 INCH OR MORE:   3
MIN 32 OR BELOW:  16    0.50 INCH OR MORE:   0
MIN  0 OR BELOW:   0    1.00 INCH OR MORE:   0

[HDD (BASE 65) ]
TOTAL THIS MO.   667    CLEAR  (SCALE 0-3)   2
DPTR FM NORMAL  -132    PTCLDY (SCALE 4-7)   6
TOTAL FM JUL 1  2853    CLOUDY (SCALE 8-10) 12
DPTR FM NORMAL  -274

[CDD (BASE 65) ]
TOTAL THIS MO.     0
DPTR FM NORMAL     0    [PRESSURE DATA]
TOTAL FM JAN 1     0    HIGHEST SLP M ON M
DPTR FM NORMAL     0    LOWEST  SLP 29.67 ON M

[REMARKS]
