211
CXUS53 KIWX 190800
CF6FWA
PRELIMINARY LOCAL CLIMATOLOGICAL DATA (WS FORM: F-6)

                                          STATION:   FORT WAYNE
                                          MONTH:     OCTOBER
                                          YEAR:      2019
                                          LATITUDE:   41  0 N
                                          LONGITUDE:  85 12 W

  TEMPERATURE IN F:       :PCPN:    SNOW:  WIND      :SUNSHINE: SKY     :PK WND
================================================================================
1   2   3   4   5  6A  6B    7    8   9   10  11  12  13   14  15   16   17  18
                                     12Z  AVG MX 2MIN
DY MAX MIN AVG DEP HDD CDD  WTR  SNW DPTH SPD SPD DIR MIN PSBL S-S WX    SPD DR
================================================================================

 1  89  66  78  20   0  13 0.00  0.0    0  8.2 18 230   M    M   5 18     27 240
 2  85  62  74  16   0   9    T  0.0    0  8.7 18  60   M    M   8 18     24 220
 3  76  54  65   8   0   0    T  0.0    0  8.6 21 290   M    M   8 12     29 280
 4  62  48  55  -2  10   0 0.00  0.0    0  8.3 15  60   M    M   6        21  70
 5  67  42  55  -1  10   0    T  0.0    0  6.9 16  90   M    M   7        20  80
 6  69  55  62   6   3   0 0.03  0.0    0  5.3 16 280   M    M   9 1      25 260
 7  71  46  59   3   6   0 0.00  0.0    0  3.4 14 300   M    M   6        22 310
 8  71  41  56   1   9   0 0.00  0.0    0  3.1  9  50   M    M   0        13 120
 9  71  43  57   2   8   0 0.00  0.0    0  6.1 16 100   M    M   1 1      24 100
10  78  48  63   9   2   0 0.00  0.0    0  6.2 15 190   M    M   7 1      20 180
11  72  41  57   3   8   0 0.17  0.0    0 13.6 26 200   M    M  10 1      37 200
12  53  32  43 -11  22   0 0.00  0.0    0 11.6 22 230   M    M   2        34 220
13  64  42  53   0  12   0 0.00  0.0    0 13.3 24 230   M    M   3        34 220
14  57  37  47  -6  18   0 0.00  0.0    0  5.2 15 290   M    M   3        22 270
15  73  34  54   1  11   0 0.01  0.0    0  9.7 21 200   M    M   5        32 270
16  56  42  49  -3  16   0 0.05  0.0    0 13.6 23 300   M    M   9 1      38 280
17  54  39  47  -5  18   0 0.00  0.0    0  7.9 15 330   M    M   7        23 290
18  58  31  45  -7  20   0 0.00  0.0    0  3.2  9 110   M    M   4 1      14 140
================================================================================
SM 1226  803       173  22  0.26     0.0 142.9          M      100
================================================================================
AV 68.1 44.6                               7.9 FASTST   M    M   6    MAX(MPH)
                                 MISC ---->  # 26 200               # 38  280
================================================================================
NOTES:
# LAST OF SEVERAL OCCURRENCES

COLUMN 17 PEAK WIND IN M.P.H.

PRELIMINARY LOCAL CLIMATOLOGICAL DATA (WS FORM: F-6) , PAGE 2

                                          STATION:  FORT WAYNE
                                          MONTH:    OCTOBER
                                          YEAR:     2019
                                          LATITUDE:   41  0 N
                                          LONGITUDE:  85 12 W

[TEMPERATURE DATA]      [PRECIPITATION DATA]       SYMBOLS USED IN COLUMN 16

AVERAGE MONTHLY: 56.4   TOTAL FOR MONTH:   0.26    1 = FOG OR MIST
DPTR FM NORMAL:   1.6   DPTR FM NORMAL:   -1.44    2 = FOG REDUCING VISIBILITY
HIGHEST:    89 ON  1    GRTST 24HR  0.17 ON 11-11      TO 1/4 MILE OR LESS
LOWEST:     31 ON 18                               3 = THUNDER
                        SNOW, ICE PELLETS, HAIL    4 = ICE PELLETS
                        TOTAL MONTH:   0.0 INCH    5 = HAIL
                        GRTST 24HR     0.0         6 = FREEZING RAIN OR DRIZZLE
                        GRTST DEPTH:   0           7 = DUSTSTORM OR SANDSTORM:
                                                       VSBY 1/2 MILE OR LESS
                                                   8 = SMOKE OR HAZE
[NO. OF DAYS WITH]      [WEATHER - DAYS WITH]      9 = BLOWING SNOW
                                                   X = TORNADO
MAX 32 OR BELOW:   0    0.01 INCH OR MORE:   4
MAX 90 OR ABOVE:   0    0.10 INCH OR MORE:   1
MIN 32 OR BELOW:   2    0.50 INCH OR MORE:   0
MIN  0 OR BELOW:   0    1.00 INCH OR MORE:   0

[HDD (BASE 65) ]
TOTAL THIS MO.   173    CLEAR  (SCALE 0-3)   5
DPTR FM NORMAL   -20    PTCLDY (SCALE 4-7)   8
TOTAL FM JUL 1   191    CLOUDY (SCALE 8-10)  5
DPTR FM NORMAL  -118

[CDD (BASE 65) ]
TOTAL THIS MO.    22
DPTR FM NORMAL    14    [PRESSURE DATA]
TOTAL FM JAN 1   994    HIGHEST SLP M ON M
DPTR FM NORMAL   186    LOWEST  SLP 29.72 ON 16

[REMARKS]
