293
CXUS53 KIWX 170800
CF6FWA
PRELIMINARY LOCAL CLIMATOLOGICAL DATA (WS FORM: F-6)

                                          STATION:   FORT WAYNE
                                          MONTH:     OCTOBER
                                          YEAR:      2018
                                          LATITUDE:   41  0 N
                                          LONGITUDE:  85 12 W

  TEMPERATURE IN F:       :PCPN:    SNOW:  WIND      :SUNSHINE: SKY     :PK WND
================================================================================
1   2   3   4   5  6A  6B    7    8   9   10  11  12  13   14  15   16   17  18
                                     12Z  AVG MX 2MIN
DY MAX MIN AVG DEP HDD CDD  WTR  SNW DPTH SPD SPD DIR MIN PSBL S-S WX    SPD DR
================================================================================

 1  83  56  70  12   0   5 0.00  0.0    0  6.9 15 200   M    M   8 128    20 190
 2  73  58  66   8   0   1    T  0.0    0  7.8 16 250   M    M   8 1      24 250
 3  88  58  73  16   0   8 0.00  0.0    0 11.8 28 210   M    M   6 12     40 200
 4  77  56  67  10   0   2 0.33  0.0    0 12.7 22 230   M    M   8 18     32 230
 5  65  50  58   2   7   0 0.74  0.0    0  8.1 22  90   M    M  10 13     28 100
 6  85  63  74  18   0   9 1.00  0.0    0  6.8 28 310   M    M   7 13     50 310
 7  73  62  68  12   0   3    T  0.0    0  8.1 16  80   M    M  10 12     21  80
 8  88  63  76  21   0  11    T  0.0    0  8.9 21 210   M    M   5 12     29 210
 9  85  68  77  22   0  12    T  0.0    0  9.3 18 190   M    M   4 1      24 180
10  74  65  70  16   0   5 0.20  0.0    0 10.2 23 180   M    M   8 1      33 180
11  65  45  55   1  10   0 0.00  0.0    0 12.7 23 270   M    M   7        33 270
12  54  38  46  -8  19   0 0.20  0.0    0  8.5 17 230   M    M   8 1      25 230
13  54  36  45  -8  20   0    T  0.0    0  7.3 16 260   M    M   6 1      24 260
14  63  40  52  -1  13   0    T  0.0    0  5.9 14 150   M    M   7 1      19 150
15  54  34  44  -9  21   0 0.02  0.0    0  9.6 21 290   M    M   8 1      28 290
16  56  30  43  -9  22   0 0.00  0.0    0 10.3 20 230   M    M   3        28 230
================================================================================
SM 1137  822       112  56  2.49     0.0 144.9          M      113
================================================================================
AV 71.1 51.4                               9.1 FASTST   M    M   7    MAX(MPH)
                                 MISC ---->  # 28 210               # 50  310
================================================================================
NOTES:
# LAST OF SEVERAL OCCURRENCES

COLUMN 17 PEAK WIND IN M.P.H.

PRELIMINARY LOCAL CLIMATOLOGICAL DATA (WS FORM: F-6) , PAGE 2

                                          STATION:  FORT WAYNE
                                          MONTH:    OCTOBER
                                          YEAR:     2018
                                          LATITUDE:   41  0 N
                                          LONGITUDE:  85 12 W

[TEMPERATURE DATA]      [PRECIPITATION DATA]       SYMBOLS USED IN COLUMN 16

AVERAGE MONTHLY: 61.2   TOTAL FOR MONTH:   2.49    1 = FOG OR MIST
DPTR FM NORMAL:   6.2   DPTR FM NORMAL:    0.98    2 = FOG REDUCING VISIBILITY
HIGHEST:    88 ON  8, 3 GRTST 24HR  1.00 ON  6- 6      TO 1/4 MILE OR LESS
LOWEST:     30 ON 16                               3 = THUNDER
                        SNOW, ICE PELLETS, HAIL    4 = ICE PELLETS
                        TOTAL MONTH:   0.0 INCH    5 = HAIL
                        GRTST 24HR     0.0         6 = FREEZING RAIN OR DRIZZLE
                        GRTST DEPTH:   0           7 = DUSTSTORM OR SANDSTORM:
                                                       VSBY 1/2 MILE OR LESS
                                                   8 = SMOKE OR HAZE
[NO. OF DAYS WITH]      [WEATHER - DAYS WITH]      9 = BLOWING SNOW
                                                   X = TORNADO
MAX 32 OR BELOW:   0    0.01 INCH OR MORE:   6
MAX 90 OR ABOVE:   0    0.10 INCH OR MORE:   5
MIN 32 OR BELOW:   1    0.50 INCH OR MORE:   2
MIN  0 OR BELOW:   0    1.00 INCH OR MORE:   1

[HDD (BASE 65) ]
TOTAL THIS MO.   112    CLEAR  (SCALE 0-3)   1
DPTR FM NORMAL   -55    PTCLDY (SCALE 4-7)  11
TOTAL FM JUL 1   175    CLOUDY (SCALE 8-10)  4
DPTR FM NORMAL  -108

[CDD (BASE 65) ]
TOTAL THIS MO.    56
DPTR FM NORMAL    48    [PRESSURE DATA]
TOTAL FM JAN 1  1218    HIGHEST SLP M ON M
DPTR FM NORMAL   410    LOWEST  SLP 29.68 ON 10

[REMARKS]
