000
CXUS53 KDDC 171200
CF6GCK
PRELIMINARY LOCAL CLIMATOLOGICAL DATA (WS FORM: F-6)

                                          STATION:   GARDEN CITY REGIONAL ARPT KS
                                          MONTH:     JUNE
                                          YEAR:      2018
                                          LATITUDE:   37 55 N
                                          LONGITUDE: 100 43 W

  TEMPERATURE IN F:       :PCPN:    SNOW:  WIND      :SUNSHINE: SKY     :PK WND
================================================================================
1   2   3   4   5  6A  6B    7    8   9   10  11  12  13   14  15   16   17  18
                                     12Z  AVG MX 2MIN
DY MAX MIN AVG DEP HDD CDD  WTR  SNW DPTH SPD SPD DIR MIN PSBL S-S WX    SPD DR
================================================================================

 1 101  67  84  16   0  19 0.00    M    M 13.9 29 220   M    M   1 1      40 220
 2  80  55  68  -1   0   3 0.00  0.0    0 17.7 48  10   M    M   0 8      62  10
 3  84  49  67  -2   0   2 0.00  0.0    0  8.1 21 190   M    M   0        27 140
 4  89  61  75   6   0  10 0.00  0.0    0 13.6 29 150   M    M   3        43 180
 5  96  56  76   6   0  11 0.00  0.0    0 10.3 20 140   M    M   0        25 150
 6  95  66  81  11   0  16 0.14  0.0    0 16.5 53 230   M    M   1 18     80 230
 7  82  63  73   3   0   8 0.10  0.0    0 14.5 43 220   M    M   1 1      59 220
 8  97  62  80   9   0  15 0.00  0.0    0 14.2 24 190   M    M   0 1      33 170
 9  99  61  80   9   0  15 0.00  0.0    0 14.9 29 180   M    M   0        41 170
10 103  71  87  16   0  22 0.00  0.0    0 17.2 31 200   M    M   0        40 200
11  92  63  78   6   0  13 0.00  0.0    0 16.8 38 350   M    M   0 8      50 360
12  95  62  79   7   0  14 0.00  0.0    0  9.8 20 150   M    M   1        28 150
13  93  67  80   8   0  15 0.00  0.0    0 12.5 26 190   M    M   1        37 120
14 100  69  85  13   0  20 0.00  0.0    0 19.5 33 210   M    M   0        44 200
15 102  70  86  13   0  21 0.00  0.0    0 22.6 36 210   M    M   0        50 190
16  95  66  81   8   0  16 0.31    M    M 21.2 32 180   M    M   1 1      45 180
================================================================================
SM 1503 1008         0 220  0.55     0.0 243.3          M        9
================================================================================
AV 93.9 63.0                              15.2 FASTST   M    M   1    MAX(MPH)
                                 MISC ---->  # 53 230               # 80  230
================================================================================
NOTES:
# LAST OF SEVERAL OCCURRENCES

COLUMN 17 PEAK WIND IN M.P.H.

PRELIMINARY LOCAL CLIMATOLOGICAL DATA (WS FORM: F-6) , PAGE 2

                                          STATION:  GARDEN CITY REGIONAL ARPT KS
                                          MONTH:    JUNE
                                          YEAR:     2018
                                          LATITUDE:   37 55 N
                                          LONGITUDE: 100 43 W

[TEMPERATURE DATA]      [PRECIPITATION DATA]       SYMBOLS USED IN COLUMN 16

AVERAGE MONTHLY: 78.5   TOTAL FOR MONTH:   0.55    1 = FOG OR MIST
DPTR FM NORMAL:   7.7   DPTR FM NORMAL:   -1.29    2 = FOG REDUCING VISIBILITY
HIGHEST:   103 ON 10    GRTST 24HR  0.31 ON 16-16      TO 1/4 MILE OR LESS
LOWEST:     49 ON  3                               3 = THUNDER
                        SNOW, ICE PELLETS, HAIL    4 = ICE PELLETS
                        TOTAL MONTH:   0.0 INCH    5 = HAIL
                        GRTST 24HR     0.0         6 = FREEZING RAIN OR DRIZZLE
                        GRTST DEPTH:   0           7 = DUSTSTORM OR SANDSTORM:
                                                       VSBY 1/2 MILE OR LESS
                                                   8 = SMOKE OR HAZE
[NO. OF DAYS WITH]      [WEATHER - DAYS WITH]      9 = BLOWING SNOW
                                                   X = TORNADO
MAX 32 OR BELOW:   0    0.01 INCH OR MORE:   3
MAX 90 OR ABOVE:  12    0.10 INCH OR MORE:   3
MIN 32 OR BELOW:   0    0.50 INCH OR MORE:   0
MIN  0 OR BELOW:   0    1.00 INCH OR MORE:   0

[HDD (BASE 65) ]
TOTAL THIS MO.     0    CLEAR  (SCALE 0-3)  16
DPTR FM NORMAL   -14    PTCLDY (SCALE 4-7)   0
TOTAL FM JUL 1  4989    CLOUDY (SCALE 8-10)  0
DPTR FM NORMAL  -216

[CDD (BASE 65) ]
TOTAL THIS MO.   220
DPTR FM NORMAL   113    [PRESSURE DATA]
TOTAL FM JAN 1   409    HIGHEST SLP M ON M
DPTR FM NORMAL   213    LOWEST  SLP 29.50 ON 10

[REMARKS]
