000
CXUS56 KFGZ 210900
CF6GCN
PRELIMINARY LOCAL CLIMATOLOGICAL DATA (WS FORM: F-6)

                                          STATION:   GRAND CANYON AZ AIRPORT
                                          MONTH:     FEBRUARY
                                          YEAR:      2020
                                          LATITUDE:   35 57 N
                                          LONGITUDE: 112  9 W

  TEMPERATURE IN F:       :PCPN:    SNOW:  WIND      :SUNSHINE: SKY     :PK WND
================================================================================
1   2   3   4   5  6A  6B    7    8   9   10  11  12  13   14  15   16   17  18
                                     12Z  AVG MX 2MIN
DY MAX MIN AVG DEP HDD CDD  WTR  SNW DPTH SPD SPD DIR MIN PSBL S-S WX    SPD DR
================================================================================

 1  62  20  41  12  24   0 0.00    M    M  3.1 10 220   M    M   0 8      13 140
 2  58  21  40  11  25   0 0.00    M    M 12.0 29 210   M    M   0        37 220
 3  40   8  24  -5  41   0 0.00  0.0    0 12.2 28 210   M    M   2        38 210
 4  27   3  15 -15  50   0 0.00  0.0    0  4.1 17  50   M    M   1        23  40
 5  34   3  19 -11  46   0 0.00    M    M  2.5 12 320   M    M   0        17 250
 6  46  15  31   1  34   0 0.00    M    M  3.0 14 280   M    M   0        20 280
 7  53  18  36   6  29   0 0.00    M    M  4.1 13 290   M    M   0        18 280
 8  59  15  37   7  28   0 0.00    M    M  6.8 24 220   M    M   0        29 260
 9  50  20  35   5  30   0 0.00    M    M  9.3 25 210   M    M   3        34 220
10  49  24  37   7  28   0 0.00    M    M  8.7 20  50   M    M   4        23  50
11  39  13  26  -5  39   0 0.00    M    M 11.8 28  50   M    M   3        42  60
12  47   9  28  -3  37   0 0.00    M    M  3.5 13 280   M    M   0        19 320
13  49  10  30  -1  35   0 0.00    M    M  2.4 13 230   M    M   0        16 260
14  52  12  32   1  33   0 0.00    M    M  2.9 16 210   M    M   0        23 220
15  52  12  32   1  33   0 0.00    M    M  4.2 15 270   M    M   0        24 230
16  60  20  40   9  25   0 0.00    M    M  6.3 22 230   M    M   0        30 230
17  53  14  34   2  31   0 0.00    M    M  2.4 13 270   M    M   1 18     20 320
18  52  10  31  -1  34   0 0.00    M    M  3.7 13  80   M    M   0        16  80
19  55  13  34   2  31   0 0.00    M    M  3.9 17 230   M    M   0        29 220
20  50  16  33   1  32   0 0.00  0.0    0 10.4 21  70   M    M   0        27  90
================================================================================
SM  987  276       665   0  0.00     0.0 117.3          M       14
================================================================================
AV 49.4 13.8                               5.9 FASTST   M    M   1    MAX(MPH)
                                 MISC ---->  # 29 210               # 42   60
================================================================================
NOTES:
# LAST OF SEVERAL OCCURRENCES

COLUMN 17 PEAK WIND IN M.P.H.

PRELIMINARY LOCAL CLIMATOLOGICAL DATA (WS FORM: F-6) , PAGE 2

                                          STATION:  GRAND CANYON AZ AIRPORT
                                          MONTH:    FEBRUARY
                                          YEAR:     2020
                                          LATITUDE:   35 57 N
                                          LONGITUDE: 112  9 W

[TEMPERATURE DATA]      [PRECIPITATION DATA]       SYMBOLS USED IN COLUMN 16

AVERAGE MONTHLY: 31.6   TOTAL FOR MONTH:   0.00    1 = FOG OR MIST
DPTR FM NORMAL:   1.0   DPTR FM NORMAL:   -0.80    2 = FOG REDUCING VISIBILITY
HIGHEST:    62 ON  1    GRTST 24HR  0.00 ON 20-20      TO 1/4 MILE OR LESS
LOWEST:      3 ON  5, 4                            3 = THUNDER
                        SNOW, ICE PELLETS, HAIL    4 = ICE PELLETS
                        TOTAL MONTH:   0.0 INCH    5 = HAIL
                        GRTST 24HR     0.0         6 = FREEZING RAIN OR DRIZZLE
                        GRTST DEPTH:   0           7 = DUSTSTORM OR SANDSTORM:
                                                       VSBY 1/2 MILE OR LESS
                                                   8 = SMOKE OR HAZE
[NO. OF DAYS WITH]      [WEATHER - DAYS WITH]      9 = BLOWING SNOW
                                                   X = TORNADO
MAX 32 OR BELOW:   1    0.01 INCH OR MORE:   0
MAX 90 OR ABOVE:   0    0.10 INCH OR MORE:   0
MIN 32 OR BELOW:  20    0.50 INCH OR MORE:   0
MIN  0 OR BELOW:   0    1.00 INCH OR MORE:   0

[HDD (BASE 65) ]
TOTAL THIS MO.   665    CLEAR  (SCALE 0-3)  19
DPTR FM NORMAL   -26    PTCLDY (SCALE 4-7)   1
TOTAL FM JUL 1  4422    CLOUDY (SCALE 8-10)  0
DPTR FM NORMAL  -336

[CDD (BASE 65) ]
TOTAL THIS MO.     0
DPTR FM NORMAL     0    [PRESSURE DATA]
TOTAL FM JAN 1     0    HIGHEST SLP M ON M
DPTR FM NORMAL     0    LOWEST  SLP 29.45 ON  3

[REMARKS]
