000
CXUS56 KFGZ 200900
CF6GCN
PRELIMINARY LOCAL CLIMATOLOGICAL DATA (WS FORM: F-6)

                                          STATION:   GRAND CANYON AZ AIRPORT
                                          MONTH:     OCTOBER
                                          YEAR:      2020
                                          LATITUDE:   35 57 N
                                          LONGITUDE: 112  9 W

  TEMPERATURE IN F:       :PCPN:    SNOW:  WIND      :SUNSHINE: SKY     :PK WND
================================================================================
1   2   3   4   5  6A  6B    7    8   9   10  11  12  13   14  15   16   17  18
                                     12Z  AVG MX 2MIN
DY MAX MIN AVG DEP HDD CDD  WTR  SNW DPTH SPD SPD DIR MIN PSBL S-S WX    SPD DR
================================================================================

 1  83  31  57   5   8   0 0.00    M    M  6.1 16  30   M    M   0 8      22  40
 2  83  29  56   4   9   0 0.00    M    M  4.0 13 360   M    M   0 8      19 330
 3  82  26  54   3  11   0 0.00    M    M  2.9 14 230   M    M   0        18 230
 4  82  30  56   5   9   0 0.00    M    M  4.2 16 220   M    M   0        27 260
 5  80  27  54   3  11   0 0.00    M    M  3.0 15 220   M    M   0 8      20 220
 6  82  28  55   5  10   0 0.00    M    M  3.8 16 220   M    M   0        23 210
 7  80  31  56   6   9   0 0.00    M    M  4.3 17 220   M    M   0        24 210
 8  77  30  54   5  11   0 0.00    M    M  5.2 21 210   M    M   0 8      27 230
 9  78  36  57   8   8   0 0.00    M    M  4.4 21 250   M    M   1        29 250
10  73  32  53   4  12   0 0.00    M    M  6.5 24 210   M    M   0        32 240
11  72  27  50   2  15   0 0.00    M    M  5.6 21 230   M    M   0 8      29 230
12  75  27  51   3  14   0 0.00    M    M  3.4 14 260   M    M   0        19 230
13  77  25  51   3  14   0 0.00    M    M  2.0 13 240   M    M   0        19 240
14  79  26  53   6  12   0 0.00    M    M  3.9 15 310   M    M   0        22 260
15  79  30  55   8  10   0 0.00    M    M  3.5 14 290   M    M   0 8      21 290
16  77  31  54   8  11   0 0.00    M    M  3.6 17  40   M    M   0 8      21  50
17  75  24  50   4  15   0 0.00    M    M  3.8 15 280   M    M   0        22 240
18  76  26  51   5  14   0 0.00    M    M  5.0 17 260   M    M   0        26 240
19  76  27  52   7  13   0 0.00  0.0    0  4.0 16 250   M    M   0        22 240
================================================================================
SM 1486  543       216   0  0.00     0.0  79.2          M        1
================================================================================
AV 78.2 28.6                               4.2 FASTST   M    M   0    MAX(MPH)
                                 MISC ---->  # 24 210               # 32  240
================================================================================
NOTES:
# LAST OF SEVERAL OCCURRENCES

COLUMN 17 PEAK WIND IN M.P.H.

PRELIMINARY LOCAL CLIMATOLOGICAL DATA (WS FORM: F-6) , PAGE 2

                                          STATION:  GRAND CANYON AZ AIRPORT
                                          MONTH:    OCTOBER
                                          YEAR:     2020
                                          LATITUDE:   35 57 N
                                          LONGITUDE: 112  9 W

[TEMPERATURE DATA]      [PRECIPITATION DATA]       SYMBOLS USED IN COLUMN 16

AVERAGE MONTHLY: 53.4   TOTAL FOR MONTH:   0.00    1 = FOG OR MIST
DPTR FM NORMAL:   4.7   DPTR FM NORMAL:   -0.88    2 = FOG REDUCING VISIBILITY
HIGHEST:    83 ON  2, 1 GRTST 24HR  0.00 ON 19-19      TO 1/4 MILE OR LESS
LOWEST:     24 ON 17                               3 = THUNDER
                        SNOW, ICE PELLETS, HAIL    4 = ICE PELLETS
                        TOTAL MONTH:   0.0 INCH    5 = HAIL
                        GRTST 24HR     0.0         6 = FREEZING RAIN OR DRIZZLE
                        GRTST DEPTH:   0           7 = DUSTSTORM OR SANDSTORM:
                                                       VSBY 1/2 MILE OR LESS
                                                   8 = SMOKE OR HAZE
[NO. OF DAYS WITH]      [WEATHER - DAYS WITH]      9 = BLOWING SNOW
                                                   X = TORNADO
MAX 32 OR BELOW:   0    0.01 INCH OR MORE:   0
MAX 90 OR ABOVE:   0    0.10 INCH OR MORE:   0
MIN 32 OR BELOW:  18    0.50 INCH OR MORE:   0
MIN  0 OR BELOW:   0    1.00 INCH OR MORE:   0

[HDD (BASE 65) ]
TOTAL THIS MO.   216    CLEAR  (SCALE 0-3)  19
DPTR FM NORMAL   -94    PTCLDY (SCALE 4-7)   0
TOTAL FM JUL 1   430    CLOUDY (SCALE 8-10)  0
DPTR FM NORMAL  -199

[CDD (BASE 65) ]
TOTAL THIS MO.     0
DPTR FM NORMAL     0    [PRESSURE DATA]
TOTAL FM JAN 1   227    HIGHEST SLP M ON M
DPTR FM NORMAL   139    LOWEST  SLP 29.89 ON 11

[REMARKS]
