000
CXUS54 KFWD 190730
CF6GDJ
PRELIMINARY LOCAL CLIMATOLOGICAL DATA (WS FORM: F-6)

                                          STATION:   GRANBURY
                                          MONTH:     OCTOBER
                                          YEAR:      2018
                                          LATITUDE:   32 26 N
                                          LONGITUDE:  97 48 W

  TEMPERATURE IN F:       :PCPN:    SNOW:  WIND      :SUNSHINE: SKY     :PK WND
================================================================================
1   2   3   4   5  6A  6B    7    8   9   10  11  12  13   14  15   16   17  18
                                     12Z  AVG MX 2MIN
DY MAX MIN AVG DEP HDD CDD  WTR  SNW DPTH SPD SPD DIR MIN PSBL S-S WX    SPD DR
================================================================================

 1  88  71  80  10   0  15 0.00  0.0    0  6.9 14 160   M    M   5        18 130
 2  89  71  80  10   0  15 0.00  0.0    0  7.7 12 150   M    M   4        17 150
 3  91  74  83  14   0  18 0.00  0.0    0  9.9 17 150   M    M   3        23 160
 4  91  74  83  14   0  18 0.00  0.0    0  7.0 13 140   M    M   1        20 150
 5  90  72  81  13   0  16 0.00  0.0    0  8.4 17 150   M    M   3        22 150
 6  91  75  83  15   0  18 0.00  0.0    0  8.4 14 120   M    M   3        18 170
 7  90  74  82  14   0  17 0.00  0.0    0 10.5 18 160   M    M   4        25 150
 8  83  72  78  10   0  13 0.00  0.0    0 10.9 22 110   M    M   7        28 110
 9  75  61  68   1   0   3 1.18  0.0    0  6.7 13 130   M    M   9 123    20 130
10  73  55  64  -3   1   0 0.00  0.0    0  5.6 13 310   M    M   2 1      18 320
11  74  53  64  -3   1   0 0.00  0.0    0  3.6  9 110   M    M   2         M  M
12  72  64  68   2   0   3 1.04  0.0    0  4.8 10 150   M    M  10 13      M  M
13  67  62  65  -1   0   0 1.32  0.0    0  5.3  9 130   M    M  10 13      M  M
14  80  47  64  -2   1   0 0.26  0.0    0  5.9 18 320   M    M   9 13     27 320
15  48  41  45 -21  20   0 1.62  0.0    0 12.3 20 320   M    M  10 3      27 320
16  50  45  48 -17  17   0 1.62  0.0    0  9.6 15 350   M    M  10        20 350
17  54  49  52 -13  13   0 0.51  0.0    0  5.2 13 350   M    M  10        18 350
18  65  51  58  -7   7   0 0.02  0.0    0  3.5  8  90   M    M  10         M  M
================================================================================
SM 1371 1111        60 136  7.57     0.0 132.2          M      112
================================================================================
AV 76.2 61.7                               7.3 FASTST   M    M   6    MAX(MPH)
                                 MISC ---->  # 22 110               # 28  110
================================================================================
NOTES:
# LAST OF SEVERAL OCCURRENCES

COLUMN 17 PEAK WIND IN M.P.H.

PRELIMINARY LOCAL CLIMATOLOGICAL DATA (WS FORM: F-6) , PAGE 2

                                          STATION:  GRANBURY
                                          MONTH:    OCTOBER
                                          YEAR:     2018
                                          LATITUDE:   32 26 N
                                          LONGITUDE:  97 48 W

[TEMPERATURE DATA]      [PRECIPITATION DATA]       SYMBOLS USED IN COLUMN 16

AVERAGE MONTHLY: 68.9   TOTAL FOR MONTH:   7.57    1 = FOG OR MIST
DPTR FM NORMAL:   1.7   DPTR FM NORMAL:       M    2 = FOG REDUCING VISIBILITY
HIGHEST:    91 ON  6, 4 GRTST 24HR  1.62 ON 16-16      TO 1/4 MILE OR LESS
LOWEST:     41 ON 15                               3 = THUNDER
                        SNOW, ICE PELLETS, HAIL    4 = ICE PELLETS
                        TOTAL MONTH:   0.0 INCH    5 = HAIL
                        GRTST 24HR     0.0         6 = FREEZING RAIN OR DRIZZLE
                        GRTST DEPTH:   0           7 = DUSTSTORM OR SANDSTORM:
                                                       VSBY 1/2 MILE OR LESS
                                                   8 = SMOKE OR HAZE
[NO. OF DAYS WITH]      [WEATHER - DAYS WITH]      9 = BLOWING SNOW
                                                   X = TORNADO
MAX 32 OR BELOW:   0    0.01 INCH OR MORE:   8
MAX 90 OR ABOVE:   5    0.10 INCH OR MORE:   7
MIN 32 OR BELOW:   0    0.50 INCH OR MORE:   6
MIN  0 OR BELOW:   0    1.00 INCH OR MORE:   5

[HDD (BASE 65) ]
TOTAL THIS MO.    60    CLEAR  (SCALE 0-3)   5
DPTR FM NORMAL    27    PTCLDY (SCALE 4-7)   5
TOTAL FM JUL 1    60    CLOUDY (SCALE 8-10)  8
DPTR FM NORMAL    21

[CDD (BASE 65) ]
TOTAL THIS MO.   136
DPTR FM NORMAL    63    [PRESSURE DATA]
TOTAL FM JAN 1  3317    HIGHEST SLP M ON M
DPTR FM NORMAL   971    LOWEST  SLP M ON M

[REMARKS]
