000
CXUS54 KFWD 280730
CF6GDJ
PRELIMINARY LOCAL CLIMATOLOGICAL DATA (WS FORM: F-6)

                                          STATION:   GRANBURY
                                          MONTH:     FEBRUARY
                                          YEAR:      2020
                                          LATITUDE:   32 26 N
                                          LONGITUDE:  97 48 W

  TEMPERATURE IN F:       :PCPN:    SNOW:  WIND      :SUNSHINE: SKY     :PK WND
================================================================================
1   2   3   4   5  6A  6B    7    8   9   10  11  12  13   14  15   16   17  18
                                     12Z  AVG MX 2MIN
DY MAX MIN AVG DEP HDD CDD  WTR  SNW DPTH SPD SPD DIR MIN PSBL S-S WX    SPD DR
================================================================================

 1  69  29  49   4  16   0 0.00  0.0    0  2.9 10 320   M    M   0        16 300
 2  82  41  62  17   3   0 0.00  0.0    0  7.3 17 190   M    M   0        22 190
 3  72  51  62  17   3   0 0.07  0.0    0 10.5 18 190   M    M   5        25 190
 4  66  38  52   7  13   0 0.04    M    0 11.9 22 280   M    M  10 1      28 280
 5  38  32  35 -11  30   0 0.05    M    0 14.7 20 330   M    M  10 3      25 330
 6  48  26  37  -9  28   0 0.00  0.0    M  8.6 20 270   M    M   1        25 270
 7  62  29  46   0  19   0 0.00  0.0    0  5.0 15 340   M    M   0        17 350
 8  65  32  49   3  16   0 0.00  0.0    0  6.2 16 130   M    M   4        18 140
 9  76  59  68  22   0   3 0.00  0.0    0 11.1 17 150   M    M   8        24 160
10  60  40  50   4  15   0 0.10  0.0    0 11.6 21 310   M    M  10 3      27 310
11  44  40  42  -5  23   0 0.12  0.0    0  8.9 14 350   M    M  10 1      20 340
12  56  42  49   2  16   0 0.74  0.0    0  7.5 15 280   M    M   8 1      20 280
13  45  34  40  -7  25   0 0.00  0.0    0  6.7 13  20   M    M   6        18  20
14  53  25  39  -8  26   0 0.00  0.0    0  4.6 10 100   M    M   0        16 100
15  68  37  53   5  12   0 0.00  0.0    0 10.0 17 200   M    M   0        27 190
16  80  46  63  15   2   0 0.00  0.0    0  7.5 13 220   M    M   0         M  M
17  82  53  68  20   0   3 0.00  0.0    0  7.0 16 210   M    M   1 1       M  M
18  58  49  54   6  11   0 0.01  0.0    0  9.0 18 360   M    M  10 3      27 340
19  52  42  47  -2  18   0 0.88  0.0    0  6.5 13  20   M    M  10        18  20
20  55  37  46  -3  19   0 0.14  0.0    0 11.7 17  10   M    M   7        31  40
21  51  27  39 -10  26   0 0.00  0.0    0  3.7 10 350   M    M   0         M  M
22  60  41  51   2  14   0 0.00  0.0    0  8.6 16 160   M    M   3        22 160
23  61  48  55   5  10   0 0.00  0.0    0  9.0 14 140   M    M   6        23 180
24  70  51  61  11   4   0 0.00  0.0    0 13.0 25 280   M    M   0        33 280
25  60  40  50   0  15   0 0.00  0.0    0 11.4 20 320   M    M   2        33 310
26  51  31  41  -9  24   0 0.03  0.0    0 16.8 25 330   M    M   4        37 320
27  64  25  45  -6  20   0 0.00  0.0    0  4.7 12 210   M    M   0 3      21 200
================================================================================
SM 1648 1045       408   6  2.18     0.0 236.4          M      115
================================================================================
AV 61.0 38.7                               8.8 FASTST   M    M   4    MAX(MPH)
                                 MISC ---->  # 25 280               # 37  320
================================================================================
NOTES:
# LAST OF SEVERAL OCCURRENCES

COLUMN 17 PEAK WIND IN M.P.H.

PRELIMINARY LOCAL CLIMATOLOGICAL DATA (WS FORM: F-6) , PAGE 2

                                          STATION:  GRANBURY
                                          MONTH:    FEBRUARY
                                          YEAR:     2020
                                          LATITUDE:   32 26 N
                                          LONGITUDE:  97 48 W

[TEMPERATURE DATA]      [PRECIPITATION DATA]       SYMBOLS USED IN COLUMN 16

AVERAGE MONTHLY: 49.9   TOTAL FOR MONTH:   2.18    1 = FOG OR MIST
DPTR FM NORMAL:   2.4   DPTR FM NORMAL:       M    2 = FOG REDUCING VISIBILITY
HIGHEST:    82 ON 17, 2 GRTST 24HR  0.88 ON 19-19      TO 1/4 MILE OR LESS
LOWEST:     25 ON 27,14                            3 = THUNDER
                        SNOW, ICE PELLETS, HAIL    4 = ICE PELLETS
                        TOTAL MONTH:   0.0 INCH    5 = HAIL
                        GRTST 24HR     0.0         6 = FREEZING RAIN OR DRIZZLE
                        GRTST DEPTH:   0           7 = DUSTSTORM OR SANDSTORM:
                                                       VSBY 1/2 MILE OR LESS
                                                   8 = SMOKE OR HAZE
[NO. OF DAYS WITH]      [WEATHER - DAYS WITH]      9 = BLOWING SNOW
                                                   X = TORNADO
MAX 32 OR BELOW:   0    0.01 INCH OR MORE:  10
MAX 90 OR ABOVE:   0    0.10 INCH OR MORE:   5
MIN 32 OR BELOW:   9    0.50 INCH OR MORE:   2
MIN  0 OR BELOW:   0    1.00 INCH OR MORE:   0

[HDD (BASE 65) ]
TOTAL THIS MO.   408    CLEAR  (SCALE 0-3)  12
DPTR FM NORMAL   -69    PTCLDY (SCALE 4-7)   9
TOTAL FM JUL 1  1819    CLOUDY (SCALE 8-10)  6
DPTR FM NORMAL  -402

[CDD (BASE 65) ]
TOTAL THIS MO.     6
DPTR FM NORMAL     6    [PRESSURE DATA]
TOTAL FM JAN 1    17    HIGHEST SLP M ON M
DPTR FM NORMAL    17    LOWEST  SLP M ON M

[REMARKS]
