000
CXUS51 KPHI 230800
CF6GED
PRELIMINARY LOCAL CLIMATOLOGICAL DATA (WS FORM: F-6)

                                          STATION:   GEORGETOWN DE
                                          MONTH:     SEPTEMBER
                                          YEAR:      2018
                                          LATITUDE:   38 41 N
                                          LONGITUDE:  75 22 W

  TEMPERATURE IN F:       :PCPN:    SNOW:  WIND      :SUNSHINE: SKY     :PK WND
================================================================================
1   2   3   4   5  6A  6B    7    8   9   10  11  12  13   14  15   16   17  18
                                     12Z  AVG MX 2MIN
DY MAX MIN AVG DEP HDD CDD  WTR  SNW DPTH SPD SPD DIR MIN PSBL S-S WX    SPD DR
================================================================================

 1  82  73  78   5   0  13 0.91    M    M  8.7 17  60   M    M   9 13     20  70
 2  86  74  80   7   0  15 0.28    M    M  4.6 14 100   M    M   5 1      16  90
 3  92  73  83  10   0  18 0.00    M    M  3.5 13 140   M    M   2 13     16 120
 4  93  73  83  11   0  18 0.00    M    M  2.4 15 160   M    M   1 1      17 150
 5  93  74  84  12   0  19 0.00    M    M  2.6 12 100   M    M   3 12     16 110
 6  93  75  84  12   0  19 0.00    M    M  3.3  9 260   M    M   1 1      12 260
 7  90  73  82  10   0  17 0.22    M    M  3.1 21 140   M    M   2 13     29 160
 8  77  68  73   2   0   8 1.37    M    M  8.7 22  40   M    M   8 13     25  40
 9  71  64  68  -3   0   3 1.00    M    M 14.1 22  60   M    M  10 1      32  60
10  78  64  71   1   0   6 0.12    M    M  9.4 18  70   M    M  10 1      24  80
11  87  72  80  10   0  15 0.01    M    M  3.2 16 150   M    M   7 123    20 150
12  86  73  80  10   0  15    T    M    M  5.6 13 110   M    M   6 123    17 110
13  78  72  75   5   0  10 0.03    M    M 12.7 21  50   M    M  10 1      26  60
14  79  73  76   7   0  11 0.18    M    M 12.3 17  80   M    M  10 1      25  70
15  80  67  74   5   0   9 0.01    M    M  9.5 16  60   M    M   6 1      20  70
16  81  71  76   8   0  11 0.00    M    M  7.2 15 100   M    M   8        18  50
17  84  71  78  10   0  13    T    M    M  9.4 21 170   M    M   5        27 150
18  86  71  79  11   0  14 0.92    M    M  8.0 18 210   M    M   7 13     24 210
19  84  67  76   9   0  11 0.00    M    M  5.2 15  40   M    M   1 1      22  30
20  77  64  71   4   0   6 0.00    M    M  5.0 13 100   M    M   6 1      16 110
21  80  61  71   4   0   6 0.00    M    M  6.2 14 190   M    M   3        20 190
22  83  66  75   9   0  10 0.00    M    M  7.1 16  30   M    M   5        20  30
================================================================================
SM 1840 1539         0 267  5.05    M    151.8          M      125
================================================================================
AV 83.6 70.0                               6.9 FASTST   M    M   6    MAX(MPH)
                                 MISC ---->  # 22  40               # 32   60
================================================================================
NOTES:
# LAST OF SEVERAL OCCURRENCES

COLUMN 17 PEAK WIND IN M.P.H.

PRELIMINARY LOCAL CLIMATOLOGICAL DATA (WS FORM: F-6) , PAGE 2

                                          STATION:  GEORGETOWN DE
                                          MONTH:    SEPTEMBER
                                          YEAR:     2018
                                          LATITUDE:   38 41 N
                                          LONGITUDE:  75 22 W

[TEMPERATURE DATA]      [PRECIPITATION DATA]       SYMBOLS USED IN COLUMN 16

AVERAGE MONTHLY: 76.8   TOTAL FOR MONTH:   5.05    1 = FOG OR MIST
DPTR FM NORMAL:   6.9   DPTR FM NORMAL:    1.95    2 = FOG REDUCING VISIBILITY
HIGHEST:    93 ON  6, 5 GRTST 24HR  3.03 ON 31- 1      TO 1/4 MILE OR LESS
LOWEST:     61 ON 21                               3 = THUNDER
                        SNOW, ICE PELLETS, HAIL    4 = ICE PELLETS
                        TOTAL MONTH:    M          5 = HAIL
                        GRTST 24HR    M  ON   M    6 = FREEZING RAIN OR DRIZZLE
                        GRTST DEPTH:  M  ON   M    7 = DUSTSTORM OR SANDSTORM:
                                                       VSBY 1/2 MILE OR LESS
                                                   8 = SMOKE OR HAZE
[NO. OF DAYS WITH]      [WEATHER - DAYS WITH]      9 = BLOWING SNOW
                                                   X = TORNADO
MAX 32 OR BELOW:   0    0.01 INCH OR MORE:  11
MAX 90 OR ABOVE:   5    0.10 INCH OR MORE:   8
MIN 32 OR BELOW:   0    0.50 INCH OR MORE:   4
MIN  0 OR BELOW:   0    1.00 INCH OR MORE:   2

[HDD (BASE 65) ]
TOTAL THIS MO.     0    CLEAR  (SCALE 0-3)   5
DPTR FM NORMAL   -15    PTCLDY (SCALE 4-7)  12
TOTAL FM JUL 1     0    CLOUDY (SCALE 8-10)  5
DPTR FM NORMAL   -16

[CDD (BASE 65) ]
TOTAL THIS MO.   267
DPTR FM NORMAL   144    [PRESSURE DATA]
TOTAL FM JAN 1  1557    HIGHEST SLP  0.00 ON  8
DPTR FM NORMAL   405    LOWEST  SLP 29.70 ON 18

[REMARKS]
