000
CXUS51 KPHI 200800
CF6GED
PRELIMINARY LOCAL CLIMATOLOGICAL DATA (WS FORM: F-6)

                                          STATION:   GEORGETOWN DE
                                          MONTH:     JUNE
                                          YEAR:      2018
                                          LATITUDE:   38 41 N
                                          LONGITUDE:  75 22 W

  TEMPERATURE IN F:       :PCPN:    SNOW:  WIND      :SUNSHINE: SKY     :PK WND
================================================================================
1   2   3   4   5  6A  6B    7    8   9   10  11  12  13   14  15   16   17  18
                                     12Z  AVG MX 2MIN
DY MAX MIN AVG DEP HDD CDD  WTR  SNW DPTH SPD SPD DIR MIN PSBL S-S WX    SPD DR
================================================================================

 1  86  70  78  10   0  13 0.06    M    M  4.3 10 220   M    M   4        14 230
 2  83  70  77   8   0  12 0.00    M    M  4.5 10  20   M    M   1 18     14  20
 3  70  58  64  -5   1   0 0.97    M    M 15.2 22  70   M    M   M 13     35  60
 4  75  56  66  -3   0   1 0.14    M    M  6.7 15  40   M    M   5 1      20  50
 5  81  56  69  -1   0   4    T    M    M  4.8 15 250   M    M   3        25 260
 6  71  61  66  -4   0   1 0.00    M    M  6.0 16  70   M    M   4        20  70
 7  74  60  67  -3   0   2 0.00    M    M  4.9 14 130   M    M   6        20 100
 8  83  57  70  -1   0   5 0.00    M    M  5.7 14 210   M    M   2        19 220
 9  83  67  75   4   0  10 1.59    M    M  5.5 26 220   M    M   5 13     31 230
10  76  65  71   0   0   6 0.31    M    M  7.8 15  90   M    M   9 1      20  90
11  66  55  61 -11   4   0 0.29    M    M 10.9 24  60   M    M   8 1      28  50
12  73  53  63  -9   2   0 0.00    M    M  6.5 15 160   M    M   3 1      22 130
13  83  63  73   1   0   8 0.02    M    M  7.6 18 220   M    M   6 12     23 210
14  85  69  77   5   0  12 0.00    M    M  7.3 17 290   M    M   1        26 290
15  82  62  72  -1   0   7 0.00    M    M  4.3 14 340   M    M   0        20 310
16  85  56  71  -2   0   6 0.00    M    M  3.4 13 250   M    M   1        17 250
17  88  62  75   2   0  10 0.00    M    M  4.7 15 140   M    M   0        18 140
18  92  69  81   7   0  16 0.00    M    M  5.6 14 230   M    M   3 12     19 240
19  91  74  83   9   0  18 0.00    M    M  5.2 14 340   M    M   4        22 340
================================================================================
SM 1527 1183         7 131  3.38    M    120.9          M       65
================================================================================
AV 80.4 62.3                               6.4 FASTST   M    M   4    MAX(MPH)
                                 MISC ---->  # 26 220               # 35   60
================================================================================
NOTES:
# LAST OF SEVERAL OCCURRENCES

COLUMN 17 PEAK WIND IN M.P.H.

PRELIMINARY LOCAL CLIMATOLOGICAL DATA (WS FORM: F-6) , PAGE 2

                                          STATION:  GEORGETOWN DE
                                          MONTH:    JUNE
                                          YEAR:     2018
                                          LATITUDE:   38 41 N
                                          LONGITUDE:  75 22 W

[TEMPERATURE DATA]      [PRECIPITATION DATA]       SYMBOLS USED IN COLUMN 16

AVERAGE MONTHLY: 71.3   TOTAL FOR MONTH:   3.38    1 = FOG OR MIST
DPTR FM NORMAL:   0.1   DPTR FM NORMAL:    0.48    2 = FOG REDUCING VISIBILITY
HIGHEST:    92 ON 18    GRTST 24HR  1.59 ON  9- 9      TO 1/4 MILE OR LESS
LOWEST:     53 ON 12                               3 = THUNDER
                        SNOW, ICE PELLETS, HAIL    4 = ICE PELLETS
                        TOTAL MONTH:    M          5 = HAIL
                        GRTST 24HR    M  ON   M    6 = FREEZING RAIN OR DRIZZLE
                        GRTST DEPTH:  M  ON   M    7 = DUSTSTORM OR SANDSTORM:
                                                       VSBY 1/2 MILE OR LESS
                                                   8 = SMOKE OR HAZE
[NO. OF DAYS WITH]      [WEATHER - DAYS WITH]      9 = BLOWING SNOW
                                                   X = TORNADO
MAX 32 OR BELOW:   0    0.01 INCH OR MORE:   7
MAX 90 OR ABOVE:   2    0.10 INCH OR MORE:   5
MIN 32 OR BELOW:   0    0.50 INCH OR MORE:   2
MIN  0 OR BELOW:   0    1.00 INCH OR MORE:   1

[HDD (BASE 65) ]
TOTAL THIS MO.     7    CLEAR  (SCALE 0-3)   9
DPTR FM NORMAL    -3    PTCLDY (SCALE 4-7)   8
TOTAL FM JUL 1  4065    CLOUDY (SCALE 8-10)  1
DPTR FM NORMAL  -338

[CDD (BASE 65) ]
TOTAL THIS MO.   131
DPTR FM NORMAL     1    [PRESSURE DATA]
TOTAL FM JAN 1   319    HIGHEST SLP M ON M
DPTR FM NORMAL    95    LOWEST  SLP 29.63 ON  5

[REMARKS]
