000
CXUS53 KIND 250700
CF6GEZ
PRELIMINARY LOCAL CLIMATOLOGICAL DATA (WS FORM: F-6)

                                          STATION:   SHELBYVILLE IN
                                          MONTH:     FEBRUARY
                                          YEAR:      2020
                                          LATITUDE:   39 35 N
                                          LONGITUDE:  85 48 W

  TEMPERATURE IN F:       :PCPN:    SNOW:  WIND      :SUNSHINE: SKY     :PK WND
================================================================================
1   2   3   4   5  6A  6B    7    8   9   10  11  12  13   14  15   16   17  18
                                     12Z  AVG MX 2MIN
DY MAX MIN AVG DEP HDD CDD  WTR  SNW DPTH SPD SPD DIR MIN PSBL S-S WX    SPD DR
================================================================================

 1  43  36  40  11  25   0 0.00    M    M  9.3 20 270   M    M  10 18     27 260
 2  65  33  49  20  16   0 0.00    M    M 13.1 28 260   M    M   1        39 250
 3  69  34  52  23  13   0 0.00    M    M 11.8 25 220   M    M   2        38 200
 4  62  35  49  19  16   0 0.38    M    M 11.8 23  20   M    M  10 18     32  20
 5  38  33  36   6  29   0 0.20    M    M 13.3 21  60   M    M  10 16     26  60
 6  33  28  31   1  34   0 0.05    M    M  9.3 16  30   M    M  10 18     22  30
 7  36  27  32   2  33   0    T    M    M  9.0 15 310   M    M   8 8      21 290
 8  36  29  33   3  32   0 0.01    M    M  8.7 17 270   M    M  10 18     22 270
 9  45  22  34   4  31   0 0.64    M    M 10.1 22 130   M    M   7 168    29 140
10  47  35  41  11  24   0 0.33    M    M  7.9 15 190   M    M  10 18     21 200
11  42  32  37   7  28   0 0.00    M    M  6.3 16 270   M    M   8        21 280
12  38  29  34   3  31   0 0.43    M    M  6.0 16  80   M    M   5 18     23  70
13  36  15  26  -5  39   0 0.05    M    M 12.6 24 270   M    M  10 18     34 290
14  21   7  14 -17  51   0 0.00    M    M  7.0 17 310   M    M   1        22 310
15  45  14  30  -1  35   0 0.00    M    M 11.1 23 180   M    M   4        30 180
16  50  31  41   9  24   0 0.00    M    M  3.8  9 340   M    M   5        12 320
17  49  31  40   8  25   0 0.01    M    M  9.7 20 150   M    M   6        23 120
18  51  29  40   8  25   0 0.02    M    M 10.4 18 320   M    M   8 18     25 300
19  41  25  33   1  32   0 0.00    M    M  6.0 12 350   M    M   0        17  20
20  32  21  27  -6  38   0 0.00    M    M 10.4 17  20   M    M   4        27 360
21  38  16  27  -6  38   0 0.00    M    M  5.6 13 260   M    M   0        19 260
22  51  21  36   3  29   0 0.00    M    M  8.6 18 220   M    M   0        24 230
23  55  30  43   9  22   0 0.00    M    M  9.4 16 180   M    M   3        22 190
24  46  35  41   7  24   0 0.41    M    M  8.5 15 140   M    M   8 18     21 150
================================================================================
SM 1069  648       694   0  2.53    M    219.7          M      140
================================================================================
AV 44.5 27.0                               9.2 FASTST   M    M   6    MAX(MPH)
                                 MISC ---->    28 260                 39 250
================================================================================
NOTES:
# LAST OF SEVERAL OCCURRENCES

COLUMN 17 PEAK WIND IN M.P.H.

PRELIMINARY LOCAL CLIMATOLOGICAL DATA (WS FORM: F-6) , PAGE 2

                                          STATION:   SHELBYVILLE IN
                                          MONTH:     FEBRUARY
                                          YEAR:      2020
                                          LATITUDE:   39 35 N
                                          LONGITUDE:  85 48 W

[TEMPERATURE DATA]      [PRECIPITATION DATA]       SYMBOLS USED IN COLUMN 16

AVERAGE MONTHLY: 35.8   TOTAL FOR MONTH:   2.53    1 = FOG OR MIST
DPTR FM NORMAL:   4.7   DPTR FM NORMAL:    0.49    2 = FOG REDUCING VISIBILITY
HIGHEST:    69 ON  3    GRTST 24HR  0.97 ON  9-10      TO 1/4 MILE OR LESS
LOWEST:      7 ON 14                               3 = THUNDER
                        SNOW, ICE PELLETS, HAIL    4 = ICE PELLETS
                        TOTAL MONTH:  M            5 = HAIL
                        GRTST 24HR    M  ON   M    6 = FREEZING RAIN OR DRIZZLE
                        GRTST DEPTH:  M  ON   M    7 = DUSTSTORM OR SANDSTORM:
                                                       VSBY 1/2 MILE OR LESS
                                                   8 = SMOKE OR HAZE
[NO. OF DAYS WITH]      [WEATHER - DAYS WITH]      9 = BLOWING SNOW
                                                   X = TORNADO
MAX 32 OR BELOW:   2    0.01 INCH OR MORE:  11
MAX 90 OR ABOVE:   0    0.10 INCH OR MORE:   6
MIN 32 OR BELOW:  17    0.50 INCH OR MORE:   1
MIN  0 OR BELOW:   0    1.00 INCH OR MORE:   0

[HDD (BASE 65) ]
TOTAL THIS MO.   694    CLEAR  (SCALE 0-3)   7
DPTR FM NORMAL  -119    PTCLDY (SCALE 4-7)   8
TOTAL FM JUL 1  3478    CLOUDY (SCALE 8-10)  9
DPTR FM NORMAL  -564

[CDD (BASE 65) ]
TOTAL THIS MO.     0
DPTR FM NORMAL     0    [PRESSURE DATA]
TOTAL FM JAN 1     0    HIGHEST SLP M ON M
DPTR FM NORMAL     0    LOWEST  SLP 29.48 ON  7

[REMARKS]
