000
CXUS53 KIND 210730
CF6GEZ
PRELIMINARY LOCAL CLIMATOLOGICAL DATA (WS FORM: F-6)

                                          STATION:   SHELBYVILLE IN
                                          MONTH:     MAY
                                          YEAR:      2018
                                          LATITUDE:   39 35 N
                                          LONGITUDE:  85 48 W

  TEMPERATURE IN F:       :PCPN:    SNOW:  WIND      :SUNSHINE: SKY     :PK WND
================================================================================
1   2   3   4   5  6A  6B    7    8   9   10  11  12  13   14  15   16   17  18
                                     12Z  AVG MX 2MIN
DY MAX MIN AVG DEP HDD CDD  WTR  SNW DPTH SPD SPD DIR MIN PSBL S-S WX    SPD DR
================================================================================

 1  82  47  65   7   0   0 0.00    M    M 10.4 20 190   M    M   0        27 210
 2  86  60  73  15   0   8    T    M    M 14.9 26 230   M    M   4        33 230
 3  77  66  72  13   0   7 0.21    M    M 12.3 23 230   M    M   6 3      32 230
 4  81  56  69  10   0   4    T    M    M 13.8 28 230   M    M   4        35 230
 5  73  52  63   4   2   0 0.00    M    M  3.0 10 100   M    M   0        12 110
 6  85  54  70  10   0   5 0.07    M    M  7.5 31 280   M    M   2 138    39 280
 7  75  50  63   3   2   0 0.00    M    M  8.8 18  30   M    M   0        27  40
 8  82  45  64   4   1   0 0.00    M    M  4.5 14  70   M    M   0        18  80
 9  83  51  67   6   0   2 0.03    M    M 12.6 25 180   M    M   2 3      32 170
10  83  59  71  10   0   6 0.06    M    M  9.1 22 270   M    M   0 13     26 280
11  87  59  73  12   0   8 0.00    M    M 10.0 25 220   M    M   0        30 220
12  86  68  77  15   0  12 0.00    M    M  9.9 22 260   M    M   2        29 270
13  90  63  77  15   0  12    T    M    M  9.8 23 330   M    M   3 3      26 340
14  91  65  78  16   0  13 0.00    M    M  9.2 20 220   M    M   2        24 190
15  88  70  79  16   0  14    T    M    M  9.0 16 360   M    M   1        21 260
16  80  65  73  10   0   8 0.29    M    M  7.0 13  80   M    M   6 13     16  30
17  87  61  74  11   0   9    T    M    M 10.3 21 110   M    M   3        26 110
18  75  64  70   6   0   5 0.17    M    M 11.6 20  80   M    M   9        23  70
19  79  67  73   9   0   8 0.24    M    M  9.0 24 210   M    M   6 13     31 220
20  86  64  75  11   0  10 0.33    M    M  4.5 24 350   M    M   3 1238   28 350
================================================================================
SM 1656 1186         5 131  1.40    M    187.2          M       53
================================================================================
AV 82.8 59.3                               9.4 FASTST   M    M   3    MAX(MPH)
                                 MISC ---->  # 31 280               # 39  280
================================================================================
NOTES:
# LAST OF SEVERAL OCCURRENCES

COLUMN 17 PEAK WIND IN M.P.H.

PRELIMINARY LOCAL CLIMATOLOGICAL DATA (WS FORM: F-6) , PAGE 2

                                          STATION:  SHELBYVILLE IN
                                          MONTH:    MAY
                                          YEAR:     2018
                                          LATITUDE:   39 35 N
                                          LONGITUDE:  85 48 W

[TEMPERATURE DATA]      [PRECIPITATION DATA]       SYMBOLS USED IN COLUMN 16

AVERAGE MONTHLY: 71.1   TOTAL FOR MONTH:   1.40    1 = FOG OR MIST
DPTR FM NORMAL:   9.9   DPTR FM NORMAL:   -2.23    2 = FOG REDUCING VISIBILITY
HIGHEST:    91 ON 14    GRTST 24HR  0.33 ON 20-20      TO 1/4 MILE OR LESS
LOWEST:     45 ON  8                               3 = THUNDER
                        SNOW, ICE PELLETS, HAIL    4 = ICE PELLETS
                        TOTAL MONTH:    M          5 = HAIL
                        GRTST 24HR    M  ON   M    6 = FREEZING RAIN OR DRIZZLE
                        GRTST DEPTH:  M  ON   M    7 = DUSTSTORM OR SANDSTORM:
                                                       VSBY 1/2 MILE OR LESS
                                                   8 = SMOKE OR HAZE
[NO. OF DAYS WITH]      [WEATHER - DAYS WITH]      9 = BLOWING SNOW
                                                   X = TORNADO
MAX 32 OR BELOW:   0    0.01 INCH OR MORE:   8
MAX 90 OR ABOVE:   2    0.10 INCH OR MORE:   5
MIN 32 OR BELOW:   0    0.50 INCH OR MORE:   0
MIN  0 OR BELOW:   0    1.00 INCH OR MORE:   0

[HDD (BASE 65) ]
TOTAL THIS MO.     5    CLEAR  (SCALE 0-3)  13
DPTR FM NORMAL  -104    PTCLDY (SCALE 4-7)   6
TOTAL FM JUL 1  5214    CLOUDY (SCALE 8-10)  1
DPTR FM NORMAL  -155

[CDD (BASE 65) ]
TOTAL THIS MO.   131
DPTR FM NORMAL   100    [PRESSURE DATA]
TOTAL FM JAN 1   144    HIGHEST SLP M ON M
DPTR FM NORMAL   100    LOWEST  SLP 29.74 ON  9

[REMARKS]
