000
CXUS53 KIND 230730
CF6GEZ
PRELIMINARY LOCAL CLIMATOLOGICAL DATA (WS FORM: F-6)

                                          STATION:   SHELBYVILLE IN
                                          MONTH:     JANUARY
                                          YEAR:      2019
                                          LATITUDE:   39 35 N
                                          LONGITUDE:  85 48 W

  TEMPERATURE IN F:       :PCPN:    SNOW:  WIND      :SUNSHINE: SKY     :PK WND
================================================================================
1   2   3   4   5  6A  6B    7    8   9   10  11  12  13   14  15   16   17  18
                                     12Z  AVG MX 2MIN
DY MAX MIN AVG DEP HDD CDD  WTR  SNW DPTH SPD SPD DIR MIN PSBL S-S WX    SPD DR
================================================================================

 1  46  39  43  14  22   0    T    M    M  6.8 25 270   M    M  10        33 260
 2  39  35  37   8  28   0    T    M    M  7.7 20 270   M    M  10 1      28 260
 3  39  30  35   6  30   0 0.00    M    M  7.0 14 290   M    M   6        18 290
 4  51  28  40  11  25   0 0.90    M    M  6.1 18  40   M    M   3 18     24  50
 5  52  32  42  13  23   0 0.00    M    M  7.6 15 250   M    M   0 1      19 240
 6  50  30  40  11  25   0 0.00    M    M  6.8 16 100   M    M   2 12     22  90
 7  55  43  49  20  16   0    T    M    M 15.0 26 200   M    M   4        35 180
 8  59  40  50  21  15   0 0.00    M    M 16.3 32 270   M    M   4        45 270
 9  41  21  31   2  34   0    T    M    M 18.1 35 290   M    M   9        47 290
10  28  20  24  -4  41   0    T    M    M  7.7 15 330   M    M  10        19 320
11  32  25  29   1  36   0 0.00    M    M  5.3 10 140   M    M   6        14 150
12  33  29  31   3  34   0 0.52    M    M 12.1 18  60   M    M  10 16     23  60
13  32  26  29   1  36   0 0.04    M    M 12.5 21  50   M    M  10 18     27  40
14  28   6  17 -12  48   0 0.00    M    M  3.6  9 340   M    M   4 128    13  60
15  33   9  21  -8  44   0 0.00    M    M  9.4 15 220   M    M  10 128    20 220
16  35  32  34   5  31   0 0.01    M    M  7.3 17 260   M    M  10 1      24 270
17  37  32  35   6  30   0 0.15    M    M  7.6 13 140   M    M  10 12     16 300
18  36  33  35   6  30   0 0.00    M    M  6.7 15 110   M    M  10 18     21 100
19  35  20  28  -1  37   0 0.49    M    M 19.0 30 360   M    M  10 168    46  20
20  20   9  15 -14  50   0    T    M    M 12.3 32 350   M    M   4 8      41 350
21  15   3   9 -20  56   0 0.00    M    M  7.3 16 110   M    M   1        23 120
22  43  15  29   0  36   0    T    M    M 15.1 26 170   M    M   5        34 180
================================================================================
SM  839  557       727   0  2.11    M    217.3          M      148
================================================================================
AV 38.1 25.3                               9.9 FASTST   M    M   7    MAX(MPH)
                                 MISC ---->  # 35 290               # 47  290
================================================================================
NOTES:
# LAST OF SEVERAL OCCURRENCES

COLUMN 17 PEAK WIND IN M.P.H.

PRELIMINARY LOCAL CLIMATOLOGICAL DATA (WS FORM: F-6) , PAGE 2

                                          STATION:  SHELBYVILLE IN
                                          MONTH:    JANUARY
                                          YEAR:     2019
                                          LATITUDE:   39 35 N
                                          LONGITUDE:  85 48 W

[TEMPERATURE DATA]      [PRECIPITATION DATA]       SYMBOLS USED IN COLUMN 16

AVERAGE MONTHLY: 31.7   TOTAL FOR MONTH:   2.11    1 = FOG OR MIST
DPTR FM NORMAL:   2.9   DPTR FM NORMAL:    0.23    2 = FOG REDUCING VISIBILITY
HIGHEST:    59 ON  8    GRTST 24HR  1.11 ON 31- 1      TO 1/4 MILE OR LESS
LOWEST:      3 ON 21                               3 = THUNDER
                        SNOW, ICE PELLETS, HAIL    4 = ICE PELLETS
                        TOTAL MONTH:    M          5 = HAIL
                        GRTST 24HR    M  ON   M    6 = FREEZING RAIN OR DRIZZLE
                        GRTST DEPTH:  M  ON   M    7 = DUSTSTORM OR SANDSTORM:
                                                       VSBY 1/2 MILE OR LESS
                                                   8 = SMOKE OR HAZE
[NO. OF DAYS WITH]      [WEATHER - DAYS WITH]      9 = BLOWING SNOW
                                                   X = TORNADO
MAX 32 OR BELOW:   6    0.01 INCH OR MORE:   6
MAX 90 OR ABOVE:   0    0.10 INCH OR MORE:   4
MIN 32 OR BELOW:  17    0.50 INCH OR MORE:   2
MIN  0 OR BELOW:   0    1.00 INCH OR MORE:   0

[HDD (BASE 65) ]
TOTAL THIS MO.   727    CLEAR  (SCALE 0-3)   4
DPTR FM NORMAL   -65    PTCLDY (SCALE 4-7)   7
TOTAL FM JUL 1  2741    CLOUDY (SCALE 8-10) 11
DPTR FM NORMAL  -155

[CDD (BASE 65) ]
TOTAL THIS MO.     0
DPTR FM NORMAL     0    [PRESSURE DATA]
TOTAL FM JAN 1     0    HIGHEST SLP  0.00 ON 22
DPTR FM NORMAL     0    LOWEST  SLP 29.65 ON  4

[REMARKS]
