000
CXUS55 KALY 170952
CF6GFL
PRELIMINARY LOCAL CLIMATOLOGICAL DATA (WS FORM: F-6)

                                          STATION:   GLENS FALLS NY
                                          MONTH:     JUNE
                                          YEAR:      2018
                                          LATITUDE:   43 20 N
                                          LONGITUDE:  73 37 W

  TEMPERATURE IN F:       :PCPN:    SNOW:  WIND      :SUNSHINE: SKY     :PK WND
================================================================================
1   2   3   4   5  6A  6B    7    8   9   10  11  12  13   14  15   16   17  18
                                     12Z  AVG MX 2MIN
DY MAX MIN AVG DEP HDD CDD  WTR  SNW DPTH SPD SPD DIR MIN PSBL S-S WX    SPD DR
================================================================================

 1  84  66  75  15   0  10 1.37    M    M  6.0 24 330   M    M   7 138    33 320
 2  75  55  65   4   0   0 0.00    M    M  8.9 21  20   M    M   4 1      29  10
 3  74  52  63   2   2   0    T    M    M  5.6 18 160   M    M   7        24 160
 4  60  46  53  -8  12   0 0.28    M    M  6.0 14 260   M    M   9 1      19 310
 5  62  43  53  -9  12   0 0.02    M    M  3.8 15 200   M    M   9 12     20 180
 6  67  49  58  -4   7   0 0.00    M    M  1.8  7  90   M    M  10 1       9 340
 7  72  48  60  -2   5   0 0.00    M    M  4.5 14 210   M    M   8 1      19 210
 8  75  50  63   1   2   0 0.00    M    M  5.0 12  40   M    M   3 1      15  40
 9  79  44  62  -1   3   0 0.00    M    M  4.5 16 310   M    M   1 1      23 200
10  74  44  59  -4   6   0 0.00    M    M  5.8 14  30   M    M   1 1      17  40
11  74  44  59  -4   6   0 0.00    M    M  5.9 14  80   M    M   1        19  10
12  81  41  61  -3   4   0 0.00    M    M  7.9 21 210   M    M   0 1      28 210
13  70  56  63  -1   2   0 0.36    M    M  7.1 17 260   M    M   6 13     26 280
14  70  58  64   0   1   0 0.00    M    M  6.8 22 300   M    M  10        29 290
15  73  48  61  -3   4   0 0.09    M    M  3.1 13  40   M    M   5 1      16  40
16  81  44  63  -2   2   0 0.00    M    M  3.2 10 320   M    M   0 18     13  40
================================================================================
SM 1171  788        68  10  2.12    M     85.9          M       81
================================================================================
AV 73.2 49.3                               5.4 FASTST   M    M   5    MAX(MPH)
                                 MISC ---->  # 24 330               # 33  320
================================================================================
NOTES:
# LAST OF SEVERAL OCCURRENCES

COLUMN 17 PEAK WIND IN M.P.H.

PRELIMINARY LOCAL CLIMATOLOGICAL DATA (WS FORM: F-6) , PAGE 2

                                          STATION:  GLENS FALLS NY
                                          MONTH:    JUNE
                                          YEAR:     2018
                                          LATITUDE:   43 20 N
                                          LONGITUDE:  73 37 W

[TEMPERATURE DATA]      [PRECIPITATION DATA]       SYMBOLS USED IN COLUMN 16

AVERAGE MONTHLY: 61.2   TOTAL FOR MONTH:   2.12    1 = FOG OR MIST
DPTR FM NORMAL:  -1.3   DPTR FM NORMAL:    0.23    2 = FOG REDUCING VISIBILITY
HIGHEST:    84 ON  1    GRTST 24HR  1.37 ON  1- 1      TO 1/4 MILE OR LESS
LOWEST:     41 ON 12                               3 = THUNDER
                        SNOW, ICE PELLETS, HAIL    4 = ICE PELLETS
                        TOTAL MONTH:    M          5 = HAIL
                        GRTST 24HR    M  ON   M    6 = FREEZING RAIN OR DRIZZLE
                        GRTST DEPTH:  M  ON   M    7 = DUSTSTORM OR SANDSTORM:
                                                       VSBY 1/2 MILE OR LESS
                                                   8 = SMOKE OR HAZE
[NO. OF DAYS WITH]      [WEATHER - DAYS WITH]      9 = BLOWING SNOW
                                                   X = TORNADO
MAX 32 OR BELOW:   0    0.01 INCH OR MORE:   5
MAX 90 OR ABOVE:   0    0.10 INCH OR MORE:   3
MIN 32 OR BELOW:   0    0.50 INCH OR MORE:   1
MIN  0 OR BELOW:   0    1.00 INCH OR MORE:   1

[HDD (BASE 65) ]
TOTAL THIS MO.    68    CLEAR  (SCALE 0-3)   6
DPTR FM NORMAL     2    PTCLDY (SCALE 4-7)   6
TOTAL FM JUL 1  7343    CLOUDY (SCALE 8-10)  4
DPTR FM NORMAL  -309

[CDD (BASE 65) ]
TOTAL THIS MO.    10
DPTR FM NORMAL   -15    [PRESSURE DATA]
TOTAL FM JAN 1    35    HIGHEST SLP M ON M
DPTR FM NORMAL    -2    LOWEST  SLP 29.60 ON  5

[REMARKS]
