000
CXUS55 KALY 250710
CF6GFL
PRELIMINARY LOCAL CLIMATOLOGICAL DATA (WS FORM: F-6)

                                          STATION:   GLENS FALLS NY
                                          MONTH:     FEBRUARY
                                          YEAR:      2020
                                          LATITUDE:   43 20 N
                                          LONGITUDE:  73 37 W

  TEMPERATURE IN F:       :PCPN:    SNOW:  WIND      :SUNSHINE: SKY     :PK WND
================================================================================
1   2   3   4   5  6A  6B    7    8   9   10  11  12  13   14  15   16   17  18
                                     12Z  AVG MX 2MIN
DY MAX MIN AVG DEP HDD CDD  WTR  SNW DPTH SPD SPD DIR MIN PSBL S-S WX    SPD DR
================================================================================

 1  34  28  31  13  34   0    T    M    0  2.5  9  60   M    M  10 18     12  70
 2  33  26  30  12  35   0 0.01    M    M  2.9  8 160   M    M  10 18     10 170
 3  42  23  33  14  32   0 0.00    M    M  4.0 14 220   M    M   8 1      18 210
 4  38  24  31  12  34   0 0.00    M    M  1.2  7 220   M    M   8         7 210
 5  34  25  30  11  35   0 0.00    M    M  7.6 17 350   M    M   4        23  10
 6  31  22  27   8  38   0 0.40    M    M  6.0 16 350   M    M  10 126    21 340
 7  32   9  21   2  44   0 0.92    M    M  6.3 23 300   M    M   9 16     28 320
 8  21  -5   8 -12  57   0    T    M    M  4.0 14 220   M    M   3        17 210
 9  22  -9   7 -13  58   0    T    M    M  0.9  6 150   M    M   5         7 170
10  36  20  28   8  37   0 0.14    M    M  3.9 12 190   M    M   8        16 210
11  33  30  32  12  33   0 0.00    M    M  2.5  7 240   M    M   6 12     10 220
12  36  21  29   9  36   0    T    M    M  5.8 17 290   M    M   4        25 310
13  35  21  28   7  37   0 0.15    M    M  2.1 15  70   M    M  10 1      18  80
14  21  -7   7 -14  58   0    T    M    M  8.9 18  70   M    M   2 1      21  70
15  21 -13   4 -17  61   0 0.00    M    M  4.4 16 170   M    M   0 8      19 160
16  33  19  26   4  39   0    T    M    M  4.9 14 200   M    M  10 1      19 210
17  38  11  25   3  40   0 0.00    M    M  4.2 14  50   M    M   3 1      17  40
18  35  13  24   2  41   0 0.41    M    M  1.4  9 210   M    M   9 126    11 210
19  38  12  25   3  40   0 0.00    M    M 11.3 29 280   M    M   4        43 280
20  28  -3  13 -10  52   0 0.00    M    M  4.6 20 310   M    M   4        27 270
21  29 -12   9 -14  56   0 0.00    M    M  6.6 20 160   M    M   0        23 160
22  39  -1  19  -4  46   0 0.00    M    M  6.1 16 270   M    M   1        25 240
23  48   9  29   5  36   0 0.00    M    M  3.5 16 220   M    M   0        22 210
24  53  14  34  10  31   0 0.00    M    M  3.3 14 180   M    M   1        19 190
================================================================================
SM  810  277      1010   0  2.03    M    108.9          M      129
================================================================================
AV 33.8 11.5                               4.5 FASTST   M    M   5    MAX(MPH)
                                 MISC ---->  # 29 280               # 43  280
================================================================================
NOTES:
# LAST OF SEVERAL OCCURRENCES

COLUMN 17 PEAK WIND IN M.P.H.

PRELIMINARY LOCAL CLIMATOLOGICAL DATA (WS FORM: F-6) , PAGE 2

                                          STATION:  GLENS FALLS NY
                                          MONTH:    FEBRUARY
                                          YEAR:     2020
                                          LATITUDE:   43 20 N
                                          LONGITUDE:  73 37 W

[TEMPERATURE DATA]      [PRECIPITATION DATA]       SYMBOLS USED IN COLUMN 16

AVERAGE MONTHLY: 22.7   TOTAL FOR MONTH:   2.03    1 = FOG OR MIST
DPTR FM NORMAL:   1.9   DPTR FM NORMAL:    0.27    2 = FOG REDUCING VISIBILITY
HIGHEST:    53 ON 24    GRTST 24HR  0.92 ON  7- 7      TO 1/4 MILE OR LESS
LOWEST:    -13 ON 15                               3 = THUNDER
                        SNOW, ICE PELLETS, HAIL    4 = ICE PELLETS
                        TOTAL MONTH:    M          5 = HAIL
                        GRTST 24HR    M  ON   M    6 = FREEZING RAIN OR DRIZZLE
                        GRTST DEPTH:   0           7 = DUSTSTORM OR SANDSTORM:
                                                       VSBY 1/2 MILE OR LESS
                                                   8 = SMOKE OR HAZE
[NO. OF DAYS WITH]      [WEATHER - DAYS WITH]      9 = BLOWING SNOW
                                                   X = TORNADO
MAX 32 OR BELOW:   8    0.01 INCH OR MORE:   6
MAX 90 OR ABOVE:   0    0.10 INCH OR MORE:   5
MIN 32 OR BELOW:  24    0.50 INCH OR MORE:   1
MIN  0 OR BELOW:   7    1.00 INCH OR MORE:   0

[HDD (BASE 65) ]
TOTAL THIS MO.  1010    CLEAR  (SCALE 0-3)   7
DPTR FM NORMAL   -52    PTCLDY (SCALE 4-7)   9
TOTAL FM JUL 1  5099    CLOUDY (SCALE 8-10)  8
DPTR FM NORMAL  -359

[CDD (BASE 65) ]
TOTAL THIS MO.     0
DPTR FM NORMAL     0    [PRESSURE DATA]
TOTAL FM JAN 1     0    HIGHEST SLP M ON M
DPTR FM NORMAL     0    LOWEST  SLP 28.83 ON  7

[REMARKS]
