000
CXUS55 KALY 190710
CF6GFL
PRELIMINARY LOCAL CLIMATOLOGICAL DATA (WS FORM: F-6)

                                          STATION:   GLENS FALLS NY
                                          MONTH:     SEPTEMBER
                                          YEAR:      2018
                                          LATITUDE:   43 20 N
                                          LONGITUDE:  73 37 W

  TEMPERATURE IN F:       :PCPN:    SNOW:  WIND      :SUNSHINE: SKY     :PK WND
================================================================================
1   2   3   4   5  6A  6B    7    8   9   10  11  12  13   14  15   16   17  18
                                     12Z  AVG MX 2MIN
DY MAX MIN AVG DEP HDD CDD  WTR  SNW DPTH SPD SPD DIR MIN PSBL S-S WX    SPD DR
================================================================================

 1  75  63  69   5   0   4    T    M    M  4.7 13 160   M    M  10        17 200
 2  80  66  73   9   0   8 0.00    M    M  6.1 12 160   M    M   8        16 150
 3  90  71  81  18   0  16 0.00    M    M  6.6 17 210   M    M   4 1      24 210
 4  83  61  72   9   0   7 0.00    M    M  2.5 14  30   M    M   2 12     17  30
 5  88  60  74  11   0   9 0.00    M    M  4.1 14 190   M    M   0 1      18 190
 6  88  64  76  14   0  11 0.24    M    M  6.2 24 290   M    M   4 1      37 290
 7  74  57  66   4   0   1 0.00    M    M  3.9 12  20   M    M   2        14  30
 8  62  47  55  -7  10   0 0.00    M    M  6.3 16  20   M    M   0        23  10
 9  61  43  52  -9  13   0 0.00    M    M  4.0 12  30   M    M   0        15  40
10  59  45  52  -9  13   0 0.55    M    M  3.3 10  70   M    M   6 1      13  60
11  67  56  62   2   3   0 0.95    M    M  2.5  8 160   M    M  10 12      9 330
12  74  60  67   7   0   2    T    M    M  2.2  9  40   M    M  10 1      11  60
13  80  59  70  10   0   5 0.00    M    M  2.4  9  80   M    M   6 12     12  40
14  80  56  68   9   0   3 0.00    M    M  1.3  7 160   M    M   4 12      9 140
15  83  59  71  12   0   6 0.00    M    M  0.8  6 160   M    M   6 1       8 150
16  85  59  72  14   0   7 0.00    M    M  1.4  6 190   M    M   4 128     8 160
17  80  61  71  13   0   6    T    M    M  6.4 15 190   M    M   2 12     20 180
18  85  63  74  16   0   9 0.48    M    M  2.9 10  60   M    M   5 1      12  40
================================================================================
SM 1394 1050        39  94  2.22    M     67.6          M       83
================================================================================
AV 77.4 58.3                               3.8 FASTST   M    M   5    MAX(MPH)
                                 MISC ---->  # 24 290               # 37  290
================================================================================
NOTES:
# LAST OF SEVERAL OCCURRENCES

COLUMN 17 PEAK WIND IN M.P.H.

PRELIMINARY LOCAL CLIMATOLOGICAL DATA (WS FORM: F-6) , PAGE 2

                                          STATION:  GLENS FALLS NY
                                          MONTH:    SEPTEMBER
                                          YEAR:     2018
                                          LATITUDE:   43 20 N
                                          LONGITUDE:  73 37 W

[TEMPERATURE DATA]      [PRECIPITATION DATA]       SYMBOLS USED IN COLUMN 16

AVERAGE MONTHLY: 67.9   TOTAL FOR MONTH:   2.22    1 = FOG OR MIST
DPTR FM NORMAL:   6.9   DPTR FM NORMAL:    0.30    2 = FOG REDUCING VISIBILITY
HIGHEST:    90 ON  3    GRTST 24HR  0.95 ON 11-11      TO 1/4 MILE OR LESS
LOWEST:     43 ON  9                               3 = THUNDER
                        SNOW, ICE PELLETS, HAIL    4 = ICE PELLETS
                        TOTAL MONTH:    M          5 = HAIL
                        GRTST 24HR    M  ON   M    6 = FREEZING RAIN OR DRIZZLE
                        GRTST DEPTH:  M  ON   M    7 = DUSTSTORM OR SANDSTORM:
                                                       VSBY 1/2 MILE OR LESS
                                                   8 = SMOKE OR HAZE
[NO. OF DAYS WITH]      [WEATHER - DAYS WITH]      9 = BLOWING SNOW
                                                   X = TORNADO
MAX 32 OR BELOW:   0    0.01 INCH OR MORE:   4
MAX 90 OR ABOVE:   1    0.10 INCH OR MORE:   4
MIN 32 OR BELOW:   0    0.50 INCH OR MORE:   2
MIN  0 OR BELOW:   0    1.00 INCH OR MORE:   0

[HDD (BASE 65) ]
TOTAL THIS MO.    39    CLEAR  (SCALE 0-3)   6
DPTR FM NORMAL   -56    PTCLDY (SCALE 4-7)   9
TOTAL FM JUL 1    48    CLOUDY (SCALE 8-10)  3
DPTR FM NORMAL  -113

[CDD (BASE 65) ]
TOTAL THIS MO.    94
DPTR FM NORMAL    71    [PRESSURE DATA]
TOTAL FM JAN 1   589    HIGHEST SLP M ON M
DPTR FM NORMAL   239    LOWEST  SLP 29.73 ON 18

[REMARKS]
