705
CXUS55 KGGW 180800
CF6GGW
PRELIMINARY LOCAL CLIMATOLOGICAL DATA (WS FORM: F-6)

                                          STATION:   GLASGOW MT
                                          MONTH:     OCTOBER
                                          YEAR:      2019
                                          LATITUDE:   48 13 N
                                          LONGITUDE: 106 37 W

  TEMPERATURE IN F:       :PCPN:    SNOW:  WIND      :SUNSHINE: SKY     :PK WND
================================================================================
1   2   3   4   5  6A  6B    7    8   9   10  11  12  13   14  15   16   17  18
                                     12Z  AVG MX 2MIN
DY MAX MIN AVG DEP HDD CDD  WTR  SNW DPTH SPD SPD DIR MIN PSBL S-S WX    SPD DR
================================================================================

 1  47  35  41 -10  24   0    T    T    0  3.6 13 300   M    M   9 1      14 300
 2  45  38  42  -9  23   0 0.04  0.0    0  9.8 16 120   M    M  10 1      19 110
 3  61  36  49  -1  16   0 0.00  0.0    0 15.8 21 100   M    M   5 12     26 110
 4  48  39  44  -6  21   0 0.00  0.0    0  9.5 22 100   M    M   7        27 110
 5  60  33  47  -3  18   0 0.00  0.0    0 12.5 28 280   M    M   1        36 270
 6  62  42  52   3  13   0 0.00  0.0    0 12.4 23 280   M    M   3        28 270
 7  70  35  53   4  12   0 0.00  0.0    0  9.4 18 250   M    M   0        23 230
 8  64  31  48   0  17   0 0.01  0.1    0 13.0 30 340   M    M   4 1      35 340
 9  31  28  30 -18  35   0 0.17  2.6    1 13.4 23 350   M    M  10 1      28 340
10  31  27  29 -18  36   0 0.00  0.0    2  9.2 16 340   M    M  10        20 340
11  43  23  33 -14  32   0 0.00  0.0    1  9.3 21 330   M    M   3        26 310
12  49  22  36 -11  29   0 0.00  0.0    0  9.5 20 320   M    M   0        29 290
13  52  22  37  -9  28   0 0.00  0.0    0  7.0 14 100   M    M   0        16 100
14  55  33  44  -2  21   0    T  0.0    0 13.5 31 320   M    M   7        37 310
15  46  31  39  -6  26   0    T  0.0    0  9.9 18 110   M    M   3        23 120
16  70  38  54   9  11   0 0.00  0.0    0 10.3 20 290   M    M   1        24 290
17  66  41  54  10  11   0 0.00  0.0    0 11.1 18 120   M    M   0        22 120
================================================================================
SM  900  554       373   0  0.22     2.7 179.2          M       73
================================================================================
AV 52.9 32.6                              10.5 FASTST   M    M   4    MAX(MPH)
                                 MISC ---->  # 31 320               # 37  310
================================================================================
NOTES:
# LAST OF SEVERAL OCCURRENCES

COLUMN 17 PEAK WIND IN M.P.H.

PRELIMINARY LOCAL CLIMATOLOGICAL DATA (WS FORM: F-6) , PAGE 2

                                          STATION:  GLASGOW MT
                                          MONTH:    OCTOBER
                                          YEAR:     2019
                                          LATITUDE:   48 13 N
                                          LONGITUDE: 106 37 W

[TEMPERATURE DATA]      [PRECIPITATION DATA]       SYMBOLS USED IN COLUMN 16

AVERAGE MONTHLY: 42.8   TOTAL FOR MONTH:   0.22    1 = FOG OR MIST
DPTR FM NORMAL:  -5.1   DPTR FM NORMAL:   -0.27    2 = FOG REDUCING VISIBILITY
HIGHEST:    70 ON 16, 7 GRTST 24HR  0.17 ON  9- 9      TO 1/4 MILE OR LESS
LOWEST:     22 ON 13,12                            3 = THUNDER
                        SNOW, ICE PELLETS, HAIL    4 = ICE PELLETS
                        TOTAL MONTH:   2.7 INCHES  5 = HAIL
                        GRTST 24HR   2.6 ON  9- 9  6 = FREEZING RAIN OR DRIZZLE
                        GRTST DEPTH:   2 ON 10     7 = DUSTSTORM OR SANDSTORM:
                                                       VSBY 1/2 MILE OR LESS
                                                   8 = SMOKE OR HAZE
[NO. OF DAYS WITH]      [WEATHER - DAYS WITH]      9 = BLOWING SNOW
                                                   X = TORNADO
MAX 32 OR BELOW:   2    0.01 INCH OR MORE:   3
MAX 90 OR ABOVE:   0    0.10 INCH OR MORE:   1
MIN 32 OR BELOW:   7    0.50 INCH OR MORE:   0
MIN  0 OR BELOW:   0    1.00 INCH OR MORE:   0

[HDD (BASE 65) ]
TOTAL THIS MO.   373    CLEAR  (SCALE 0-3)   7
DPTR FM NORMAL    80    PTCLDY (SCALE 4-7)   6
TOTAL FM JUL 1   603    CLOUDY (SCALE 8-10)  4
DPTR FM NORMAL    16

[CDD (BASE 65) ]
TOTAL THIS MO.     0
DPTR FM NORMAL     0    [PRESSURE DATA]
TOTAL FM JAN 1   552    HIGHEST SLP M ON M
DPTR FM NORMAL    20    LOWEST  SLP 29.38 ON 17

[REMARKS]
