000
CXUS55 KTBW 261000
CF6GIF
PRELIMINARY LOCAL CLIMATOLOGICAL DATA (WS FORM: F-6)

                                          STATION:   Winter Haven
                                          MONTH:     MAY
                                          YEAR:      2018
                                          LATITUDE:   28  4 N
                                          LONGITUDE:  81 45 W

  TEMPERATURE IN F:       :PCPN:    SNOW:  WIND      :SUNSHINE: SKY     :PK WND
================================================================================
1   2   3   4   5  6A  6B    7    8   9   10  11  12  13   14  15   16   17  18
                                     12Z  AVG MX 2MIN
DY MAX MIN AVG DEP HDD CDD  WTR  SNW DPTH SPD SPD DIR MIN PSBL S-S WX    SPD DR
================================================================================

 1  88  62  75   0   0  10 0.00  0.0    0 10.3 20 100   M    M   0        24  80
 2  87  63  75   0   0  10 0.00  0.0    0 10.0 20  80   M    M   2        25  80
 3  89  64  77   2   0  12 0.00  0.0    0 10.5 20  90   M    M   1        26  70
 4  90  65  78   3   0  13 0.00  0.0    0  9.2 18  50   M    M   0        24  60
 5  86  66  76   1   0  11 0.03  0.0    0  8.2 17  60   M    M   6 1      24  50
 6  80  69  75  -1   0  10 0.02  0.0    0  4.3 12  30   M    M   7 1      13 360
 7  92  69  81   5   0  16 0.00  0.0    0  6.6 20  70   M    M   1        24  70
 8  91  65  78   2   0  13 0.00  0.0    0  7.9 16  10   M    M   1        22  40
 9  91  63  77   1   0  12 0.00  0.0    0  8.5 18  40   M    M   0        25  30
10  88  66  77   0   0  12 0.00  0.0    0  6.0 13 100   M    M   0        18  80
11  95  67  81   4   0  16 0.00  0.0    0  6.2 16 110   M    M   1 8      24  50
12  81  70  76  -1   0  11    T  0.0    0  6.6 13  70   M    M   3        15  50
13  85  69  77   0   0  12 0.63  0.0    0  5.9 18  90   M    M   8 13     23  80
14  76  70  73  -4   0   8 0.58  0.0    0  9.9 20 100   M    M   9 1      24  90
15  88  71  80   2   0  15 0.87  0.0    0  7.7 24 250   M    M   5 13     33 230
16  89  70  80   2   0  15 0.02  0.0    0  9.2 23 170   M    M   3 3      29 180
17  87  71  79   1   0  14 0.83  0.0    0  8.0 20 180   M    M   4 13     25 180
18  89  71  80   2   0  15 1.24  0.0    0  5.9 15  70   M    M   7 13     19  70
19  85  70  78  -1   0  13 0.06  0.0    0  8.1 21 100   M    M   5 13     24 120
20  76  70  73  -6   0   8 0.42  0.0    0  7.5 18 140   M    M   8 1      26 140
21  81  72  77  -2   0  12 0.36  0.0    0  8.8 20 120   M    M   5 1      24 120
22  85  72  79   0   0  14 0.00  0.0    0  9.2 23 110   M    M   4        28 120
23  90  70  80   1   0  15 0.00  0.0    0  4.5 16 120   M    M   3        20 120
24  92  73  83   3   0  18 0.00  0.0    0  5.7 20 110   M    M   1        26 110
25  88  73  81   1   0  16 0.02  0.0    0  7.7 23 100   M    M   3 13     27 110
================================================================================
SM 2169 1711         0 321  5.08     0.0 192.4          M       87
================================================================================
AV 86.8 68.4                               7.7 FASTST   M    M   3    MAX(MPH)
                                 MISC ---->  # 24 250               # 33  230
================================================================================
NOTES:
# LAST OF SEVERAL OCCURRENCES

COLUMN 17 PEAK WIND IN M.P.H.

PRELIMINARY LOCAL CLIMATOLOGICAL DATA (WS FORM: F-6) , PAGE 2

                                          STATION:  Winter Haven
                                          MONTH:    MAY
                                          YEAR:     2018
                                          LATITUDE:   28  4 N
                                          LONGITUDE:  81 45 W

[TEMPERATURE DATA]      [PRECIPITATION DATA]       SYMBOLS USED IN COLUMN 16

AVERAGE MONTHLY: 77.6   TOTAL FOR MONTH:   5.08    1 = FOG OR MIST
DPTR FM NORMAL:   0.4   DPTR FM NORMAL:    3.15    2 = FOG REDUCING VISIBILITY
HIGHEST:    95 ON 11    GRTST 24HR  1.24 ON 18-18      TO 1/4 MILE OR LESS
LOWEST:     62 ON  1                               3 = THUNDER
                        SNOW, ICE PELLETS, HAIL    4 = ICE PELLETS
                        TOTAL MONTH:   0.0 INCH    5 = HAIL
                        GRTST 24HR     0.0         6 = FREEZING RAIN OR DRIZZLE
                        GRTST DEPTH:   0           7 = DUSTSTORM OR SANDSTORM:
                                                       VSBY 1/2 MILE OR LESS
                                                   8 = SMOKE OR HAZE
[NO. OF DAYS WITH]      [WEATHER - DAYS WITH]      9 = BLOWING SNOW
                                                   X = TORNADO
MAX 32 OR BELOW:   0    0.01 INCH OR MORE:  12
MAX 90 OR ABOVE:   7    0.10 INCH OR MORE:   7
MIN 32 OR BELOW:   0    0.50 INCH OR MORE:   5
MIN  0 OR BELOW:   0    1.00 INCH OR MORE:   1

[HDD (BASE 65) ]
TOTAL THIS MO.     0    CLEAR  (SCALE 0-3)  12
DPTR FM NORMAL     0    PTCLDY (SCALE 4-7)  11
TOTAL FM JUL 1   415    CLOUDY (SCALE 8-10)  2
DPTR FM NORMAL    79

[CDD (BASE 65) ]
TOTAL THIS MO.   321
DPTR FM NORMAL    18    [PRESSURE DATA]
TOTAL FM JAN 1   985    HIGHEST SLP M ON M
DPTR FM NORMAL   212    LOWEST  SLP 29.89 ON 14

[REMARKS]
