000
CXUS55 KTBW 231000
CF6GIF
PRELIMINARY LOCAL CLIMATOLOGICAL DATA (WS FORM: F-6)

                                          STATION:   Winter Haven
                                          MONTH:     FEBRUARY
                                          YEAR:      2018
                                          LATITUDE:   28  4 N
                                          LONGITUDE:  81 45 W

  TEMPERATURE IN F:       :PCPN:    SNOW:  WIND      :SUNSHINE: SKY     :PK WND
================================================================================
1   2   3   4   5  6A  6B    7    8   9   10  11  12  13   14  15   16   17  18
                                     12Z  AVG MX 2MIN
DY MAX MIN AVG DEP HDD CDD  WTR  SNW DPTH SPD SPD DIR MIN PSBL S-S WX    SPD DR
================================================================================

 1  73  50  62   0   3   0 0.00  0.0    0  3.1  9  90   M    M   2 18     15  90
 2  78  55  67   5   0   2 0.00  0.0    0  5.9 16  40   M    M   1 8      21  50
 3  70  54  62   0   3   0 0.00  0.0    0 10.1 16  90   M    M   8        25  20
 4  76  58  67   5   0   2 0.99  0.0    0  8.3 20 170   M    M   5 13     25 170
 5  77  55  66   4   0   1 0.00  0.0    0  7.6 15 100   M    M   5 1      18  90
 6  82  53  68   5   0   3 0.00  0.0    0  6.6 14 120   M    M   0        19 150
 7  83  63  73  10   0   8 0.00  0.0    0  6.8 16 140   M    M   3 1      24 170
 8  84  63  74  11   0   9 0.00  0.0    0  5.9 20  20   M    M   5        25  20
 9  83  60  72   9   0   7 0.00  0.0    0  7.8 15 110   M    M   5        18 100
10  85  65  75  12   0  10 0.00  0.0    0  8.1 16 150   M    M   3 12     22 180
11  86  67  77  14   0  12    T  0.0    0  8.1 17 170   M    M   4 1      23 170
12  85  70  78  15   0  13 0.00  0.0    0  6.2 14 340   M    M   4 1      17  60
13  84  69  77  14   0  12 0.00  0.0    0  6.5 14  50   M    M   5 1      20  70
14  80  63  72   9   0   7 0.00  0.0    0  7.4 14  50   M    M   7 1      17  90
15  83  62  73   9   0   8 0.00  0.0    0  3.1 10 320   M    M   5 12     14 330
16  84  62  73   9   0   8 0.00  0.0    0  4.0 17 290   M    M   1        22 290
17  83  61  72   8   0   7 0.00  0.0    0  4.4 15 280   M    M   3 12     19 240
18  86  58  72   8   0   7 0.00  0.0    0  6.3 17  90   M    M   1 1      22  80
19  85  64  75  11   0  10 0.00  0.0    0  9.2 17  90   M    M   3 18     24 100
20  88  69  79  15   0  14 0.00  0.0    0 10.8 18 110   M    M   3 18     24 120
21  86  69  78  14   0  13 0.00  0.0    0 10.0 17 120   M    M   3 1      21 120
22  87  66  77  12   0  12 0.00  0.0    0  8.6 15  90   M    M   1 1      20 100
================================================================================
SM 1808 1356         6 165  0.99     0.0 154.8          M       77
================================================================================
AV 82.2 61.6                               7.0 FASTST   M    M   4    MAX(MPH)
                                 MISC ---->  # 20 170               # 25   20
================================================================================
NOTES:
# LAST OF SEVERAL OCCURRENCES

COLUMN 17 PEAK WIND IN M.P.H.

PRELIMINARY LOCAL CLIMATOLOGICAL DATA (WS FORM: F-6) , PAGE 2

                                          STATION:  Winter Haven
                                          MONTH:    FEBRUARY
                                          YEAR:     2018
                                          LATITUDE:   28  4 N
                                          LONGITUDE:  81 45 W

[TEMPERATURE DATA]      [PRECIPITATION DATA]       SYMBOLS USED IN COLUMN 16

AVERAGE MONTHLY: 71.9   TOTAL FOR MONTH:   0.99    1 = FOG OR MIST
DPTR FM NORMAL:   8.7   DPTR FM NORMAL:   -0.85    2 = FOG REDUCING VISIBILITY
HIGHEST:    88 ON 20    GRTST 24HR  0.99 ON  4- 4      TO 1/4 MILE OR LESS
LOWEST:     50 ON  1                               3 = THUNDER
                        SNOW, ICE PELLETS, HAIL    4 = ICE PELLETS
                        TOTAL MONTH:   0.0 INCH    5 = HAIL
                        GRTST 24HR     0.0         6 = FREEZING RAIN OR DRIZZLE
                        GRTST DEPTH:   0           7 = DUSTSTORM OR SANDSTORM:
                                                       VSBY 1/2 MILE OR LESS
                                                   8 = SMOKE OR HAZE
[NO. OF DAYS WITH]      [WEATHER - DAYS WITH]      9 = BLOWING SNOW
                                                   X = TORNADO
MAX 32 OR BELOW:   0    0.01 INCH OR MORE:   1
MAX 90 OR ABOVE:   0    0.10 INCH OR MORE:   1
MIN 32 OR BELOW:   0    0.50 INCH OR MORE:   1
MIN  0 OR BELOW:   0    1.00 INCH OR MORE:   0

[HDD (BASE 65) ]
TOTAL THIS MO.     6    CLEAR  (SCALE 0-3)  11
DPTR FM NORMAL   -79    PTCLDY (SCALE 4-7)  11
TOTAL FM JUL 1   350    CLOUDY (SCALE 8-10)  0
DPTR FM NORMAL    90

[CDD (BASE 65) ]
TOTAL THIS MO.   165
DPTR FM NORMAL   118    [PRESSURE DATA]
TOTAL FM JAN 1   204    HIGHEST SLP M ON M
DPTR FM NORMAL   111    LOWEST  SLP 29.98 ON  4

[REMARKS]
