000
CXUS54 KFWD 200730
CF6GKY
PRELIMINARY LOCAL CLIMATOLOGICAL DATA (WS FORM: F-6)

                                          STATION:   ARLINGTON
                                          MONTH:     OCTOBER
                                          YEAR:      2019
                                          LATITUDE:   32 39 N
                                          LONGITUDE:  97  6 W

  TEMPERATURE IN F:       :PCPN:    SNOW:  WIND      :SUNSHINE: SKY     :PK WND
================================================================================
1   2   3   4   5  6A  6B    7    8   9   10  11  12  13   14  15   16   17  18
                                     12Z  AVG MX 2MIN
DY MAX MIN AVG DEP HDD CDD  WTR  SNW DPTH SPD SPD DIR MIN PSBL S-S WX    SPD DR
================================================================================

 1  95  77  86  14   0  21 0.00  0.0    0 13.2 23 150   M    M   4        31 120
 2  96  74  85  13   0  20 0.00  0.0    0  9.3 18 140   M    M   1        24 150
 3  95  70  83  12   0  18 0.00  0.0    0  5.8 14 150   M    M   1        18 160
 4  92  73  83  12   0  18 0.00  0.0    0  6.0 17  70   M    M   1        22  60
 5  95  72  84  13   0  19 0.00  0.0    0  6.9 14 130   M    M   0        18 150
 6  98  67  83  13   0  18    T  0.0    0 10.8 30 360   M    M   2        36  10
 7  81  57  69  -1   0   4 0.00  0.0    0 12.7 24  10   M    M   3        28 350
 8  81  52  67  -3   0   2 0.00  0.0    0  4.1 13 100   M    M   0        17 100
 9  90  62  76   7   0  11 0.00  0.0    0 12.0 24 140   M    M   2        31 150
10  93  60  77   8   0  12 0.42  0.0    0 14.3 36 300   M    M   7 13     47 290
11  64  44  54 -15  11   0 0.27  0.0    0 17.4 30 340   M    M   5 13     37 320
12  68  37  53 -15  12   0 0.00  0.0    0  2.6 12  30   M    M   0        15  30
13  78  51  65  -3   0   0 0.00  0.0    0  6.1 17 150   M    M   3        22 150
14  77  62  70   2   0   5 0.02  0.0    0  7.6 15 150   M    M   3 1      19 130
15  84  69  77  10   0  12 0.03  0.0    0  9.5 30 360   M    M   5 1      37 360
16  70  47  59  -8   6   0 0.00  0.0    0 11.7 31 360   M    M   1        37 350
17  73  45  59  -8   6   0 0.00  0.0    0  3.2 14 130   M    M   0        16 130
18  79  46  63  -3   2   0 0.00  0.0    0  8.1 17 130   M    M   0        23 130
19  85  58  72   6   0   7 0.03  0.0    0  7.0 16 300   M    M   1 3      22 310
================================================================================
SM 1594 1123        37 167  0.77     0.0 168.3          M       39
================================================================================
AV 83.9 59.1                               8.9 FASTST   M    M   2    MAX(MPH)
                                 MISC ---->  # 36 300               # 47  290
================================================================================
NOTES:
# LAST OF SEVERAL OCCURRENCES

COLUMN 17 PEAK WIND IN M.P.H.

PRELIMINARY LOCAL CLIMATOLOGICAL DATA (WS FORM: F-6) , PAGE 2

                                          STATION:  ARLINGTON
                                          MONTH:    OCTOBER
                                          YEAR:     2019
                                          LATITUDE:   32 39 N
                                          LONGITUDE:  97  6 W

[TEMPERATURE DATA]      [PRECIPITATION DATA]       SYMBOLS USED IN COLUMN 16

AVERAGE MONTHLY: 71.5   TOTAL FOR MONTH:   0.77    1 = FOG OR MIST
DPTR FM NORMAL:   2.5   DPTR FM NORMAL:   -1.94    2 = FOG REDUCING VISIBILITY
HIGHEST:    98 ON  6    GRTST 24HR  0.42 ON 10-10      TO 1/4 MILE OR LESS
LOWEST:     37 ON 12                               3 = THUNDER
                        SNOW, ICE PELLETS, HAIL    4 = ICE PELLETS
                        TOTAL MONTH:   0.0 INCH    5 = HAIL
                        GRTST 24HR     0.0         6 = FREEZING RAIN OR DRIZZLE
                        GRTST DEPTH:   0           7 = DUSTSTORM OR SANDSTORM:
                                                       VSBY 1/2 MILE OR LESS
                                                   8 = SMOKE OR HAZE
[NO. OF DAYS WITH]      [WEATHER - DAYS WITH]      9 = BLOWING SNOW
                                                   X = TORNADO
MAX 32 OR BELOW:   0    0.01 INCH OR MORE:   5
MAX 90 OR ABOVE:   8    0.10 INCH OR MORE:   2
MIN 32 OR BELOW:   0    0.50 INCH OR MORE:   0
MIN  0 OR BELOW:   0    1.00 INCH OR MORE:   0

[HDD (BASE 65) ]
TOTAL THIS MO.    37    CLEAR  (SCALE 0-3)  14
DPTR FM NORMAL    11    PTCLDY (SCALE 4-7)   5
TOTAL FM JUL 1    37    CLOUDY (SCALE 8-10)  0
DPTR FM NORMAL     7

[CDD (BASE 65) ]
TOTAL THIS MO.   167
DPTR FM NORMAL    62    [PRESSURE DATA]
TOTAL FM JAN 1  2957    HIGHEST SLP M ON M
DPTR FM NORMAL   401    LOWEST  SLP 29.60 ON 19

[REMARKS]
