000
CXUS54 KFWD 210730
CF6GKY
PRELIMINARY LOCAL CLIMATOLOGICAL DATA (WS FORM: F-6)

                                          STATION:   ARLINGTON
                                          MONTH:     JANUARY
                                          YEAR:      2019
                                          LATITUDE:   32 39 N
                                          LONGITUDE:  97  6 W

  TEMPERATURE IN F:       :PCPN:    SNOW:  WIND      :SUNSHINE: SKY     :PK WND
================================================================================
1   2   3   4   5  6A  6B    7    8   9   10  11  12  13   14  15   16   17  18
                                     12Z  AVG MX 2MIN
DY MAX MIN AVG DEP HDD CDD  WTR  SNW DPTH SPD SPD DIR MIN PSBL S-S WX    SPD DR
================================================================================

 1  45  35  40  -6  25   0 0.00  0.0    0 13.6 18 340   M    M   9        24 320
 2  36  32  34 -12  31   0 0.74  0.0    0 10.2 20 320   M    M  10 16     24 320
 3  40  35  38  -8  27   0 0.43    M    0  9.0 17 290   M    M   9 1      23 290
 4  61  35  48   2  17   0 0.00  0.0    0  6.4 16 290   M    M   3        25 290
 5  71  31  51   5  14   0 0.00  0.0    0  3.5 14 140   M    M   0        17 150
 6  67  45  56  10   9   0 0.00  0.0    0 12.7 23 150   M    M   1        32 150
 7  75  46  61  15   4   0    T  0.0    0  8.3 20 180   M    M   2        30 160
 8  68  40  54   8  11   0 0.00  0.0    0  9.8 25  30   M    M   0        29  20
 9  60  39  50   4  15   0 0.00  0.0    0  6.9 15 360   M    M   0        20 360
10  53  36  45  -1  20   0 0.00  0.0    0  6.3 14 130   M    M   7        17 140
11  56  45  51   5  14   0 0.39  0.0    0 10.9 20 150   M    M   8 1      26 170
12  56  42  49   3  16   0 0.01  0.0    0 12.6 23 310   M    M   7        31 300
13  42  37  40  -6  25   0 0.00  0.0    0 12.5 20 360   M    M  10        24 350
14  48  34  41  -5  24   0 0.00  0.0    0  4.3 12 320   M    M   7        14 320
15  51  34  43  -3  22   0 0.00  0.0    0  6.7 13 150   M    M  10        17 150
16  63  44  54   8  11   0 0.00  0.0    0 10.8 21 160   M    M   8 1      29 160
17  59  39  49   3  16   0 0.00  0.0    0  8.3 21 310   M    M   3 8      26 300
18  71  38  55   9  10   0    T    M    0  9.2 23 160   M    M   2 1      31 150
19  61  31  46  -1  19   0 0.00  0.0    M 18.1 39 320   M    M   3        48 320
20  48  25  37 -10  28   0 0.00  0.0    0  6.2 17 350   M    M   0        20 360
================================================================================
SM 1131  743       358   0  1.57     0.0 186.3          M       99
================================================================================
AV 56.6 37.2                               9.3 FASTST   M    M   5    MAX(MPH)
                                 MISC ---->  # 39 320               # 48  320
================================================================================
NOTES:
# LAST OF SEVERAL OCCURRENCES

COLUMN 17 PEAK WIND IN M.P.H.

PRELIMINARY LOCAL CLIMATOLOGICAL DATA (WS FORM: F-6) , PAGE 2

                                          STATION:  ARLINGTON
                                          MONTH:    JANUARY
                                          YEAR:     2019
                                          LATITUDE:   32 39 N
                                          LONGITUDE:  97  6 W

[TEMPERATURE DATA]      [PRECIPITATION DATA]       SYMBOLS USED IN COLUMN 16

AVERAGE MONTHLY: 46.9   TOTAL FOR MONTH:   1.57    1 = FOG OR MIST
DPTR FM NORMAL:   0.8   DPTR FM NORMAL:    0.36    2 = FOG REDUCING VISIBILITY
HIGHEST:    75 ON  7    GRTST 24HR  0.74 ON  2- 2      TO 1/4 MILE OR LESS
LOWEST:     25 ON 20                               3 = THUNDER
                        SNOW, ICE PELLETS, HAIL    4 = ICE PELLETS
                        TOTAL MONTH:   0.0 INCH    5 = HAIL
                        GRTST 24HR     0.0         6 = FREEZING RAIN OR DRIZZLE
                        GRTST DEPTH:   0           7 = DUSTSTORM OR SANDSTORM:
                                                       VSBY 1/2 MILE OR LESS
                                                   8 = SMOKE OR HAZE
[NO. OF DAYS WITH]      [WEATHER - DAYS WITH]      9 = BLOWING SNOW
                                                   X = TORNADO
MAX 32 OR BELOW:   0    0.01 INCH OR MORE:   4
MAX 90 OR ABOVE:   0    0.10 INCH OR MORE:   3
MIN 32 OR BELOW:   4    0.50 INCH OR MORE:   1
MIN  0 OR BELOW:   0    1.00 INCH OR MORE:   0

[HDD (BASE 65) ]
TOTAL THIS MO.   358    CLEAR  (SCALE 0-3)   8
DPTR FM NORMAL   -20    PTCLDY (SCALE 4-7)   6
TOTAL FM JUL 1  1339    CLOUDY (SCALE 8-10)  6
DPTR FM NORMAL    58

[CDD (BASE 65) ]
TOTAL THIS MO.     0
DPTR FM NORMAL     0    [PRESSURE DATA]
TOTAL FM JAN 1     0    HIGHEST SLP M ON M
DPTR FM NORMAL     0    LOWEST  SLP 29.61 ON 18

[REMARKS]
