000
CXUS54 KJAN 241414
CF6GLH
PRELIMINARY LOCAL CLIMATOLOGICAL DATA (WS FORM: F-6)

                                          STATION:   GREENVILLE
                                          MONTH:     JANUARY
                                          YEAR:      2020
                                          LATITUDE:   33 29 N
                                          LONGITUDE:  90 59 W

  TEMPERATURE IN F:       :PCPN:    SNOW:  WIND      :SUNSHINE: SKY     :PK WND
================================================================================
1   2   3   4   5  6A  6B    7    8   9   10  11  12  13   14  15   16   17  18
                                     12Z  AVG MX 2MIN
DY MAX MIN AVG DEP HDD CDD  WTR  SNW DPTH SPD SPD DIR MIN PSBL S-S WX    SPD DR
================================================================================

 1  52  37  45   2  20   0 0.00  0.0    0  6.4 14 170   M    M   3        16 170
 2  57  48  53  10  12   0 0.65  0.0    0  4.3 13 160   M    M  10 1      17 150
 3  62  54  58  15   7   0 0.31  0.0    0  9.2 16 330   M    M   7 1      21 330
 4  55  36  46   3  19   0 0.00  0.0    0  9.2 22 320   M    M   1        29 320
 5  65  34  50   8  15   0 0.00  0.0    0  8.6 17 200   M    M   0 8      22 220
 6  67  39  53  11  12   0 0.00  0.0    0  8.1 18 220   M    M   2 18     24 210
 7  58  38  48   6  17   0 0.00  0.0    0  8.5 21 330   M    M   0        26 320
 8  62  33  48   6  17   0 0.00  0.0    0  8.1 16 150   M    M   0        23 140
 9  67  42  55  13  10   0 0.00  0.0    0 13.0 23 160   M    M   3        29 160
10  72  61  67  25   0   2    T  0.0    0 16.8 30 160   M    M   8 3      44 160
11  74  41  58  16   7   0 2.33  0.0    0 25.0 28 180   M    M  10 3      50 180
12  55  39  47   5  18   0 0.00  0.0    0   M  10 130   M    M   M        14 110
13  64  40  52  10  13   0 0.05  0.0    0   M  10 170   M    M   M        12 170
14  65  57  61  19   4   0 1.41  0.0    0  4.1  8 190   M    M  10 123    11  30
15  71  62  67  25   0   2 0.03  0.0    0  9.4 16 200   M    M  10 13     21 200
16  67  47  57  15   8   0 0.02  0.0    0 15.7 24  30   M    M   9 1      32  30
17  58  45  52  10  13   0 0.03  0.0    0  9.2 16 160   M    M   8        22 160
18  67  44  56  14   9   0 0.21  0.0    0 14.1 22 330   M    M   5 1      30 330
19  48  34  41  -1  24   0 0.00  0.0    0 12.6 24 350   M    M   0        32 340
20  40  29  35  -7  30   0 0.00  0.0    0 11.2 16 350   M    M   0        22  30
21  39  27  33  -9  32   0 0.00  0.0    0  9.2 20  40   M    M   2        27  40
22  42  28  35  -7  30   0 0.20  0.0    0  5.7 15 160   M    M   4        19 150
23  46  38  42   0  23   0 1.79  0.0    0  7.3 16 120   M    M  10 1      20 120
================================================================================
SM 1353  953       340   4  7.03     0.0 215.7          M      102
================================================================================
AV 58.8 41.4                              10.3 FASTST   M    M   5    MAX(MPH)
                                 MISC ---->  # 30 160               # 50  180
================================================================================
NOTES:
# LAST OF SEVERAL OCCURRENCES

COLUMN 17 PEAK WIND IN M.P.H.

PRELIMINARY LOCAL CLIMATOLOGICAL DATA (WS FORM: F-6) , PAGE 2

                                          STATION:  GREENVILLE
                                          MONTH:    JANUARY
                                          YEAR:     2020
                                          LATITUDE:   33 29 N
                                          LONGITUDE:  90 59 W

[TEMPERATURE DATA]      [PRECIPITATION DATA]       SYMBOLS USED IN COLUMN 16

AVERAGE MONTHLY: 50.1   TOTAL FOR MONTH:   7.03    1 = FOG OR MIST
DPTR FM NORMAL:   8.0   DPTR FM NORMAL:    3.48    2 = FOG REDUCING VISIBILITY
HIGHEST:    74 ON 11    GRTST 24HR  2.33 ON 11-11      TO 1/4 MILE OR LESS
LOWEST:     27 ON 21                               3 = THUNDER
                        SNOW, ICE PELLETS, HAIL    4 = ICE PELLETS
                        TOTAL MONTH:   0.0 INCH    5 = HAIL
                        GRTST 24HR     0.0         6 = FREEZING RAIN OR DRIZZLE
                        GRTST DEPTH:   0           7 = DUSTSTORM OR SANDSTORM:
                                                       VSBY 1/2 MILE OR LESS
                                                   8 = SMOKE OR HAZE
[NO. OF DAYS WITH]      [WEATHER - DAYS WITH]      9 = BLOWING SNOW
                                                   X = TORNADO
MAX 32 OR BELOW:   0    0.01 INCH OR MORE:  11
MAX 90 OR ABOVE:   0    0.10 INCH OR MORE:   7
MIN 32 OR BELOW:   3    0.50 INCH OR MORE:   4
MIN  0 OR BELOW:   0    1.00 INCH OR MORE:   3

[HDD (BASE 65) ]
TOTAL THIS MO.   340    CLEAR  (SCALE 0-3)   9
DPTR FM NORMAL  -186    PTCLDY (SCALE 4-7)   6
TOTAL FM JUL 1  1374    CLOUDY (SCALE 8-10)  6
DPTR FM NORMAL  -236

[CDD (BASE 65) ]
TOTAL THIS MO.     4
DPTR FM NORMAL     4    [PRESSURE DATA]
TOTAL FM JAN 1     4    HIGHEST SLP M ON M
DPTR FM NORMAL     4    LOWEST  SLP 29.72 ON 11

[REMARKS]
