000
CXUS54 KJAN 211414
CF6GLH
PRELIMINARY LOCAL CLIMATOLOGICAL DATA (WS FORM: F-6)

                                          STATION:   GREENVILLE
                                          MONTH:     OCTOBER
                                          YEAR:      2019
                                          LATITUDE:   33 29 N
                                          LONGITUDE:  90 59 W

  TEMPERATURE IN F:       :PCPN:    SNOW:  WIND      :SUNSHINE: SKY     :PK WND
================================================================================
1   2   3   4   5  6A  6B    7    8   9   10  11  12  13   14  15   16   17  18
                                     12Z  AVG MX 2MIN
DY MAX MIN AVG DEP HDD CDD  WTR  SNW DPTH SPD SPD DIR MIN PSBL S-S WX    SPD DR
================================================================================

 1  96  69  83  14   0  18 0.00  0.0    0  4.4 15 200   M    M   0 8      20 200
 2  98  68  83  14   0  18 0.00  0.0    0  2.5 12 280   M    M   0 8      15 290
 3  99  73  86  17   0  21 0.00  0.0    0  5.0 17  10   M    M   1 8      23 360
 4  89  69  79  11   0  14 0.00  0.0    0 11.4 21  20   M    M   0 8      26  10
 5  94  61  78  10   0  13 0.00  0.0    0  3.8 10 160   M    M   0 8      12 150
 6  93  70  82  14   0  17 0.00  0.0    0  9.1 18 210   M    M   2        24 190
 7  79  61  70   3   0   5 0.83  0.0    0 11.5 25 320   M    M  10 13     30  10
 8  79  55  67   0   0   2 0.00  0.0    0  7.4 14  40   M    M   0 1      18  40
 9  82  52  67   0   0   2 0.00  0.0    0  4.2  9 150   M    M   5 12     12 150
10  90  64  77  11   0  12    T  0.0    0 10.4 20 180   M    M   3        25 180
11  84  50  67   1   0   2 0.07  0.0    0 13.5 28 330   M    M   6 1      33 330
12  67  44  56 -10   9   0 0.00  0.0    0  8.7 18  20   M    M   0        23  40
13  58  44  51 -15  14   0 0.34  0.0    0  1.9 12 270   M    M   5 13     13 280
14  71  52  62  -3   3   0 0.03  0.0    0  3.8 12 150   M    M   7        14 150
15  70  64  67   2   0   2 1.85  0.0    0  6.2 15 130   M    M   9 1      17 140
16  69  48  59  -6   6   0    T  0.0    0 11.5 29 360   M    M   3 1      38 360
17  67  43  55  -9  10   0 0.00  0.0    0  1.6  9  10   M    M   0 1      11  20
18  72  49  61  -3   4   0 0.00  0.0    0  5.9 15 100   M    M   0        18 110
19  78  44  61  -3   4   0 0.00  0.0    0  2.5  8 320   M    M   0 1      10 140
20  82  58  70   7   0   5 0.00  0.0    0  8.1 15 180   M    M   6        20 170
================================================================================
SM 1617 1138        50 131  3.12     0.0 133.4          M       57
================================================================================
AV 80.9 56.9                               6.7 FASTST   M    M   3    MAX(MPH)
                                 MISC ---->  # 29 360               # 38  360
================================================================================
NOTES:
# LAST OF SEVERAL OCCURRENCES

COLUMN 17 PEAK WIND IN M.P.H.

PRELIMINARY LOCAL CLIMATOLOGICAL DATA (WS FORM: F-6) , PAGE 2

                                          STATION:  GREENVILLE
                                          MONTH:    OCTOBER
                                          YEAR:     2019
                                          LATITUDE:   33 29 N
                                          LONGITUDE:  90 59 W

[TEMPERATURE DATA]      [PRECIPITATION DATA]       SYMBOLS USED IN COLUMN 16

AVERAGE MONTHLY: 68.9   TOTAL FOR MONTH:   3.12    1 = FOG OR MIST
DPTR FM NORMAL:   2.6   DPTR FM NORMAL:    0.17    2 = FOG REDUCING VISIBILITY
HIGHEST:    99 ON  3    GRTST 24HR  1.85 ON 15-15      TO 1/4 MILE OR LESS
LOWEST:     43 ON 17                               3 = THUNDER
                        SNOW, ICE PELLETS, HAIL    4 = ICE PELLETS
                        TOTAL MONTH:   0.0 INCH    5 = HAIL
                        GRTST 24HR     0.0         6 = FREEZING RAIN OR DRIZZLE
                        GRTST DEPTH:   0           7 = DUSTSTORM OR SANDSTORM:
                                                       VSBY 1/2 MILE OR LESS
                                                   8 = SMOKE OR HAZE
[NO. OF DAYS WITH]      [WEATHER - DAYS WITH]      9 = BLOWING SNOW
                                                   X = TORNADO
MAX 32 OR BELOW:   0    0.01 INCH OR MORE:   5
MAX 90 OR ABOVE:   6    0.10 INCH OR MORE:   3
MIN 32 OR BELOW:   0    0.50 INCH OR MORE:   2
MIN  0 OR BELOW:   0    1.00 INCH OR MORE:   1

[HDD (BASE 65) ]
TOTAL THIS MO.    50    CLEAR  (SCALE 0-3)  13
DPTR FM NORMAL     4    PTCLDY (SCALE 4-7)   5
TOTAL FM JUL 1    50    CLOUDY (SCALE 8-10)  2
DPTR FM NORMAL    -2

[CDD (BASE 65) ]
TOTAL THIS MO.   131
DPTR FM NORMAL    58    [PRESSURE DATA]
TOTAL FM JAN 1  2536    HIGHEST SLP M ON M
DPTR FM NORMAL   383    LOWEST  SLP 29.72 ON 19

[REMARKS]
