000
CXUS53 KAPX 210631
CF6GLR
PRELIMINARY LOCAL CLIMATOLOGICAL DATA (WS FORM: F-6)

                                          STATION:   GAYLORD
                                          MONTH:     FEBRUARY
                                          YEAR:      2020
                                          LATITUDE:   45  0 N
                                          LONGITUDE:  84 42 W

  TEMPERATURE IN F:       :PCPN:    SNOW:  WIND      :SUNSHINE: SKY     :PK WND
================================================================================
1   2   3   4   5  6A  6B    7    8   9   10  11  12  13   14  15   16   17  18
                                     12Z  AVG MX 2MIN
DY MAX MIN AVG DEP HDD CDD  WTR  SNW DPTH SPD SPD DIR MIN PSBL S-S WX    SPD DR
================================================================================

 1  32  27  30  13  35   0 0.05    M    M 10.9 20 250   M    M  10 12     27 250
 2  34  28  31  14  34   0 0.07    M    M  9.1 17 280   M    M  10 16     29 280
 3  36  25  31  14  34   0 0.00    M    M  4.0 13 220   M    M   6        20 290
 4  29  15  22   5  43   0 0.00    M    M  6.1 13 290   M    M  10        23 330
 5  22  11  17   0  48   0 0.00    M    M  3.5 12 240   M    M   4 8      14 240
 6  27  13  20   3  45   0    T    M    M  1.1  6  40   M    M   8 18     11  50
 7  23  11  17   0  48   0 0.02    M    M  4.2 12 310   M    M  10 1      19 300
 8  20  -1  10  -8  55   0 0.00    M    M  3.3  9 180   M    M   8 1      13 160
 9  26  15  21   3  44   0 0.25    M    M  5.6 15 210   M    M   9 128    25 210
10  30  11  21   3  44   0 0.00    M    M  3.8  9 260   M    M   6 12     15 350
11  25  14  20   2  45   0    T    M    M 12.3 22 260   M    M   8 18     29 250
12  35  21  28  10  37   0 0.02    M    M 14.3 24 230   M    M   6 18     36 210
13  26  -7  10  -8  55   0 0.02    M    M  5.1 12 320   M    M   6 18     20 360
14  14  -3   6 -12  59   0    T    M    M  8.8 20 240   M    M   6 189    24 240
15  27   9  18  -1  47   0    T    M    M 16.4 24 200   M    M   9 18     36 210
16  28  13  21   2  44   0    T    M    M  7.1 18 250   M    M   9 18     25 290
17  26  -6  10  -9  55   0    T    M    M  7.3 17 150   M    M   5 18     25 150
18  30  18  24   5  41   0 0.19    M    M 11.1 25 280   M    M   9 128    41 280
19  18  12  15  -4  50   0    T    M    M  9.1 20 270   M    M  10 18     30 310
20  18   7  13  -7  52   0 0.01    M    M  6.5 17 250   M    M   7 18     22 260
================================================================================
SM  526  233       915   0  0.63    M    149.6          M      156
================================================================================
AV 26.3 11.7                               7.5 FASTST   M    M   8    MAX(MPH)
                                 MISC ---->  # 25 280               # 41  280
================================================================================
NOTES:
# LAST OF SEVERAL OCCURRENCES

COLUMN 17 PEAK WIND IN M.P.H.

PRELIMINARY LOCAL CLIMATOLOGICAL DATA (WS FORM: F-6) , PAGE 2

                                          STATION:  GAYLORD
                                          MONTH:    FEBRUARY
                                          YEAR:     2020
                                          LATITUDE:   45  0 N
                                          LONGITUDE:  84 42 W

[TEMPERATURE DATA]      [PRECIPITATION DATA]       SYMBOLS USED IN COLUMN 16

AVERAGE MONTHLY: 19.0   TOTAL FOR MONTH:   0.63    1 = FOG OR MIST
DPTR FM NORMAL:   1.0   DPTR FM NORMAL:   -0.22    2 = FOG REDUCING VISIBILITY
HIGHEST:    36 ON  3    GRTST 24HR  0.25 ON  9- 9      TO 1/4 MILE OR LESS
LOWEST:     -7 ON 13                               3 = THUNDER
                        SNOW, ICE PELLETS, HAIL    4 = ICE PELLETS
                        TOTAL MONTH:    M          5 = HAIL
                        GRTST 24HR    M  ON   M    6 = FREEZING RAIN OR DRIZZLE
                        GRTST DEPTH:  M  ON   M    7 = DUSTSTORM OR SANDSTORM:
                                                       VSBY 1/2 MILE OR LESS
                                                   8 = SMOKE OR HAZE
[NO. OF DAYS WITH]      [WEATHER - DAYS WITH]      9 = BLOWING SNOW
                                                   X = TORNADO
MAX 32 OR BELOW:  17    0.01 INCH OR MORE:   8
MAX 90 OR ABOVE:   0    0.10 INCH OR MORE:   2
MIN 32 OR BELOW:  20    0.50 INCH OR MORE:   0
MIN  0 OR BELOW:   4    1.00 INCH OR MORE:   0

[HDD (BASE 65) ]
TOTAL THIS MO.   915    CLEAR  (SCALE 0-3)   0
DPTR FM NORMAL   -25    PTCLDY (SCALE 4-7)  11
TOTAL FM JUL 1  5468    CLOUDY (SCALE 8-10)  9
DPTR FM NORMAL  -241

[CDD (BASE 65) ]
TOTAL THIS MO.     0
DPTR FM NORMAL     0    [PRESSURE DATA]
TOTAL FM JAN 1     0    HIGHEST SLP M ON M
DPTR FM NORMAL     0    LOWEST  SLP 29.31 ON  2

[REMARKS]
