000
CXUS53 KAPX 200631
CF6GLR
PRELIMINARY LOCAL CLIMATOLOGICAL DATA (WS FORM: F-6)

                                          STATION:   GAYLORD
                                          MONTH:     OCTOBER
                                          YEAR:      2020
                                          LATITUDE:   45  0 N
                                          LONGITUDE:  84 42 W

  TEMPERATURE IN F:       :PCPN:    SNOW:  WIND      :SUNSHINE: SKY     :PK WND
================================================================================
1   2   3   4   5  6A  6B    7    8   9   10  11  12  13   14  15   16   17  18
                                     12Z  AVG MX 2MIN
DY MAX MIN AVG DEP HDD CDD  WTR  SNW DPTH SPD SPD DIR MIN PSBL S-S WX    SPD DR
================================================================================

 1  51  37  44  -7  21   0 0.29    M    M  5.1 13 320   M    M   8 18     22 320
 2  46  28  37 -14  28   0    T    M    M  2.6 10 290   M    M   5        16 290
 3  47  36  42  -8  23   0 0.06    M    M  1.5 12 200   M    M  10        15 200
 4  45  30  38 -12  27   0 0.28    M    M  4.5 13  30   M    M   8 1      22  50
 5  57  28  43  -7  22   0 0.00    M    M 10.4 21 200   M    M   1 1      29 200
 6  65  46  56   7   9   0 0.15    M    M 11.8 18 260   M    M   4 1      28 210
 7  56  36  46  -3  19   0 0.04    M    M  8.5 23 220   M    M   6 1      33 220
 8  56  35  46  -2  19   0 0.01    M    M  4.4 15 270   M    M   4 1      25 300
 9  74  31  53   5  12   0    T    M    M 14.6 32 210   M    M   2        44 210
10  67  36  52   4  13   0 0.00    M    M  7.5 18 230   M    M   3        30 350
11  58  37  48   1  17   0 0.00    M    M  7.2 18 130   M    M   3        25 130
12  60  41  51   4  14   0 0.69    M    M 12.7 23 250   M    M   7 13     35 260
13  63  38  51   4  14   0 0.06    M    M  8.9 36 220   M    M   3 123    53 230
14  51  37  44  -2  21   0 0.26    M    M  7.3 18 150   M    M   5 1      26 150
15  50  35  43  -3  22   0 0.23    M    M 10.7 24 250   M    M   9 1      33 240
16  45  28  37  -9  28   0 0.18    M    M 10.0 24 250   M    M   3 1      35 260
17  49  33  41  -4  24   0 0.05    M    M 13.0 24 200   M    M   6 1      38 200
18  50  28  39  -6  26   0 0.12    M    M  6.9 23 210   M    M   8 1      32 230
19  45  24  35  -9  30   0 0.01    M    M  3.1 13 220   M    M   6 1      17 260
================================================================================
SM 1035  644       389   0  2.43    M    150.7          M      101
================================================================================
AV 54.5 33.9                               7.9 FASTST   M    M   5    MAX(MPH)
                                 MISC ---->  # 36 220               # 53  230
================================================================================
NOTES:
# LAST OF SEVERAL OCCURRENCES

COLUMN 17 PEAK WIND IN M.P.H.

PRELIMINARY LOCAL CLIMATOLOGICAL DATA (WS FORM: F-6) , PAGE 2

                                          STATION:  GAYLORD
                                          MONTH:    OCTOBER
                                          YEAR:     2020
                                          LATITUDE:   45  0 N
                                          LONGITUDE:  84 42 W

[TEMPERATURE DATA]      [PRECIPITATION DATA]       SYMBOLS USED IN COLUMN 16

AVERAGE MONTHLY: 44.2   TOTAL FOR MONTH:   2.43    1 = FOG OR MIST
DPTR FM NORMAL:  -3.6   DPTR FM NORMAL:    0.14    2 = FOG REDUCING VISIBILITY
HIGHEST:    74 ON  9    GRTST 24HR  0.86 ON 30- 1      TO 1/4 MILE OR LESS
LOWEST:     24 ON 19                               3 = THUNDER
                        SNOW, ICE PELLETS, HAIL    4 = ICE PELLETS
                        TOTAL MONTH:    M          5 = HAIL
                        GRTST 24HR    M  ON   M    6 = FREEZING RAIN OR DRIZZLE
                        GRTST DEPTH:  M  ON   M    7 = DUSTSTORM OR SANDSTORM:
                                                       VSBY 1/2 MILE OR LESS
                                                   8 = SMOKE OR HAZE
[NO. OF DAYS WITH]      [WEATHER - DAYS WITH]      9 = BLOWING SNOW
                                                   X = TORNADO
MAX 32 OR BELOW:   0    0.01 INCH OR MORE:  14
MAX 90 OR ABOVE:   0    0.10 INCH OR MORE:   8
MIN 32 OR BELOW:   7    0.50 INCH OR MORE:   1
MIN  0 OR BELOW:   0    1.00 INCH OR MORE:   0

[HDD (BASE 65) ]
TOTAL THIS MO.   389    CLEAR  (SCALE 0-3)   4
DPTR FM NORMAL    58    PTCLDY (SCALE 4-7)  12
TOTAL FM JUL 1   733    CLOUDY (SCALE 8-10)  3
DPTR FM NORMAL   -13

[CDD (BASE 65) ]
TOTAL THIS MO.     0
DPTR FM NORMAL     0    [PRESSURE DATA]
TOTAL FM JAN 1   381    HIGHEST SLP M ON M
DPTR FM NORMAL   145    LOWEST  SLP 29.43 ON 15

[REMARKS]
