000
CXUS53 KAPX 240631
CF6GLR
PRELIMINARY LOCAL CLIMATOLOGICAL DATA (WS FORM: F-6)

                                          STATION:   GAYLORD
                                          MONTH:     SEPTEMBER
                                          YEAR:      2018
                                          LATITUDE:   45  0 N
                                          LONGITUDE:  84 42 W

  TEMPERATURE IN F:       :PCPN:    SNOW:  WIND      :SUNSHINE: SKY     :PK WND
================================================================================
1   2   3   4   5  6A  6B    7    8   9   10  11  12  13   14  15   16   17  18
                                     12Z  AVG MX 2MIN
DY MAX MIN AVG DEP HDD CDD  WTR  SNW DPTH SPD SPD DIR MIN PSBL S-S WX    SPD DR
================================================================================

 1  76  65  71  10   0   6 0.04    M    M  9.1 17 230   M    M   4 1      24 220
 2  82  63  73  12   0   8 0.20    M    M  9.3 21 210   M    M   6 13     28 210
 3  78  66  72  11   0   7 0.01    M    M  6.4 16 250   M    M   6 8      20 250
 4  83  61  72  12   0   7 1.60    M    M  8.0 17 240   M    M   7 13     24 250
 5  82  57  70  10   0   5 0.31    M    M 10.4 28 220   M    M   5 13     38 240
 6  70  47  59  -1   6   0 0.00    M    M  4.3  9  30   M    M   0        15  20
 7  67  38  53  -7  12   0 0.00    M    M  3.5 14  50   M    M   0        18  40
 8  64  47  56  -3   9   0 0.00    M    M  7.5 15  50   M    M   0        22  50
 9  64  46  55  -4  10   0 0.00    M    M  7.0 15 120   M    M   0 8      26 120
10  71  44  58  -1   7   0 0.00    M    M  4.5 12  60   M    M   3        18  40
11  75  48  62   4   3   0 0.00    M    M  5.4 12 180   M    M   1 12     17 210
12  79  51  65   7   0   0 0.00    M    M  5.8 15 230   M    M   0 1      20 230
13  75  47  61   3   4   0 0.00    M    M  5.1 14 170   M    M   4 1      20 170
14  80  56  68  11   0   3 0.00    M    M  2.5  9 220   M    M   4 1      13 210
15  81  51  66   9   0   1 0.00    M    M  1.8  8 170   M    M   2 1      12 150
16  82  55  69  12   0   4 0.00    M    M  5.1 14 180   M    M   1 1      21 150
17  85  61  73  17   0   8 0.00    M    M  7.8 17 230   M    M   1        24 260
18  69  54  62   6   3   0 0.00    M    M  3.7 10 290   M    M   7 1      17 310
19  63  50  57   1   8   0 0.03    M    M  3.1 10 220   M    M   9 1      15 210
20  66  57  62   7   3   0 0.65    M    M  8.1 20 170   M    M  10 13     26 130
21  71  46  59   4   6   0 0.14    M    M 17.0 33 270   M    M   7 13     59 250
22  60  41  51  -3  14   0 0.00    M    M  4.6 10 250   M    M   2        17 350
23  68  40  54   0  11   0 0.00    M    M  4.3 16  50   M    M   6        22 100
================================================================================
SM 1691 1191        96  49  2.98    M    144.3          M       85
================================================================================
AV 73.5 51.8                               6.3 FASTST   M    M   4    MAX(MPH)
                                 MISC ---->  # 33 270               # 59  250
================================================================================
NOTES:
# LAST OF SEVERAL OCCURRENCES

COLUMN 17 PEAK WIND IN M.P.H.

PRELIMINARY LOCAL CLIMATOLOGICAL DATA (WS FORM: F-6) , PAGE 2

                                          STATION:  GAYLORD
                                          MONTH:    SEPTEMBER
                                          YEAR:     2018
                                          LATITUDE:   45  0 N
                                          LONGITUDE:  84 42 W

[TEMPERATURE DATA]      [PRECIPITATION DATA]       SYMBOLS USED IN COLUMN 16

AVERAGE MONTHLY: 62.7   TOTAL FOR MONTH:   2.98    1 = FOG OR MIST
DPTR FM NORMAL:   4.8   DPTR FM NORMAL:    0.30    2 = FOG REDUCING VISIBILITY
HIGHEST:    85 ON 17    GRTST 24HR  1.60 ON  4- 4      TO 1/4 MILE OR LESS
LOWEST:     38 ON  7                               3 = THUNDER
                        SNOW, ICE PELLETS, HAIL    4 = ICE PELLETS
                        TOTAL MONTH:    M          5 = HAIL
                        GRTST 24HR    M  ON   M    6 = FREEZING RAIN OR DRIZZLE
                        GRTST DEPTH:  M  ON   M    7 = DUSTSTORM OR SANDSTORM:
                                                       VSBY 1/2 MILE OR LESS
                                                   8 = SMOKE OR HAZE
[NO. OF DAYS WITH]      [WEATHER - DAYS WITH]      9 = BLOWING SNOW
                                                   X = TORNADO
MAX 32 OR BELOW:   0    0.01 INCH OR MORE:   8
MAX 90 OR ABOVE:   0    0.10 INCH OR MORE:   5
MIN 32 OR BELOW:   0    0.50 INCH OR MORE:   2
MIN  0 OR BELOW:   0    1.00 INCH OR MORE:   1

[HDD (BASE 65) ]
TOTAL THIS MO.    96    CLEAR  (SCALE 0-3)  10
DPTR FM NORMAL   -81    PTCLDY (SCALE 4-7)  11
TOTAL FM JUL 1   134    CLOUDY (SCALE 8-10)  2
DPTR FM NORMAL  -191

[CDD (BASE 65) ]
TOTAL THIS MO.    49
DPTR FM NORMAL    35    [PRESSURE DATA]
TOTAL FM JAN 1   459    HIGHEST SLP M ON M
DPTR FM NORMAL   225    LOWEST  SLP 29.52 ON 21

[REMARKS]
