000
CXUS54 KHGX 191515
CF6GLS
PRELIMINARY LOCAL CLIMATOLOGICAL DATA (WS FORM: F-6)

                                          STATION:   GALVESTON
                                          MONTH:     OCTOBER
                                          YEAR:      2019
                                          LATITUDE:   29 16 N
                                          LONGITUDE:  94 52 W

  TEMPERATURE IN F:       :PCPN:    SNOW:  WIND      :SUNSHINE: SKY     :PK WND
================================================================================
1   2   3   4   5  6A  6B    7    8   9   10  11  12  13   14  15   16   17  18
                                     12Z  AVG MX 2MIN
DY MAX MIN AVG DEP HDD CDD  WTR  SNW DPTH SPD SPD DIR MIN PSBL S-S WX    SPD DR
================================================================================

 1  90  83  87   9   0  22 0.00  0.0    0 12.7 20 130   M    M   3        24 130
 2  90  81  86   8   0  21 0.00  0.0    0  9.0 15  90   M    M   3        20  80
 3  91  81  86   8   0  21 0.00  0.0    0  8.5 16 100   M    M   2        20  60
 4  92  79  86   8   0  21 0.00  0.0    0  4.8 12  40   M    M   0 1      14  30
 5  89  79  84   7   0  19 0.00  0.0    0  5.3 12 120   M    M   2 1      13 130
 6  90  79  85   8   0  20 0.00  0.0    0  7.8 13  90   M    M   2 18     16 110
 7  91  72  82   5   0  17 0.28  0.0    0 12.5 25  10   M    M   5 13     29  20
 8  81  70  76   0   0  11 0.00  0.0    0  9.1 17  30   M    M   5        21  20
 9  88  75  82   6   0  17    T  0.0    0 10.8 21 160   M    M   3        24 160
10  90  82  86  10   0  21    T  0.0    0 14.8 22 150   M    M   3 8      24 160
11  87  59  73  -3   0   8 0.42  0.0    0 20.5 37 360   M    M   6 138    45 360
12  72  60  66 -10   0   1 0.00  0.0    0 17.4 35  10   M    M   3 8      43  10
13  82  64  73  -2   0   8 0.00  0.0    0 10.2 15  10   M    M   4        18 360
14  82  76  79   4   0  14 3.12  0.0    0  7.4 16 120   M    M   8 13     19 120
15  87  80  84   9   0  19 0.00  0.0    0  9.3 16 180   M    M   2        21 180
16  81  67  74   0   0   9 0.46  0.0    0 12.5 29 350   M    M   8 13     35 350
17  67  62  65  -9   0   0 0.03  0.0    0 13.1 18  30   M    M   4 38     23  30
18  80  64  72  -2   0   7 0.01  0.0    0  7.3 15  10   M    M   1 13     19  10
================================================================================
SM 1530 1313         0 256  4.32     0.0 193.0          M       64
================================================================================
AV 85.0 72.9                              10.7 FASTST   M    M   4    MAX(MPH)
                                 MISC ---->  # 37 360               # 45  360
================================================================================
NOTES:
# LAST OF SEVERAL OCCURRENCES

COLUMN 17 PEAK WIND IN M.P.H.

PRELIMINARY LOCAL CLIMATOLOGICAL DATA (WS FORM: F-6) , PAGE 2

                                          STATION:  GALVESTON
                                          MONTH:    OCTOBER
                                          YEAR:     2019
                                          LATITUDE:   29 16 N
                                          LONGITUDE:  94 52 W

[TEMPERATURE DATA]      [PRECIPITATION DATA]       SYMBOLS USED IN COLUMN 16

AVERAGE MONTHLY: 79.0   TOTAL FOR MONTH:   4.32    1 = FOG OR MIST
DPTR FM NORMAL:   2.9   DPTR FM NORMAL:    0.92    2 = FOG REDUCING VISIBILITY
HIGHEST:    92 ON  4    GRTST 24HR  3.12 ON 14-14      TO 1/4 MILE OR LESS
LOWEST:     59 ON 11                               3 = THUNDER
                        SNOW, ICE PELLETS, HAIL    4 = ICE PELLETS
                        TOTAL MONTH:   0.0 INCH    5 = HAIL
                        GRTST 24HR     0.0         6 = FREEZING RAIN OR DRIZZLE
                        GRTST DEPTH:   0           7 = DUSTSTORM OR SANDSTORM:
                                                       VSBY 1/2 MILE OR LESS
                                                   8 = SMOKE OR HAZE
[NO. OF DAYS WITH]      [WEATHER - DAYS WITH]      9 = BLOWING SNOW
                                                   X = TORNADO
MAX 32 OR BELOW:   0    0.01 INCH OR MORE:   6
MAX 90 OR ABOVE:   7    0.10 INCH OR MORE:   4
MIN 32 OR BELOW:   0    0.50 INCH OR MORE:   1
MIN  0 OR BELOW:   0    1.00 INCH OR MORE:   1

[HDD (BASE 65) ]
TOTAL THIS MO.     0    CLEAR  (SCALE 0-3)  11
DPTR FM NORMAL     0    PTCLDY (SCALE 4-7)   7
TOTAL FM JUL 1     0    CLOUDY (SCALE 8-10)  0
DPTR FM NORMAL     0

[CDD (BASE 65) ]
TOTAL THIS MO.   256
DPTR FM NORMAL    54    [PRESSURE DATA]
TOTAL FM JAN 1  3515    HIGHEST SLP M ON M
DPTR FM NORMAL   420    LOWEST  SLP 29.73 ON 18

[REMARKS]
