000
CXUS54 KHGX 271410
CF6GLS
PRELIMINARY LOCAL CLIMATOLOGICAL DATA (WS FORM: F-6)

                                          STATION:   GALVESTON
                                          MONTH:     JUNE
                                          YEAR:      2022
                                          LATITUDE:   29 16 N
                                          LONGITUDE:  94 52 W

  TEMPERATURE IN F:       :PCPN:    SNOW:  WIND      :SUNSHINE: SKY     :PK WND
================================================================================
1   2   3   4   5  6A  6B    7    8   9   10  11  12  13   14  15   16   17  18
                                     12Z  AVG MX 2MIN
DY MAX MIN AVG DEP HDD CDD  WTR  SNW DPTH SPD SPD DIR MIN PSBL S-S WX    SPD DR
================================================================================

 1  90  81  86   4   0  21    T  0.0    0 12.5 21 160   M    M   4        27 150
 2  93  77  85   3   0  20 0.59  0.0    0  6.7 21  40   M    M   3 38     29  30
 3  90  78  84   2   0  19 0.00  0.0    0 10.8 18 350   M    M   2        23  10
 4  89  80  85   3   0  20 0.00  0.0    0  6.9 13 130   M    M   2        18 130
 5  91  81  86   3   0  21 0.00  0.0    0 11.0 17 150   M    M   1        23 150
 6  91  83  87   4   0  22 0.00  0.0    0 18.2 23 170   M    M   3        33 170
 7  91  83  87   4   0  22 0.00  0.0    0 17.0 24 170   M    M   4        32 170
 8  92  84  88   5   0  23 0.00  0.0    0 15.7 22 170   M    M   3        29 170
 9  92  83  88   5   0  23 0.00  0.0    0  8.7 18 180   M    M   2        24 180
10  92  83  88   5   0  23 0.00  0.0    0 12.8 23 190   M    M   2        31 190
11  93  84  89   5   0  24 0.00  0.0    0 14.7 22 180   M    M   3        29 170
12  93  85  89   5   0  24 0.00  0.0    0 17.0 23 190   M    M   8 8      29 200
13  93  85  89   5   0  24 0.00  0.0    0 15.0 21 180   M    M   4        27 170
14  93  84  89   5   0  24 0.00  0.0    0 13.9 18 150   M    M   6 8      25 170
15  93  85  89   5   0  24 0.00  0.0    0 13.7 21 170   M    M   6 8      29 170
16  93  83  88   4   0  23 0.00  0.0    0  8.7 16 160   M    M   4 8      21 150
17  93  82  88   4   0  23 0.00  0.0    0  7.5 15 150   M    M   2        19 150
18  93  84  89   5   0  24 0.00  0.0    0  6.7 13 140   M    M   2        20 120
19  97  83  90   6   0  25 0.00  0.0    0  6.4 12 190   M    M   0        17 140
20  97  84  91   7   0  26 0.00  0.0    0  8.3 17 130   M    M   0        21 140
21  95  86  91   7   0  26 0.00  0.0    0 11.3 18 130   M    M   2        24 140
22  94  81  88   4   0  23 0.04  0.0    0  6.4 18 200   M    M   2        23 190
23  96  83  90   6   0  25 0.00  0.0    0  9.5 15 190   M    M   1        20 190
24  94  84  89   4   0  24 0.00  0.0    0 10.7 17 170   M    M   1        25 170
25  94  83  89   4   0  24 0.00  0.0    0 11.1 17 170   M    M   1        23 190
26  95  83  89   4   0  24 0.00  0.0    0  9.0 17 180   M    M   0        22 180
================================================================================
SM 2417 2152         0 601  0.63  0.0    290.2          M       68
================================================================================
AV 93.0 82.8                              11.2 FASTST   M    M   3    MAX(MPH)
                                 MISC ---->    24 170                 33 170
================================================================================
NOTES:
# LAST OF SEVERAL OCCURRENCES

COLUMN 17 PEAK WIND IN M.P.H.

PRELIMINARY LOCAL CLIMATOLOGICAL DATA (WS FORM: F-6) , PAGE 2

                                          STATION:   GALVESTON
                                          MONTH:     JUNE
                                          YEAR:      2022
                                          LATITUDE:   29 16 N
                                          LONGITUDE:  94 52 W

[TEMPERATURE DATA]      [PRECIPITATION DATA]       SYMBOLS USED IN COLUMN 16

AVERAGE MONTHLY: 87.9   TOTAL FOR MONTH:   0.63    1 = FOG OR MIST
DPTR FM NORMAL:   4.3   DPTR FM NORMAL:   -2.99    2 = FOG REDUCING VISIBILITY
HIGHEST:    97 ON 20,19  GRTST 24HR  0.59 ON  2- 2      TO 1/4 MILE OR LESS
LOWEST:     77 ON  2                               3 = THUNDER
                        SNOW, ICE PELLETS, HAIL    4 = ICE PELLETS
                        TOTAL MONTH:   0.0 INCH    5 = HAIL
                        GRTST 24HR  0.0            6 = FREEZING RAIN OR DRIZZLE
                        GRTST DEPTH:  0            7 = DUSTSTORM OR SANDSTORM:
                                                       VSBY 1/2 MILE OR LESS
                                                   8 = SMOKE OR HAZE
[NO. OF DAYS WITH]      [WEATHER - DAYS WITH]      9 = BLOWING SNOW
                                                   X = TORNADO
MAX 32 OR BELOW:   0    0.01 INCH OR MORE:   2
MAX 90 OR ABOVE:  25    0.10 INCH OR MORE:   1
MIN 32 OR BELOW:   0    0.50 INCH OR MORE:   1
MIN  0 OR BELOW:   0    1.00 INCH OR MORE:   0

[HDD (BASE 65) ]
TOTAL THIS MO.     0    CLEAR  (SCALE 0-3)  18
DPTR FM NORMAL     0    PTCLDY (SCALE 4-7)   8
TOTAL FM JUL 1   684    CLOUDY (SCALE 8-10)  0
DPTR FM NORMAL  -204

[CDD (BASE 65) ]
TOTAL THIS MO.   601
DPTR FM NORMAL   115    [PRESSURE DATA]
TOTAL FM JAN 1  1626    HIGHEST SLP M ON M
DPTR FM NORMAL   403    LOWEST  SLP 29.74 ON  5

[REMARKS]
