000
CXUS54 KHGX 211515
CF6GLS
PRELIMINARY LOCAL CLIMATOLOGICAL DATA (WS FORM: F-6)

                                          STATION:   GALVESTON
                                          MONTH:     JULY
                                          YEAR:      2019
                                          LATITUDE:   29 16 N
                                          LONGITUDE:  94 52 W

  TEMPERATURE IN F:       :PCPN:    SNOW:  WIND      :SUNSHINE: SKY     :PK WND
================================================================================
1   2   3   4   5  6A  6B    7    8   9   10  11  12  13   14  15   16   17  18
                                     12Z  AVG MX 2MIN
DY MAX MIN AVG DEP HDD CDD  WTR  SNW DPTH SPD SPD DIR MIN PSBL S-S WX    SPD DR
================================================================================

 1  89  81  85   1   0  20 0.00  0.0    0 10.2 17 160   M    M   2        22 170
 2  90  76  83  -1   0  18 0.05  0.0    0 10.5 26 130   M    M   4 138    33 130
 3  90  80  85   1   0  20    T  0.0    0 12.1 22 160   M    M   4 3      27 170
 4  90  84  87   3   0  22 0.00  0.0    0 13.3 21 170   M    M   6        25 170
 5  90  83  87   3   0  22 0.00  0.0    0 10.8 16 170   M    M   3        19 170
 6  91  82  87   3   0  22 0.00  0.0    0  6.9 13 170   M    M   2        15 170
 7  91  83  87   3   0  22 0.00  0.0    0  9.3 15 160   M    M   2        21 160
 8  91  83  87   3   0  22 0.00  0.0    0 11.0 16 190   M    M   1        20 210
 9  91  83  87   3   0  22 0.00  0.0    0 11.2 17 170   M    M   1        21 170
10  92  82  87   3   0  22 0.00  0.0    0  7.1 13 210   M    M   1 8      19 180
11  95  82  89   5   0  24 0.01  0.0    0  7.1 26  50   M    M   2 3      35  50
12  96  85  91   7   0  26 0.00  0.0    0 15.3 25 340   M    M   1        32 340
13  92  81  87   3   0  22 0.08  0.0    0 13.4 28 340   M    M   6 1      32 340
14  90  81  86   2   0  21 0.04  0.0    0 12.0 28 160   M    M   5 138    34 170
15  90  81  86   2   0  21 0.13  0.0    0 13.6 23 190   M    M   4 18     28 180
16  91  85  88   4   0  23 0.00  0.0    0 13.7 18 170   M    M   5        23 180
17  92  84  88   4   0  23 0.00  0.0    0 13.6 17 170   M    M   3        21 170
18  92  83  88   3   0  23 0.00  0.0    0 13.1 17 170   M    M   3        21 170
19  92  82  87   2   0  22 0.23  0.0    0 12.7 26 160   M    M   3 1      30 160
20  92  84  88   3   0  23 0.04  0.0    0 11.5 16 160   M    M   2        28 330
================================================================================
SM 1827 1645         0 440  0.58     0.0 228.4          M       60
================================================================================
AV 91.4 82.3                              11.4 FASTST   M    M   3    MAX(MPH)
                                 MISC ---->  # 28 340               # 35   50
================================================================================
NOTES:
# LAST OF SEVERAL OCCURRENCES

COLUMN 17 PEAK WIND IN M.P.H.

PRELIMINARY LOCAL CLIMATOLOGICAL DATA (WS FORM: F-6) , PAGE 2

                                          STATION:  GALVESTON
                                          MONTH:    JULY
                                          YEAR:     2019
                                          LATITUDE:   29 16 N
                                          LONGITUDE:  94 52 W

[TEMPERATURE DATA]      [PRECIPITATION DATA]       SYMBOLS USED IN COLUMN 16

AVERAGE MONTHLY: 86.8   TOTAL FOR MONTH:   0.58    1 = FOG OR MIST
DPTR FM NORMAL:   2.7   DPTR FM NORMAL:   -2.21    2 = FOG REDUCING VISIBILITY
HIGHEST:    96 ON 12    GRTST 24HR  0.23 ON 19-19      TO 1/4 MILE OR LESS
LOWEST:     76 ON  2                               3 = THUNDER
                        SNOW, ICE PELLETS, HAIL    4 = ICE PELLETS
                        TOTAL MONTH:   0.0 INCH    5 = HAIL
                        GRTST 24HR     0.0         6 = FREEZING RAIN OR DRIZZLE
                        GRTST DEPTH:   0           7 = DUSTSTORM OR SANDSTORM:
                                                       VSBY 1/2 MILE OR LESS
                                                   8 = SMOKE OR HAZE
[NO. OF DAYS WITH]      [WEATHER - DAYS WITH]      9 = BLOWING SNOW
                                                   X = TORNADO
MAX 32 OR BELOW:   0    0.01 INCH OR MORE:   7
MAX 90 OR ABOVE:  19    0.10 INCH OR MORE:   2
MIN 32 OR BELOW:   0    0.50 INCH OR MORE:   0
MIN  0 OR BELOW:   0    1.00 INCH OR MORE:   0

[HDD (BASE 65) ]
TOTAL THIS MO.     0    CLEAR  (SCALE 0-3)  12
DPTR FM NORMAL     0    PTCLDY (SCALE 4-7)   8
TOTAL FM JUL 1     0    CLOUDY (SCALE 8-10)  0
DPTR FM NORMAL     0

[CDD (BASE 65) ]
TOTAL THIS MO.   440
DPTR FM NORMAL    56    [PRESSURE DATA]
TOTAL FM JAN 1  1684    HIGHEST SLP M ON M
DPTR FM NORMAL   130    LOWEST  SLP 29.69 ON 13

[REMARKS]
