000
CXUS54 KHGX 310724
CF6GLS
PRELIMINARY LOCAL CLIMATOLOGICAL DATA (WS FORM: F-6)

                                          STATION:   GALVESTON
                                          MONTH:     OCTOBER
                                          YEAR:      2020
                                          LATITUDE:   29 16 N
                                          LONGITUDE:  94 52 W

  TEMPERATURE IN F:       :PCPN:    SNOW:  WIND      :SUNSHINE: SKY     :PK WND
================================================================================
1   2   3   4   5  6A  6B    7    8   9   10  11  12  13   14  15   16   17  18
                                     12Z  AVG MX 2MIN
DY MAX MIN AVG DEP HDD CDD  WTR  SNW DPTH SPD SPD DIR MIN PSBL S-S WX    SPD DR
================================================================================

 1  87  66  77  -1   0  12 0.00  0.0    0  6.5 18  30   M    M   0        22  30
 2  81  66  74  -4   0   9 0.00  0.0    0  9.0 20  40   M    M   0        25  40
 3  82  68  75  -3   0  10 0.00  0.0    0  8.3 12 120   M    M   0        16 120
 4  84  69  77  -1   0  12 0.00  0.0    0  6.2 13 350   M    M   0        16  20
 5  80  70  75  -2   0  10 0.00  0.0    0  8.2 13  60   M    M   2        17  50
 6  83  70  77   0   0  12 0.00  0.0    0  6.9 14 350   M    M   0        19 340
 7  87  71  79   2   0  14 0.00  0.0    0  9.3 15  30   M    M   2        19  40
 8  83  75  79   3   0  14 0.04  0.0    0 14.2 25  40   M    M   4 8      30  50
 9  78  73  76   0   0  11 2.10  0.0    0 26.4 46  10   M    M   8 18     58  10
10  86  70  78   2   0  13 0.00  0.0    0  7.9 15 190   M    M   0        19 200
11  86  78  82   6   0  17 0.00  0.0    0  9.8 17 200   M    M   4 18     23 200
12  89  78  84   8   0  19 0.00  0.0    0  9.1 15 190   M    M   2        19 230
13  83  74  79   4   0  14 0.00  0.0    0  7.4 14  20   M    M   2        17  60
14  83  74  79   4   0  14 0.00  0.0    0  9.1 15 190   M    M   2        19 180
15  87  78  83   8   0  18 0.00  0.0    0 12.2 18 180   M    M   2        24 200
16  80  62  71  -3   0   6    T  0.0    0 16.9 26  20   M    M  10        33  20
17  83  70  77   3   0  12    T  0.0    0 14.3 20 160   M    M   7        25  90
18  85  77  81   7   0  16 0.00  0.0    0 12.1 18 160   M    M   4        22 150
19  85  78  82   8   0  17 0.00  0.0    0 10.7 16 150   M    M   2        21 160
20  86  75  81   8   0  16    T  0.0    0  9.0 16  90   M    M   3 3      21 100
21  84  76  80   7   0  15 0.00  0.0    0  9.3 17  60   M    M   4 18     21  60
22  85  77  81   8   0  16    T  0.0    0 10.4 16  80   M    M   6        21 100
23  86  65  76   4   0  11 0.03  0.0    0 10.6 25 340   M    M   5 3      30 340
24  69  60  65  -7   0   0 0.00  0.0    0 13.4 25 340   M    M   7        32 340
25  79  68  74   2   0   9 0.00  0.0    0 10.2 18 120   M    M   8 8      23 130
26  83  75  79   7   0  14 0.00  0.0    0 12.9 18 110   M    M   6 8      23 110
27  77  70  74   3   0   9 0.26  0.0    0 12.2 23 350   M    M   8 18     26 350
28  74  52  63  -8   2   0 0.07  0.0    0 16.1 28 320   M    M   8 18     34 320
29  66  50  58 -13   7   0 0.00  0.0    0 16.6 30 360   M    M   1        38 360
30  66  53  60 -10   5   0 0.00  0.0    0 11.5 28 360   M    M   2        33 360
================================================================================
SM 2447 2088        14 340  2.50     0.0 336.7          M      109
================================================================================
AV 81.6 69.6                              11.2 FASTST   M    M   4    MAX(MPH)
                                 MISC ---->  # 46  10               # 58   10
================================================================================
NOTES:
# LAST OF SEVERAL OCCURRENCES

COLUMN 17 PEAK WIND IN M.P.H.

PRELIMINARY LOCAL CLIMATOLOGICAL DATA (WS FORM: F-6) , PAGE 2

                                          STATION:  GALVESTON
                                          MONTH:    OCTOBER
                                          YEAR:     2020
                                          LATITUDE:   29 16 N
                                          LONGITUDE:  94 52 W

[TEMPERATURE DATA]      [PRECIPITATION DATA]       SYMBOLS USED IN COLUMN 16

AVERAGE MONTHLY: 75.6   TOTAL FOR MONTH:   2.50    1 = FOG OR MIST
DPTR FM NORMAL:   1.1   DPTR FM NORMAL:   -2.88    2 = FOG REDUCING VISIBILITY
HIGHEST:    89 ON 12    GRTST 24HR  2.10 ON  9- 9      TO 1/4 MILE OR LESS
LOWEST:     50 ON 29                               3 = THUNDER
                        SNOW, ICE PELLETS, HAIL    4 = ICE PELLETS
                        TOTAL MONTH:   0.0 INCH    5 = HAIL
                        GRTST 24HR     0.0         6 = FREEZING RAIN OR DRIZZLE
                        GRTST DEPTH:   0           7 = DUSTSTORM OR SANDSTORM:
                                                       VSBY 1/2 MILE OR LESS
                                                   8 = SMOKE OR HAZE
[NO. OF DAYS WITH]      [WEATHER - DAYS WITH]      9 = BLOWING SNOW
                                                   X = TORNADO
MAX 32 OR BELOW:   0    0.01 INCH OR MORE:   5
MAX 90 OR ABOVE:   0    0.10 INCH OR MORE:   2
MIN 32 OR BELOW:   0    0.50 INCH OR MORE:   1
MIN  0 OR BELOW:   0    1.00 INCH OR MORE:   1

[HDD (BASE 65) ]
TOTAL THIS MO.    14    CLEAR  (SCALE 0-3)  16
DPTR FM NORMAL     9    PTCLDY (SCALE 4-7)  12
TOTAL FM JUL 1    14    CLOUDY (SCALE 8-10)  2
DPTR FM NORMAL     9

[CDD (BASE 65) ]
TOTAL THIS MO.   340
DPTR FM NORMAL    48    [PRESSURE DATA]
TOTAL FM JAN 1  3847    HIGHEST SLP M ON M
DPTR FM NORMAL   662    LOWEST  SLP 29.64 ON  9

[REMARKS]
