000
CXUS54 KHGX 231515
CF6GLS
PRELIMINARY LOCAL CLIMATOLOGICAL DATA (WS FORM: F-6)

                                          STATION:   GALVESTON
                                          MONTH:     JANUARY
                                          YEAR:      2019
                                          LATITUDE:   29 16 N
                                          LONGITUDE:  94 52 W

  TEMPERATURE IN F:       :PCPN:    SNOW:  WIND      :SUNSHINE: SKY     :PK WND
================================================================================
1   2   3   4   5  6A  6B    7    8   9   10  11  12  13   14  15   16   17  18
                                     12Z  AVG MX 2MIN
DY MAX MIN AVG DEP HDD CDD  WTR  SNW DPTH SPD SPD DIR MIN PSBL S-S WX    SPD DR
================================================================================

 1  63  48  56   1   9   0 0.00  0.0    0  9.4 16  10   M    M   4 1      21  10
 2  57  52  55   0  10   0 1.56  0.0    0 15.9 26  40   M    M  10 13     34  40
 3  60  43  52  -3  13   0 0.79  0.0    0 15.5 29  80   M    M   9 13     38  60
 4  62  41  52  -3  13   0 0.00  0.0    0  7.2 18 310   M    M   0        24 310
 5  63  44  54  -1  11   0 0.00  0.0    0  4.1  9 130   M    M   0        12 210
 6  70  52  61   6   4   0 0.00  0.0    0  9.1 15 140   M    M   1 1      19 140
 7  70  60  65  10   0   0 0.00  0.0    0 11.7 17 180   M    M   3        21 180
 8  72  61  67  12   0   2 0.00  0.0    0  5.4 14 170   M    M   4        18 190
 9  63  51  57   2   8   0 0.00  0.0    0 13.6 23  20   M    M   2        28  30
10  60  48  54  -1  11   0 0.00  0.0    0  7.7 13  70   M    M   0        17  70
11  65  53  59   4   6   0    T  0.0    0 10.4 16 130   M    M   3        22 130
12  70  50  60   5   5   0 0.99  0.0    0 11.8 20 340   M    M   5 1      26 320
13  56  46  51  -4  14   0 0.00  0.0    0 14.0 21 340   M    M   1        24 360
14  52  42  47  -8  18   0 0.00  0.0    0 11.2 21  20   M    M   7        25  20
15  54  48  51  -4  14   0 0.00  0.0    0  8.0 14  40   M    M  10        16  40
16  61  53  57   2   8   0 0.03  0.0    0  9.8 15 130   M    M  10 1      19 110
17  67  58  63   8   2   0 0.02  0.0    0  9.3 20 230   M    M   6 1      25 240
18  67  59  63   8   2   0 0.08  0.0    0 11.1 33 160   M    M   9 12     39 160
19  66  42  54  -1  11   0 0.09  0.0    0 21.3 37 310   M    M   5 13     44 310
20  49  36  43 -12  22   0 0.00  0.0    0 12.4 26 340   M    M   0 8      31 330
21  63  44  54  -1  11   0 0.00  0.0    0 11.5 20 140   M    M   7        23 140
22  69  60  65  10   0   0 0.01  0.0    0 13.7 21 140   M    M   9 1      27 140
================================================================================
SM 1379 1091       192   2  3.57     0.0 244.1          M      105
================================================================================
AV 62.7 49.6                              11.1 FASTST   M    M   5    MAX(MPH)
                                 MISC ---->  # 37 310               # 44  310
================================================================================
NOTES:
# LAST OF SEVERAL OCCURRENCES

COLUMN 17 PEAK WIND IN M.P.H.

PRELIMINARY LOCAL CLIMATOLOGICAL DATA (WS FORM: F-6) , PAGE 2

                                          STATION:  GALVESTON
                                          MONTH:    JANUARY
                                          YEAR:     2019
                                          LATITUDE:   29 16 N
                                          LONGITUDE:  94 52 W

[TEMPERATURE DATA]      [PRECIPITATION DATA]       SYMBOLS USED IN COLUMN 16

AVERAGE MONTHLY: 56.1   TOTAL FOR MONTH:   3.57    1 = FOG OR MIST
DPTR FM NORMAL:   1.1   DPTR FM NORMAL:    0.55    2 = FOG REDUCING VISIBILITY
HIGHEST:    72 ON  8    GRTST 24HR  1.56 ON  2- 2      TO 1/4 MILE OR LESS
LOWEST:     36 ON 20                               3 = THUNDER
                        SNOW, ICE PELLETS, HAIL    4 = ICE PELLETS
                        TOTAL MONTH:   0.0 INCH    5 = HAIL
                        GRTST 24HR     0.0         6 = FREEZING RAIN OR DRIZZLE
                        GRTST DEPTH:   0           7 = DUSTSTORM OR SANDSTORM:
                                                       VSBY 1/2 MILE OR LESS
                                                   8 = SMOKE OR HAZE
[NO. OF DAYS WITH]      [WEATHER - DAYS WITH]      9 = BLOWING SNOW
                                                   X = TORNADO
MAX 32 OR BELOW:   0    0.01 INCH OR MORE:   8
MAX 90 OR ABOVE:   0    0.10 INCH OR MORE:   3
MIN 32 OR BELOW:   0    0.50 INCH OR MORE:   3
MIN  0 OR BELOW:   0    1.00 INCH OR MORE:   1

[HDD (BASE 65) ]
TOTAL THIS MO.   192    CLEAR  (SCALE 0-3)   8
DPTR FM NORMAL   -28    PTCLDY (SCALE 4-7)   8
TOTAL FM JUL 1   581    CLOUDY (SCALE 8-10)  6
DPTR FM NORMAL     1

[CDD (BASE 65) ]
TOTAL THIS MO.     2
DPTR FM NORMAL     2    [PRESSURE DATA]
TOTAL FM JAN 1     2    HIGHEST SLP M ON M
DPTR FM NORMAL     2    LOWEST  SLP 29.71 ON 19

[REMARKS]
