091
CXUS54 KHGX 211410
CF6GLS
PRELIMINARY LOCAL CLIMATOLOGICAL DATA (WS FORM: F-6)

                                          STATION:   GALVESTON
                                          MONTH:     JULY
                                          YEAR:      2024
                                          LATITUDE:   29 16 N
                                          LONGITUDE:  94 52 W

  TEMPERATURE IN F:       :PCPN:    SNOW:  WIND      :SUNSHINE: SKY     :PK WND
================================================================================
1   2   3   4   5  6A  6B    7    8   9   10  11  12  13   14  15   16   17  18
                                     12Z  AVG MX 2MIN
DY MAX MIN AVG DEP HDD CDD  WTR  SNW DPTH SPD SPD DIR MIN PSBL S-S WX    SPD DR
================================================================================

 1  94  80  87   2   0  22 0.00  0.0    0  5.4 14  90   M    M   1 18     20 110
 2  94  84  89   4   0  24 0.00  0.0    0  7.9 12 180   M    M   0 8       M   M
 3  92  83  88   3   0  23    T  0.0    0  9.0 15 190   M    M   1 18     19 190
 4  92  83  88   3   0  23 0.00  0.0    0 12.3 18 180   M    M   1        23 180
 5  94  82  88   3   0  23 0.00  0.0    0  7.9 15 190   M    M   2        22 180
 6  93  82  88   3   0  23    T  0.0    0  7.4 22  30   M    M   1 38     27  30
 7  93  81  87   2   0  22 0.14  0.0    0 16.5 32  90   M    M   4 13     48 100
 8  86  78  82  -3   0  17 2.61  0.0    0 22.1 45 110   M    M   2 13     78 120
 9  94  81  88   3   0  23 0.00  0.0    0  8.1 16 340   M    M   M        22 210
10  89  81  85   0   0  20 0.00  0.0    0    M 13 160   M    M   M        15 150
11  85  76  81  -4   0  16 1.15  0.0    0  4.2 25 150   M    M   1 13     30 150
12  89  79  84  -1   0  19 0.49  0.0    M  5.0 15 330   M    M   2 123    21 320
13  89  77  83  -2   0  18 0.09  0.0    M  5.8 12 360   M    M   1 13      M   M
14  90  82  86   1   0  21 0.00  0.0    M  6.1 13 180   M    M   1 3      18 170
15  90  83  87   2   0  22 0.00  0.0    0  9.1 15 200   M    M   1 8      20 210
16  90  82  86   0   0  21 0.00  0.0    0 10.1 15 170   M    M   1        24 180
17  92  83  88   2   0  23    T  0.0    0  7.3 20 190   M    M   2 3      25 190
18  90  81  86   0   0  21 0.00  0.0    0  6.8 22 340   M    M   1 3      28 340
19  91  76  84  -2   0  19 2.37  0.0    0  6.7 15  40   M    M   4 13     21 270
20  88  74  81  -5   0  16 0.82  0.0    0  7.6 17 270   M    M   4 13     26 240
================================================================================
SM 1815 1608         0 416  7.67  0.0    165.3          M       30
================================================================================
AV 90.8 80.4                               8.7 FASTST   M    M   2    MAX(MPH)
                                 MISC ---->    45 110                 78 120
================================================================================
NOTES:
# LAST OF SEVERAL OCCURRENCES

COLUMN 17 PEAK WIND IN M.P.H.

PRELIMINARY LOCAL CLIMATOLOGICAL DATA (WS FORM: F-6) , PAGE 2

                                          STATION:   GALVESTON
                                          MONTH:     JULY
                                          YEAR:      2024
                                          LATITUDE:   29 16 N
                                          LONGITUDE:  94 52 W

[TEMPERATURE DATA]      [PRECIPITATION DATA]       SYMBOLS USED IN COLUMN 16

AVERAGE MONTHLY: 85.6   TOTAL FOR MONTH:   7.67    1 = FOG OR MIST
DPTR FM NORMAL:   0.3   DPTR FM NORMAL:    5.20    2 = FOG REDUCING VISIBILITY
HIGHEST:    94 ON  9, 5  GRTST 24HR  3.19 ON 19-20      TO 1/4 MILE OR LESS
LOWEST:     74 ON 20                               3 = THUNDER
                        SNOW, ICE PELLETS, HAIL    4 = ICE PELLETS
                        TOTAL MONTH:   0.0 INCH    5 = HAIL
                        GRTST 24HR  0.0            6 = FREEZING RAIN OR DRIZZLE
                        GRTST DEPTH:  0            7 = DUSTSTORM OR SANDSTORM:
                                                       VSBY 1/2 MILE OR LESS
                                                   8 = SMOKE OR HAZE
[NO. OF DAYS WITH]      [WEATHER - DAYS WITH]      9 = BLOWING SNOW
                                                   X = TORNADO
MAX 32 OR BELOW:   0    0.01 INCH OR MORE:   7
MAX 90 OR ABOVE:  14    0.10 INCH OR MORE:   6
MIN 32 OR BELOW:   0    0.50 INCH OR MORE:   4
MIN  0 OR BELOW:   0    1.00 INCH OR MORE:   3

[HDD (BASE 65) ]
TOTAL THIS MO.     0    CLEAR  (SCALE 0-3)  15
DPTR FM NORMAL     0    PTCLDY (SCALE 4-7)   3
TOTAL FM JUL 1     0    CLOUDY (SCALE 8-10)  2
DPTR FM NORMAL     0

[CDD (BASE 65) ]
TOTAL THIS MO.   416
DPTR FM NORMAL    13    [PRESSURE DATA]
TOTAL FM JAN 1  1848    HIGHEST SLP M ON M
DPTR FM NORMAL   144    LOWEST  SLP 29.73 ON  7

[REMARKS]