794
CXUS55 KLIX 221000
CF6GPT
PRELIMINARY LOCAL CLIMATOLOGICAL DATA (WS FORM: F-6)

                                          STATION:   GULFPORT
                                          MONTH:     OCTOBER
                                          YEAR:      2019
                                          LATITUDE:   30 23 N
                                          LONGITUDE:  89  4 W

  TEMPERATURE IN F:       :PCPN:    SNOW:  WIND      :SUNSHINE: SKY     :PK WND
================================================================================
1   2   3   4   5  6A  6B    7    8   9   10  11  12  13   14  15   16   17  18
                                     12Z  AVG MX 2MIN
DY MAX MIN AVG DEP HDD CDD  WTR  SNW DPTH SPD SPD DIR MIN PSBL S-S WX    SPD DR
================================================================================

 1  95  72  84  10   0  19 0.00  0.0    0  3.4 12 160   M    M   0 1      16 150
 2  94  75  85  11   0  20 0.00  0.0    0  4.6 15 140   M    M   1        24 150
 3  95  74  85  12   0  20 0.00  0.0    0  3.1 13 160   M    M   0 1      15 160
 4  94  73  84  11   0  19 0.00  0.0    0  4.0 14  30   M    M   1 3      19  20
 5  89  70  80   7   0  15 0.00  0.0    0  5.9 16 140   M    M   1        21 140
 6  88  74  81   9   0  16 0.00  0.0    0 10.2 23 110   M    M   1        31 100
 7  92  71  82  10   0  17 1.50  0.0    0  5.2 20 110   M    M   3 138    24 110
 8  88  69  79   7   0  14 0.00  0.0    0  5.8 16 360   M    M   1        20 360
 9  88  68  78   7   0  13 0.00  0.0    0  7.1 15 140   M    M   2        17 140
10  86  76  81  10   0  16 0.04  0.0    0 14.7 23 120   M    M   3        28 100
11  88  76  82  11   0  17 0.01  0.0    0  9.1 20 140   M    M   5 1      24 130
12  76  63  70   0   0   5 0.14  0.0    0 11.3 20 360   M    M   9 1      26  10
13  85  63  74   4   0   9 0.00  0.0    0  7.2 14 330   M    M   5        17 350
14  81  66  74   4   0   9 0.01  0.0    0  5.4 13  10   M    M   6 1      16  20
15  86  71  79  10   0  14 1.17  0.0    0  3.8 12 350   M    M   6 13     18 340
16  79  60  70   1   0   5 0.52  0.0    0  6.2 15 350   M    M   7 18     22  30
17  70  54  62  -7   3   0 0.00  0.0    0  6.6 13  40   M    M   0        18  30
18  66  58  62  -6   3   0 0.04  0.0    0 10.0 17  70   M    M   5 8      23  20
19  84  61  73   5   0   8 0.04  0.0    0  6.8 16 300   M    M   4 18     22 310
20  81  61  71   3   0   6 0.00  0.0    0  3.5 13 160   M    M   0 1      14 160
21  80  71  76   8   0  11 1.03  0.0    0  4.5 14 140   M    M   4 123    16 170
================================================================================
SM 1785 1426         6 253  4.50     0.0 138.4          M       64
================================================================================
AV 85.0 67.9                               6.6 FASTST   M    M   3    MAX(MPH)
                                 MISC ---->  # 23 110               # 31  100
================================================================================
NOTES:
# LAST OF SEVERAL OCCURRENCES

COLUMN 17 PEAK WIND IN M.P.H.

PRELIMINARY LOCAL CLIMATOLOGICAL DATA (WS FORM: F-6) , PAGE 2

                                          STATION:  GULFPORT
                                          MONTH:    OCTOBER
                                          YEAR:     2019
                                          LATITUDE:   30 23 N
                                          LONGITUDE:  89  4 W

[TEMPERATURE DATA]      [PRECIPITATION DATA]       SYMBOLS USED IN COLUMN 16

AVERAGE MONTHLY: 76.5   TOTAL FOR MONTH:   4.50    1 = FOG OR MIST
DPTR FM NORMAL:   5.7   DPTR FM NORMAL:    1.93    2 = FOG REDUCING VISIBILITY
HIGHEST:    95 ON  3, 1 GRTST 24HR  1.50 ON  7- 7      TO 1/4 MILE OR LESS
LOWEST:     54 ON 17                               3 = THUNDER
                        SNOW, ICE PELLETS, HAIL    4 = ICE PELLETS
                        TOTAL MONTH:   0.0 INCH    5 = HAIL
                        GRTST 24HR     0.0         6 = FREEZING RAIN OR DRIZZLE
                        GRTST DEPTH:   0           7 = DUSTSTORM OR SANDSTORM:
                                                       VSBY 1/2 MILE OR LESS
                                                   8 = SMOKE OR HAZE
[NO. OF DAYS WITH]      [WEATHER - DAYS WITH]      9 = BLOWING SNOW
                                                   X = TORNADO
MAX 32 OR BELOW:   0    0.01 INCH OR MORE:  10
MAX 90 OR ABOVE:   5    0.10 INCH OR MORE:   5
MIN 32 OR BELOW:   0    0.50 INCH OR MORE:   4
MIN  0 OR BELOW:   0    1.00 INCH OR MORE:   3

[HDD (BASE 65) ]
TOTAL THIS MO.     6    CLEAR  (SCALE 0-3)  11
DPTR FM NORMAL   -11    PTCLDY (SCALE 4-7)   9
TOTAL FM JUL 1     6    CLOUDY (SCALE 8-10)  1
DPTR FM NORMAL   -12

[CDD (BASE 65) ]
TOTAL THIS MO.   253
DPTR FM NORMAL   115    [PRESSURE DATA]
TOTAL FM JAN 1  3073    HIGHEST SLP M ON M
DPTR FM NORMAL   567    LOWEST  SLP 29.73 ON 19

[REMARKS]
