000
CXUS53 KIWX 230800
CF6GSH
PRELIMINARY LOCAL CLIMATOLOGICAL DATA (WS FORM: F-6)

                                          STATION:   GOSHEN
                                          MONTH:     FEBRUARY
                                          YEAR:      2018
                                          LATITUDE:   41 31 N
                                          LONGITUDE:  85 47 W

  TEMPERATURE IN F:       :PCPN:    SNOW:  WIND      :SUNSHINE: SKY     :PK WND
================================================================================
1   2   3   4   5  6A  6B    7    8   9   10  11  12  13   14  15   16   17  18
                                     12Z  AVG MX 2MIN
DY MAX MIN AVG DEP HDD CDD  WTR  SNW DPTH SPD SPD DIR MIN PSBL S-S WX    SPD DR
================================================================================

 1  35  11  23  -1  42   0    T    M    M 15.4 31 290   M    M   7 18     38 310
 2  17   8  13 -12  52   0    T    M    M 14.0 25 270   M    M   5 18     34 290
 3  37  17  27   2  38   0    T    M    M 20.8 32 200   M    M  10        40 190
 4  34  15  25   0  40   0 0.06    M    M 13.7 29 230   M    M   8 18     35 220
 5  17  -3   7 -18  58   0 0.10    M    M 12.5 20 200   M    M   5 1      24 280
 6  19   3  11 -14  54   0 0.02    M    M  7.5 17 210   M    M   6 18     18 210
 7  23  12  18  -7  47   0 0.07    M    M 10.9 21 270   M    M   9 18     30 280
 8  17   2  10 -16  55   0    T    M    M 10.9 18 220   M    M   6 18     24 230
 9  32  17  25  -1  40   0 0.39    M    M  9.7 17 210   M    M  10 128    22 160
10  24  20  22  -4  43   0 0.01    M    M  7.1 13  40   M    M  10 168    16  30
11  27  15  21  -5  44   0 0.13    M    M 12.7 21 260   M    M   8 168    27 290
12  30   0  15 -11  50   0 0.00  0.0    M  7.8 14 230   M    M   0 128    16 230
13  35  -1  17 -10  48   0 0.00  0.0    M  6.9 18 160   M    M   2 18     24 150
14  41  25  33   6  32   0 0.00  0.0    M 10.4 20 210   M    M   5 128    23 200
15  48  36  42  15  23   0 0.52    M    M  7.4 24 330   M    M  10 12     31 330
16  36  22  29   2  36   0 0.00  0.0    M 10.1 25 340   M    M   6 1      33 340
17  35  20  28   0  37   0 0.06    M    M  8.8 20 260   M    M   5 18     23 260
18  38  26  32   4  33   0 0.00  0.0    M 11.4 24 290   M    M   5 18     29 290
19  60  37  49  21  16   0 1.81    M    M 12.8 25 190   M    M   9 1      33 200
20  64  43  54  26  11   0 2.51  0.0    0 14.8 32 260   M    M  10 13     48 230
21  43  32  38   9  27   0 0.58    M    M  9.4 18 320   M    M   9 1      28 300
22  43  33  38   9  27   0 0.00  0.0    M 13.2 20 110   M    M   9        28 100
================================================================================
SM  755  390       853   0  6.26     0.0 248.2          M      154
================================================================================
AV 34.3 17.7                              11.3 FASTST   M    M   7    MAX(MPH)
                                 MISC ---->  # 32 200               # 48  230
================================================================================
NOTES:
# LAST OF SEVERAL OCCURRENCES

COLUMN 17 PEAK WIND IN M.P.H.

PRELIMINARY LOCAL CLIMATOLOGICAL DATA (WS FORM: F-6) , PAGE 2

                                          STATION:  GOSHEN
                                          MONTH:    FEBRUARY
                                          YEAR:     2018
                                          LATITUDE:   41 31 N
                                          LONGITUDE:  85 47 W

[TEMPERATURE DATA]      [PRECIPITATION DATA]       SYMBOLS USED IN COLUMN 16

AVERAGE MONTHLY: 26.0   TOTAL FOR MONTH:   6.26    1 = FOG OR MIST
DPTR FM NORMAL:  -0.4   DPTR FM NORMAL:    4.78    2 = FOG REDUCING VISIBILITY
HIGHEST:    64 ON 20    GRTST 24HR  2.51 ON 20-20      TO 1/4 MILE OR LESS
LOWEST:     -3 ON  5                               3 = THUNDER
                        SNOW, ICE PELLETS, HAIL    4 = ICE PELLETS
                        TOTAL MONTH:   0.0 INCH    5 = HAIL
                        GRTST 24HR     0.0         6 = FREEZING RAIN OR DRIZZLE
                        GRTST DEPTH:   0           7 = DUSTSTORM OR SANDSTORM:
                                                       VSBY 1/2 MILE OR LESS
                                                   8 = SMOKE OR HAZE
[NO. OF DAYS WITH]      [WEATHER - DAYS WITH]      9 = BLOWING SNOW
                                                   X = TORNADO
MAX 32 OR BELOW:   9    0.01 INCH OR MORE:  12
MAX 90 OR ABOVE:   0    0.10 INCH OR MORE:   7
MIN 32 OR BELOW:  18    0.50 INCH OR MORE:   4
MIN  0 OR BELOW:   3    1.00 INCH OR MORE:   2

[HDD (BASE 65) ]
TOTAL THIS MO.   853    CLEAR  (SCALE 0-3)   2
DPTR FM NORMAL     5    PTCLDY (SCALE 4-7)  10
TOTAL FM JUL 1  4191    CLOUDY (SCALE 8-10) 10
DPTR FM NORMAL  -405

[CDD (BASE 65) ]
TOTAL THIS MO.     0
DPTR FM NORMAL     0    [PRESSURE DATA]
TOTAL FM JAN 1     0    HIGHEST SLP M ON M
DPTR FM NORMAL     0    LOWEST  SLP 29.65 ON 15

[REMARKS]
