000
CXUS52 KGSP 220817
CF6GSP
PRELIMINARY LOCAL CLIMATOLOGICAL DATA (WS FORM: F-6)

                                          STATION:   GREENVILLE-SPARTANBURG SC
                                          MONTH:     OCTOBER
                                          YEAR:      2019
                                          LATITUDE:   34 54 N
                                          LONGITUDE:  82 13 W

  TEMPERATURE IN F:       :PCPN:    SNOW:  WIND      :SUNSHINE: SKY     :PK WND
================================================================================
1   2   3   4   5  6A  6B    7    8   9   10  11  12  13   14  15   16   17  18
                                     12Z  AVG MX 2MIN
DY MAX MIN AVG DEP HDD CDD  WTR  SNW DPTH SPD SPD DIR MIN PSBL S-S WX    SPD DR
================================================================================

 1  93  71  82  16   0  17 0.00  0.0    0  2.6  8 140   M    M   1 18     10 150
 2  97  71  84  18   0  19 0.00  0.0    0  2.0  8 350   M    M   1 18     11  30
 3  98  69  84  18   0  19 0.00  0.0    0  1.8 12  20   M    M   0 18     16  20
 4  97  67  82  17   0  17 0.00  0.0    0  3.1 14  20   M    M   0        19  20
 5  78  58  68   3   0   3 0.03  0.0    0 11.4 21  80   M    M   9 18     29  60
 6  75  57  66   1   0   1 0.04  0.0    0  6.1 10  20   M    M   9 1      13  20
 7  82  63  73   9   0   8    T  0.0    0  2.5  8 150   M    M   5        11 110
 8  74  62  68   4   0   3    T  0.0    0  7.6 16  50   M    M   7        22  30
 9  77  58  68   4   0   3 0.00  0.0    0  6.5 15  50   M    M   6 18     19  40
10  78  59  69   6   0   4 0.00  0.0    0  3.9 10  50   M    M   3        16 130
11  80  52  66   3   0   1 0.00  0.0    0  2.2  9 220   M    M   0 18     13 230
12  85  57  71   8   0   6 0.00  0.0    0  5.8 18 210   M    M   4        23 200
13  68  59  64   2   1   0 0.53  0.0    0  5.2 14 200   M    M   8 13     17 200
14  78  54  66   4   0   1 0.00  0.0    0  1.2  9 220   M    M   3 12     11  40
15  75  53  64   2   1   0 0.13  0.0    0  3.6 12 180   M    M   6 1      14 130
16  77  52  65   3   0   0 0.42  0.0    0  5.9 17 270   M    M   5 1      26 240
17  68  46  57  -4   8   0 0.00  0.0    0  6.1 15 360   M    M   0        21 340
18  69  45  57  -4   8   0 0.00  0.0    0  3.3 10  20   M    M   0        13  30
19  55  49  52  -9  13   0 0.89  0.0    0  8.7 22  20   M    M   7 1      28  20
20  80  52  66   6   0   1 0.04  0.0    0  7.0 20  20   M    M   4 1      26 360
21  72  60  66   6   0   1 0.00  0.0    0  5.1 10 200   M    M   9 1      14  50
================================================================================
SM 1656 1214        31 104  2.08     0.0 101.6          M       87
================================================================================
AV 78.9 57.8                               4.8 FASTST   M    M   4    MAX(MPH)
                                 MISC ---->  # 22  20               # 29   60
================================================================================
NOTES:
# LAST OF SEVERAL OCCURRENCES

COLUMN 17 PEAK WIND IN M.P.H.

PRELIMINARY LOCAL CLIMATOLOGICAL DATA (WS FORM: F-6) , PAGE 2

                                          STATION:  GREENVILLE-SPARTANBURG SC
                                          MONTH:    OCTOBER
                                          YEAR:     2019
                                          LATITUDE:   34 54 N
                                          LONGITUDE:  82 13 W

[TEMPERATURE DATA]      [PRECIPITATION DATA]       SYMBOLS USED IN COLUMN 16

AVERAGE MONTHLY: 68.3   TOTAL FOR MONTH:   2.08    1 = FOG OR MIST
DPTR FM NORMAL:   5.2   DPTR FM NORMAL:   -0.31    2 = FOG REDUCING VISIBILITY
HIGHEST:    98 ON  3    GRTST 24HR  0.89 ON 19-19      TO 1/4 MILE OR LESS
LOWEST:     45 ON 18                               3 = THUNDER
                        SNOW, ICE PELLETS, HAIL    4 = ICE PELLETS
                        TOTAL MONTH:   0.0 INCH    5 = HAIL
                        GRTST 24HR     0.0         6 = FREEZING RAIN OR DRIZZLE
                        GRTST DEPTH:   0           7 = DUSTSTORM OR SANDSTORM:
                                                       VSBY 1/2 MILE OR LESS
                                                   8 = SMOKE OR HAZE
[NO. OF DAYS WITH]      [WEATHER - DAYS WITH]      9 = BLOWING SNOW
                                                   X = TORNADO
MAX 32 OR BELOW:   0    0.01 INCH OR MORE:   7
MAX 90 OR ABOVE:   4    0.10 INCH OR MORE:   4
MIN 32 OR BELOW:   0    0.50 INCH OR MORE:   2
MIN  0 OR BELOW:   0    1.00 INCH OR MORE:   0

[HDD (BASE 65) ]
TOTAL THIS MO.    31    CLEAR  (SCALE 0-3)   8
DPTR FM NORMAL   -49    PTCLDY (SCALE 4-7)  10
TOTAL FM JUL 1    31    CLOUDY (SCALE 8-10)  3
DPTR FM NORMAL   -66

[CDD (BASE 65) ]
TOTAL THIS MO.   104
DPTR FM NORMAL    64    [PRESSURE DATA]
TOTAL FM JAN 1  2128    HIGHEST SLP M ON M
DPTR FM NORMAL   426    LOWEST  SLP 29.67 ON 16

[REMARKS]
