000
CXUS52 KGSP 210817
CF6GSP
PRELIMINARY LOCAL CLIMATOLOGICAL DATA (WS FORM: F-6)

                                          STATION:   GREENVILLE-SPARTANBURG SC
                                          MONTH:     SEPTEMBER
                                          YEAR:      2018
                                          LATITUDE:   34 54 N
                                          LONGITUDE:  82 13 W

  TEMPERATURE IN F:       :PCPN:    SNOW:  WIND      :SUNSHINE: SKY     :PK WND
================================================================================
1   2   3   4   5  6A  6B    7    8   9   10  11  12  13   14  15   16   17  18
                                     12Z  AVG MX 2MIN
DY MAX MIN AVG DEP HDD CDD  WTR  SNW DPTH SPD SPD DIR MIN PSBL S-S WX    SPD DR
================================================================================

 1  92  71  82   6   0  17 0.00  0.0    0  3.4 10  90   M    M   2 38     13 230
 2  91  72  82   6   0  17 0.06  0.0    0  5.4 17  90   M    M   4 13     22  70
 3  91  70  81   5   0  16 0.00  0.0    0  5.8 15 100   M    M   3 3      20 110
 4  91  73  82   6   0  17 0.00  0.0    0  3.8 15  50   M    M   2 38     19  60
 5  89  72  81   5   0  16    T  0.0    0  3.8 10 150   M    M   3 1      14 140
 6  88  73  81   6   0  16 0.00  0.0    0  2.2 10 290   M    M   4 18     13 290
 7  93  71  82   7   0  17 0.00  0.0    0  3.2 10 120   M    M   2 3      13 130
 8  91  70  81   6   0  16 0.00  0.0    0  1.6  9 300   M    M   3        12 300
 9  91  70  81   7   0  16 0.11  0.0    0  4.2 18 300   M    M   3 13     22 300
10  86  69  78   4   0  13 0.79  0.0    0  5.4 25 290   M    M   7 123    38 290
11  84  70  77   3   0  12    T  0.0    0  2.9  9 120   M    M   6        13 140
12  87  72  80   7   0  15 0.45  0.0    0  5.9 14  70   M    M   4 18     17  70
13  89  74  82   9   0  17 0.02  0.0    0  7.4 15  60   M    M   5 1      20  10
14  90  73  82   9   0  17    T  0.0    0 10.4 23  10   M    M   4        35 360
15  81  71  76   4   0  11 0.11  0.0    0 15.5 25  20   M    M   9 18     36  20
16  73  70  72   0   0   7 1.75  0.0    0 12.8 28  10   M    M  10 1      37 360
17  85  71  78   6   0  13 0.01  0.0    0  8.4 20 220   M    M   7 1      25 220
18  89  70  80   9   0  15 0.00  0.0    0  3.9 13 350   M    M   4        18 360
19  90  67  79   8   0  14 0.00  0.0    0  1.7  8 360   M    M   0        12  90
20  89  70  80   9   0  15 0.00  0.0    0  2.7 10 120   M    M   3 1      16 140
================================================================================
SM 1760 1419         0 297  3.30     0.0 110.4          M       85
================================================================================
AV 88.0 71.0                               5.5 FASTST   M    M   4    MAX(MPH)
                                 MISC ---->  # 28  10               # 38  290
================================================================================
NOTES:
# LAST OF SEVERAL OCCURRENCES

COLUMN 17 PEAK WIND IN M.P.H.

PRELIMINARY LOCAL CLIMATOLOGICAL DATA (WS FORM: F-6) , PAGE 2

                                          STATION:  GREENVILLE-SPARTANBURG SC
                                          MONTH:    SEPTEMBER
                                          YEAR:     2018
                                          LATITUDE:   34 54 N
                                          LONGITUDE:  82 13 W

[TEMPERATURE DATA]      [PRECIPITATION DATA]       SYMBOLS USED IN COLUMN 16

AVERAGE MONTHLY: 79.5   TOTAL FOR MONTH:   3.30    1 = FOG OR MIST
DPTR FM NORMAL:   5.7   DPTR FM NORMAL:    0.99    2 = FOG REDUCING VISIBILITY
HIGHEST:    93 ON  7    GRTST 24HR  1.75 ON 16-16      TO 1/4 MILE OR LESS
LOWEST:     67 ON 19                               3 = THUNDER
                        SNOW, ICE PELLETS, HAIL    4 = ICE PELLETS
                        TOTAL MONTH:   0.0 INCH    5 = HAIL
                        GRTST 24HR     0.0         6 = FREEZING RAIN OR DRIZZLE
                        GRTST DEPTH:   0           7 = DUSTSTORM OR SANDSTORM:
                                                       VSBY 1/2 MILE OR LESS
                                                   8 = SMOKE OR HAZE
[NO. OF DAYS WITH]      [WEATHER - DAYS WITH]      9 = BLOWING SNOW
                                                   X = TORNADO
MAX 32 OR BELOW:   0    0.01 INCH OR MORE:   8
MAX 90 OR ABOVE:   9    0.10 INCH OR MORE:   5
MIN 32 OR BELOW:   0    0.50 INCH OR MORE:   2
MIN  0 OR BELOW:   0    1.00 INCH OR MORE:   1

[HDD (BASE 65) ]
TOTAL THIS MO.     0    CLEAR  (SCALE 0-3)   8
DPTR FM NORMAL    -3    PTCLDY (SCALE 4-7)  10
TOTAL FM JUL 1     0    CLOUDY (SCALE 8-10)  2
DPTR FM NORMAL    -3

[CDD (BASE 65) ]
TOTAL THIS MO.   297
DPTR FM NORMAL   118    [PRESSURE DATA]
TOTAL FM JAN 1  1854    HIGHEST SLP M ON M
DPTR FM NORMAL   240    LOWEST  SLP 29.73 ON 16

[REMARKS]
