000
CXUS55 KABQ 191000
CF6GUP
PRELIMINARY LOCAL CLIMATOLOGICAL DATA (WS FORM: F-6)

                                          STATION:   GALLUP NM
                                          MONTH:     OCTOBER
                                          YEAR:      2020
                                          LATITUDE:   35 30 N
                                          LONGITUDE: 108 48 W

  TEMPERATURE IN F:       :PCPN:    SNOW:  WIND      :SUNSHINE: SKY     :PK WND
================================================================================
1   2   3   4   5  6A  6B    7    8   9   10  11  12  13   14  15   16   17  18
                                     12Z  AVG MX 2MIN
DY MAX MIN AVG DEP HDD CDD  WTR  SNW DPTH SPD SPD DIR MIN PSBL S-S WX    SPD DR
================================================================================

 1  85  27  56   1   9   0 0.00    M    M  2.6 17  30   M    M   0        22  20
 2  84  29  57   2   8   0 0.00    M    M  3.9 18  30   M    M   0        22  20
 3  84  30  57   3   8   0 0.00    M    M  4.3 15  20   M    M   0        23 240
 4  85  32  59   5   6   0 0.00    M    M  3.3 21 310   M    M   0        27 320
 5  84  29  57   3   8   0 0.00    M    M  5.3 18 270   M    M   0        26 270
 6  83  28  56   3   9   0 0.00    M    M  2.7  9  50   M    M   0        16 320
 7  84  29  57   4   8   0 0.00    M    M  3.2 14 230   M    M   0        18 240
 8  83  31  57   5   8   0 0.00    M    M  5.1 22 220   M    M   0 8      31 230
 9  79  37  58   6   7   0 0.00    M    M  5.6 18 240   M    M   0        24 250
10  78  33  56   4   9   0 0.00    M    M  8.4 22 240   M    M   0        28 240
11  75  31  53   2  12   0 0.00    M    M 10.6 30 270   M    M   0        38 270
12  78  28  53   2  12   0 0.00    M    M  4.1 17 250   M    M   0        23 260
13  81  27  54   4  11   0 0.00    M    M  4.0 20 250   M    M   0        26 230
14  83  27  55   5  10   0 0.00    M    M  7.8 24 270   M    M   0        28 280
15  81  32  57   7   8   0 0.00    M    M  5.6 21 320   M    M   0        26 340
16  77  26  52   3  13   0 0.00    M    M  3.0 16 230   M    M   0        19 220
17  80  26  53   4  12   0 0.00    M    M  6.9 25 250   M    M   0        30 240
18  79  29  54   6  11   0 0.00    M    M  7.3 23 260   M    M   0        29 250
================================================================================
SM 1463  531       169   0  0.00    M     93.7          M        0
================================================================================
AV 81.3 29.5                               5.2 FASTST   M    M   0    MAX(MPH)
                                 MISC ---->  # 30 270               # 38  270
================================================================================
NOTES:
# LAST OF SEVERAL OCCURRENCES

COLUMN 17 PEAK WIND IN M.P.H.

PRELIMINARY LOCAL CLIMATOLOGICAL DATA (WS FORM: F-6) , PAGE 2

                                          STATION:  GALLUP NM
                                          MONTH:    OCTOBER
                                          YEAR:     2020
                                          LATITUDE:   35 30 N
                                          LONGITUDE: 108 48 W

[TEMPERATURE DATA]      [PRECIPITATION DATA]       SYMBOLS USED IN COLUMN 16

AVERAGE MONTHLY: 55.4   TOTAL FOR MONTH:   0.00    1 = FOG OR MIST
DPTR FM NORMAL:   3.7   DPTR FM NORMAL:   -0.58    2 = FOG REDUCING VISIBILITY
HIGHEST:    85 ON  4, 1 GRTST 24HR  0.00 ON 18-18      TO 1/4 MILE OR LESS
LOWEST:     26 ON 17,16                            3 = THUNDER
                        SNOW, ICE PELLETS, HAIL    4 = ICE PELLETS
                        TOTAL MONTH:    M          5 = HAIL
                        GRTST 24HR    M  ON   M    6 = FREEZING RAIN OR DRIZZLE
                        GRTST DEPTH:  M  ON   M    7 = DUSTSTORM OR SANDSTORM:
                                                       VSBY 1/2 MILE OR LESS
                                                   8 = SMOKE OR HAZE
[NO. OF DAYS WITH]      [WEATHER - DAYS WITH]      9 = BLOWING SNOW
                                                   X = TORNADO
MAX 32 OR BELOW:   0    0.01 INCH OR MORE:   0
MAX 90 OR ABOVE:   0    0.10 INCH OR MORE:   0
MIN 32 OR BELOW:  16    0.50 INCH OR MORE:   0
MIN  0 OR BELOW:   0    1.00 INCH OR MORE:   0

[HDD (BASE 65) ]
TOTAL THIS MO.   169    CLEAR  (SCALE 0-3)  18
DPTR FM NORMAL   -71    PTCLDY (SCALE 4-7)   0
TOTAL FM JUL 1   268    CLOUDY (SCALE 8-10)  0
DPTR FM NORMAL  -110

[CDD (BASE 65) ]
TOTAL THIS MO.     0
DPTR FM NORMAL     0    [PRESSURE DATA]
TOTAL FM JAN 1   720    HIGHEST SLP  0.00 ON  5
DPTR FM NORMAL   319    LOWEST  SLP 29.74 ON 11

[REMARKS]
