476
CXUS55 KABQ 271012
CF6GUP
PRELIMINARY LOCAL CLIMATOLOGICAL DATA (WS FORM: F-6)

                                          STATION:   GALLUP NM
                                          MONTH:     MAY
                                          YEAR:      2024
                                          LATITUDE:   35 30 N
                                          LONGITUDE: 108 48 W

  TEMPERATURE IN F:       :PCPN:    SNOW:  WIND      :SUNSHINE: SKY     :PK WND
================================================================================
1   2   3   4   5  6A  6B    7    8   9   10  11  12  13   14  15   16   17  18
                                     12Z  AVG MX 2MIN
DY MAX MIN AVG DEP HDD CDD  WTR  SNW DPTH SPD SPD DIR MIN PSBL S-S WX    SPD DR
================================================================================

 1  72  32  52   1  13   0 0.00    M    M  9.9 25 270   M    M   1        35 260
 2  71  32  52   1  13   0 0.00    M    M  5.0 20 260   M    M   1        27 290
 3  73  33  53   1  12   0 0.00    M    M  6.6 22 270   M    M   1        33 260
 4  75  32  54   2  11   0 0.00    M    M  8.3 25 230   M    M   1        36 230
 5   M   M   M   M   M   M 0.00    M    M 13.4 33 210   M    M   0        49 180
 6  61  36  49  -3  16   0 0.00    M    M 13.9 30 260   M    M   0        44 240
 7  73  33  53   0  12   0 0.00    M    M 18.4 39 260   M    M   0        51 250
 8  66  33  50  -3  15   0 0.00    M    M 12.3 26 270   M    M   2        39 240
 9  66  31  49  -4  16   0 0.00    M    M  8.4 26 260   M    M   1        35 250
10  72  27  50  -4  15   0 0.00    M    M  6.5 24 190   M    M   0        34 220
11  69  30  50  -4  15   0    T    M    M  9.8 32 270   M    M   1        46 260
12  72  31  52  -2  13   0 0.00    M    M  8.6 22 320   M    M   3        33 290
13  77  30  54  -1  11   0 0.00    M    M  4.1 22 310   M    M   1        32 260
14  77  35  56   1   9   0    T    M    M  8.4 29 300   M    M   2        38 250
15  75  39  57   2   8   0    T    M    M  7.7 21  10   M    M   4 3      29 320
16  72  43  58   2   7   0    T    M    M  6.1 23 300   M    M   6        32 320
17  81  33  57   1   8   0 0.00    M    M  6.2 24 280   M    M   1        42 310
18  80  47  64   8   1   0 0.00    M    M  7.9 23 220   M    M   0        33 260
19  79  36  58   2   7   0 0.00    M    M 11.1 26 250   M    M   0        38 260
20  78  33  56  -1   9   0    T    M    M 15.2 40 260   M    M   2        55 260
21  74  31  53  -4  12   0 0.00    M    M 12.9 31 250   M    M   0        44 230
22  76  29  53  -5  12   0 0.00    M    M  5.4 17 230   M    M   0        24 230
23  77  35  56  -2   9   0 0.00    M    M 14.2 32 230   M    M   0        43 250
24  78  37  58   0   7   0 0.00    M    M 11.1 26 220   M    M   0        43 240
25  75  43  59   1   6   0 0.00    M    M 16.3 33 250   M    M   1        53 240
26  79  34  57  -2   8   0 0.00    M    M  5.0 21 270   M    M   0        29 260
================================================================================
SM 1848  855       265   0     T    M    252.7          M       28
================================================================================
AV 73.9 34.2                               9.7 FASTST   M    M   1    MAX(MPH)
                                 MISC ---->    40 260                 55 260
================================================================================
NOTES:
# LAST OF SEVERAL OCCURRENCES

COLUMN 17 PEAK WIND IN M.P.H.

PRELIMINARY LOCAL CLIMATOLOGICAL DATA (WS FORM: F-6) , PAGE 2

                                          STATION:   GALLUP NM
                                          MONTH:     MAY
                                          YEAR:      2024
                                          LATITUDE:   35 30 N
                                          LONGITUDE: 108 48 W

[TEMPERATURE DATA]      [PRECIPITATION DATA]       SYMBOLS USED IN COLUMN 16

AVERAGE MONTHLY: 54.1   TOTAL FOR MONTH:      T    1 = FOG OR MIST
DPTR FM NORMAL:  -0.7   DPTR FM NORMAL:   -0.49    2 = FOG REDUCING VISIBILITY
HIGHEST:    81 ON 17    GRTST 24HR     T ON 11-11      TO 1/4 MILE OR LESS
LOWEST:     27 ON 10                               3 = THUNDER
                        SNOW, ICE PELLETS, HAIL    4 = ICE PELLETS
                        TOTAL MONTH:  M            5 = HAIL
                        GRTST 24HR    M  ON   M    6 = FREEZING RAIN OR DRIZZLE
                        GRTST DEPTH:  M  ON   M    7 = DUSTSTORM OR SANDSTORM:
                                                       VSBY 1/2 MILE OR LESS
                                                   8 = SMOKE OR HAZE
[NO. OF DAYS WITH]      [WEATHER - DAYS WITH]      9 = BLOWING SNOW
                                                   X = TORNADO
MAX 32 OR BELOW:   0    0.01 INCH OR MORE:   0
MAX 90 OR ABOVE:   0    0.10 INCH OR MORE:   0
MIN 32 OR BELOW:  10    0.50 INCH OR MORE:   0
MIN  0 OR BELOW:   0    1.00 INCH OR MORE:   0

[HDD (BASE 65) ]
TOTAL THIS MO.   265    CLEAR  (SCALE 0-3)  23
DPTR FM NORMAL    -2    PTCLDY (SCALE 4-7)   3
TOTAL FM JUL 1  5555    CLOUDY (SCALE 8-10)  0
DPTR FM NORMAL  -461

[CDD (BASE 65) ]
TOTAL THIS MO.     0
DPTR FM NORMAL     0    [PRESSURE DATA]
TOTAL FM JAN 1     0    HIGHEST SLP M ON M
DPTR FM NORMAL     0    LOWEST  SLP 29.47 ON  7

[REMARKS]