000
CXUS55 KABQ 211000
CF6GUP
PRELIMINARY LOCAL CLIMATOLOGICAL DATA (WS FORM: F-6)

                                          STATION:   GALLUP NM
                                          MONTH:     FEBRUARY
                                          YEAR:      2020
                                          LATITUDE:   35 30 N
                                          LONGITUDE: 108 48 W

  TEMPERATURE IN F:       :PCPN:    SNOW:  WIND      :SUNSHINE: SKY     :PK WND
================================================================================
1   2   3   4   5  6A  6B    7    8   9   10  11  12  13   14  15   16   17  18
                                     12Z  AVG MX 2MIN
DY MAX MIN AVG DEP HDD CDD  WTR  SNW DPTH SPD SPD DIR MIN PSBL S-S WX    SPD DR
================================================================================

 1  58  16  37   6  28   0 0.00    M    M  2.2  9 350   M    M   0        11  30
 2  61  17  39   8  26   0 0.00    M    M  8.6 23 210   M    M   0        30 240
 3  51  26  39   8  26   0    T    M    M 21.3 46 220   M    M   3        64 220
 4  32  12  22  -9  43   0    T    M    M  8.4 16  20   M    M   7        23 310
 5  33   1  17 -14  48   0    T    M    M  6.6 20 300   M    M   1        25 290
 6  48  13  31  -1  34   0 0.00    M    M  9.5 24 270   M    M   1        28 270
 7  58  22  40   8  25   0 0.00    M    M  6.5 17 290   M    M   0        21 290
 8  62  16  39   7  26   0 0.00    M    M  9.4 24 240   M    M   0        31 250
 9  54  24  39   7  26   0 0.00    M    M  9.2 26 250   M    M   1        37 250
10  43  28  36   4  29   0 0.10    M    M  1.5  8 280   M    M   8        11 290
11  35  25  30  -3  35   0 0.14    M    M  9.6 21  60   M    M  10 12     26  50
12  42  18  30  -3  35   0 0.00    M    M  5.8 17 280   M    M   2        22 280
13  47  12  30  -3  35   0 0.00    M    M  5.9 17 220   M    M   0        27 230
14  52  15  34   1  31   0 0.00    M    M  4.1 20 240   M    M   0        24 260
15  53  22  38   5  27   0 0.00    M    M  6.1 18 220   M    M   0        24 210
16  60  23  42   8  23   0 0.00    M    M  6.6 22 250   M    M   0        30 240
17  58  23  41   7  24   0 0.00    M    M  5.9 21 270   M    M   4        26 280
18  52  18  35   1  30   0 0.00    M    M  3.2 16  80   M    M   1        18  80
19  58  22  40   6  25   0 0.00    M    M  5.8 25 250   M    M   1        31 260
20  55  19  37   2  28   0 0.00    M    M  8.4 17  20   M    M   0        22  10
================================================================================
SM 1012  372       604   0  0.24    M    144.6          M       39
================================================================================
AV 50.6 18.6                               7.2 FASTST   M    M   2    MAX(MPH)
                                 MISC ---->  # 46 220               # 64  220
================================================================================
NOTES:
# LAST OF SEVERAL OCCURRENCES

COLUMN 17 PEAK WIND IN M.P.H.

PRELIMINARY LOCAL CLIMATOLOGICAL DATA (WS FORM: F-6) , PAGE 2

                                          STATION:  GALLUP NM
                                          MONTH:    FEBRUARY
                                          YEAR:     2020
                                          LATITUDE:   35 30 N
                                          LONGITUDE: 108 48 W

[TEMPERATURE DATA]      [PRECIPITATION DATA]       SYMBOLS USED IN COLUMN 16

AVERAGE MONTHLY: 34.6   TOTAL FOR MONTH:   0.24    1 = FOG OR MIST
DPTR FM NORMAL:   2.1   DPTR FM NORMAL:   -0.25    2 = FOG REDUCING VISIBILITY
HIGHEST:    62 ON  8    GRTST 24HR  0.14 ON 11-11      TO 1/4 MILE OR LESS
LOWEST:      1 ON  5                               3 = THUNDER
                        SNOW, ICE PELLETS, HAIL    4 = ICE PELLETS
                        TOTAL MONTH:    M          5 = HAIL
                        GRTST 24HR    M  ON   M    6 = FREEZING RAIN OR DRIZZLE
                        GRTST DEPTH:  M  ON   M    7 = DUSTSTORM OR SANDSTORM:
                                                       VSBY 1/2 MILE OR LESS
                                                   8 = SMOKE OR HAZE
[NO. OF DAYS WITH]      [WEATHER - DAYS WITH]      9 = BLOWING SNOW
                                                   X = TORNADO
MAX 32 OR BELOW:   1    0.01 INCH OR MORE:   2
MAX 90 OR ABOVE:   0    0.10 INCH OR MORE:   2
MIN 32 OR BELOW:  20    0.50 INCH OR MORE:   0
MIN  0 OR BELOW:   0    1.00 INCH OR MORE:   0

[HDD (BASE 65) ]
TOTAL THIS MO.   604    CLEAR  (SCALE 0-3)  16
DPTR FM NORMAL   -46    PTCLDY (SCALE 4-7)   2
TOTAL FM JUL 1  4146    CLOUDY (SCALE 8-10)  2
DPTR FM NORMAL  -220

[CDD (BASE 65) ]
TOTAL THIS MO.     0
DPTR FM NORMAL     0    [PRESSURE DATA]
TOTAL FM JAN 1     0    HIGHEST SLP M ON M
DPTR FM NORMAL     0    LOWEST  SLP 29.38 ON  3

[REMARKS]
