000
CXUS54 KAMA 201015
CF6GUY
PRELIMINARY LOCAL CLIMATOLOGICAL DATA (WS FORM: F-6)

                                          STATION:   GUYMON
                                          MONTH:     JUNE
                                          YEAR:      2018
                                          LATITUDE:   36 41 N
                                          LONGITUDE: 101 30 W

  TEMPERATURE IN F:       :PCPN:    SNOW:  WIND      :SUNSHINE: SKY     :PK WND
================================================================================
1   2   3   4   5  6A  6B    7    8   9   10  11  12  13   14  15   16   17  18
                                     12Z  AVG MX 2MIN
DY MAX MIN AVG DEP HDD CDD  WTR  SNW DPTH SPD SPD DIR MIN PSBL S-S WX    SPD DR
================================================================================

 1 102  65  84  14   0  19 0.00  0.0    0 12.1 28 210   M    M   0        35 200
 2  83  62  73   3   0   8 0.00  0.0    0 14.4 29  10   M    M   0 8      37  10
 3  83  49  66  -4   0   1    T  0.0    0  6.8 17 190   M    M   0        25 190
 4  91  57  74   3   0   9 0.00  0.0    0 10.8 26 200   M    M   1        35 210
 5  98  54  76   5   0  11 0.00  0.0    0  7.4 22 120   M    M   0        31 120
 6  97  64  81  10   0  16 0.00  0.0    0 11.7 31 350   M    M   0        42 350
 7  91  71  81   9   0  16 0.00  0.0    0 11.7 25 360   M    M   1        33 100
 8  96  60  78   6   0  13 0.00  0.0    0 16.3 37 230   M    M   0        44 230
 9  97  65  81   9   0  16 0.00  0.0    0 14.4 26 200   M    M   0        36 200
10 102  71  87  15   0  22 0.00  0.0    0 18.8 33 210   M    M   0        39 210
11  93  61  77   4   0  12 0.00  0.0    0 15.2 32 350   M    M   0        42 360
12 101  61  81   8   0  16 0.93  0.0    0  8.7 28  40   M    M   1 13     37 270
13  90  69  80   7   0  15    T  0.0    0 12.8 25 200   M    M   1        35 210
14  97  70  84  10   0  19 0.00  0.0    0 18.8 30 200   M    M   0        37 220
15  98  70  84  10   0  19 0.00  0.0    0 20.0 32 200   M    M   0        41 210
16  92  65  79   5   0  14 0.85  0.0    0 14.8 41 240   M    M   2 13     55 210
17  86  69  78   3   0  13 0.00  0.0    0 13.5 23 200   M    M   2        31 180
18  92  65  79   4   0  14 0.00  0.0    0 12.1 18 160   M    M   0        25 150
19  93  63  78   3   0  13 0.00  0.0    0 15.8 31  30   M    M   0 3      39  30
================================================================================
SM 1782 1211         0 266  1.78     0.0 256.1          M        8
================================================================================
AV 93.8 63.7                              13.5 FASTST   M    M   0    MAX(MPH)
                                 MISC ---->  # 41 240               # 55  210
================================================================================
NOTES:
# LAST OF SEVERAL OCCURRENCES

COLUMN 17 PEAK WIND IN M.P.H.

PRELIMINARY LOCAL CLIMATOLOGICAL DATA (WS FORM: F-6) , PAGE 2

                                          STATION:  GUYMON
                                          MONTH:    JUNE
                                          YEAR:     2018
                                          LATITUDE:   36 41 N
                                          LONGITUDE: 101 30 W

[TEMPERATURE DATA]      [PRECIPITATION DATA]       SYMBOLS USED IN COLUMN 16

AVERAGE MONTHLY: 78.8   TOTAL FOR MONTH:   1.78    1 = FOG OR MIST
DPTR FM NORMAL:   6.3   DPTR FM NORMAL:   -0.37    2 = FOG REDUCING VISIBILITY
HIGHEST:   102 ON 10, 1 GRTST 24HR  0.93 ON 12-12      TO 1/4 MILE OR LESS
LOWEST:     49 ON  3                               3 = THUNDER
                        SNOW, ICE PELLETS, HAIL    4 = ICE PELLETS
                        TOTAL MONTH:   0.0 INCH    5 = HAIL
                        GRTST 24HR     0.0         6 = FREEZING RAIN OR DRIZZLE
                        GRTST DEPTH:   0           7 = DUSTSTORM OR SANDSTORM:
                                                       VSBY 1/2 MILE OR LESS
                                                   8 = SMOKE OR HAZE
[NO. OF DAYS WITH]      [WEATHER - DAYS WITH]      9 = BLOWING SNOW
                                                   X = TORNADO
MAX 32 OR BELOW:   0    0.01 INCH OR MORE:   2
MAX 90 OR ABOVE:  16    0.10 INCH OR MORE:   2
MIN 32 OR BELOW:   0    0.50 INCH OR MORE:   2
MIN  0 OR BELOW:   0    1.00 INCH OR MORE:   0

[HDD (BASE 65) ]
TOTAL THIS MO.     0    CLEAR  (SCALE 0-3)  19
DPTR FM NORMAL    -6    PTCLDY (SCALE 4-7)   0
TOTAL FM JUL 1  4066    CLOUDY (SCALE 8-10)  0
DPTR FM NORMAL  -389

[CDD (BASE 65) ]
TOTAL THIS MO.   266
DPTR FM NORMAL   116    [PRESSURE DATA]
TOTAL FM JAN 1   548    HIGHEST SLP M ON M
DPTR FM NORMAL   290    LOWEST  SLP 29.58 ON M

[REMARKS]
