177
CXUS54 KAMA 190710
CF6GUY
PRELIMINARY LOCAL CLIMATOLOGICAL DATA (WS FORM: F-6)

                                          STATION:   GUYMON
                                          MONTH:     OCTOBER
                                          YEAR:      2019
                                          LATITUDE:   36 41 N
                                          LONGITUDE: 101 30 W

  TEMPERATURE IN F:       :PCPN:    SNOW:  WIND      :SUNSHINE: SKY     :PK WND
================================================================================
1   2   3   4   5  6A  6B    7    8   9   10  11  12  13   14  15   16   17  18
                                     12Z  AVG MX 2MIN
DY MAX MIN AVG DEP HDD CDD  WTR  SNW DPTH SPD SPD DIR MIN PSBL S-S WX    SPD DR
================================================================================

 1  71  65  68   5   0   3 0.62    M    M 11.6 26 190   M    M   7 1      31 190
 2  74  56  65   2   0   0 0.06    M    M 12.0 23 190   M    M   4 1      30 200
 3  57  50  54  -8  11   0 0.01    M    M 10.1 23  20   M    M  10 1      28  20
 4  76  50  63   1   2   0 0.01    M    M 11.6 28 200   M    M   7 1      35 200
 5  75  54  65   3   0   0 0.00    M    M 13.0 28  20   M    M   0        35  30
 6  70  45  58  -3   7   0 0.00    M    M  9.3 23  50   M    M   3        30  20
 7  72  38  55  -6  10   0 0.00    M    M 10.4 20 190   M    M   0        25 200
 8  81  51  66   6   0   1 0.00    M    M 18.4 30 190   M    M   0        38 190
 9  90  59  75  15   0  10 0.00    M    M 17.6 31 210   M    M   0        40 210
10  65  33  49 -10  16   0 0.00    M    M 23.0 33 340   M    M   7        41 330
11  57  23  40 -19  25   0 0.00    M    M  8.9 22 350   M    M   0 8      27 360
12  73  32  53  -6  12   0 0.00    M    M 12.2 28 230   M    M   0 8      34 220
13  74  32  53  -5  12   0 0.00    M    M  6.2 17 360   M    M   0        21  10
14  87  36  62   4   3   0 0.00    M    M  6.2 18 200   M    M   0        24 230
15  69  41  55  -2  10   0 0.00    M    M 13.3 28  10   M    M   0        37  20
16  78  30  54  -3  11   0 0.00    M    M  9.3 24 220   M    M   0        29 230
17  88  40  64   7   1   0 0.00  0.0    M 14.0 30 200   M    M   0        38 200
18  88  55  72  16   0   7    T  0.0    M 20.0 33  20   M    M   0        44  20
================================================================================
SM 1345  790       120  21  0.70  0.0    227.1          M       38
================================================================================
AV 74.7 43.9                              12.6 FASTST   M    M   2    MAX(MPH)
                                 MISC ---->  # 33 340                 44  20
================================================================================
NOTES:
# LAST OF SEVERAL OCCURRENCES

COLUMN 17 PEAK WIND IN M.P.H.

PRELIMINARY LOCAL CLIMATOLOGICAL DATA (WS FORM: F-6) , PAGE 2

                                          STATION:   GUYMON
                                          MONTH:     OCTOBER
                                          YEAR:      2019
                                          LATITUDE:   36 41 N
                                          LONGITUDE: 101 30 W

[TEMPERATURE DATA]      [PRECIPITATION DATA]       SYMBOLS USED IN COLUMN 16

AVERAGE MONTHLY: 59.3   TOTAL FOR MONTH:   0.70    1 = FOG OR MIST
DPTR FM NORMAL:  -0.4   DPTR FM NORMAL:   -0.34    2 = FOG REDUCING VISIBILITY
HIGHEST:    90 ON  9    GRTST 24HR  0.66 ON  1- 2      TO 1/4 MILE OR LESS
LOWEST:     23 ON 11                               3 = THUNDER
                        SNOW, ICE PELLETS, HAIL    4 = ICE PELLETS
                        TOTAL MONTH:   0.0 INCH    5 = HAIL
                        GRTST 24HR  0.0            6 = FREEZING RAIN OR DRIZZLE
                        GRTST DEPTH:  M  ON   M    7 = DUSTSTORM OR SANDSTORM:
                                                       VSBY 1/2 MILE OR LESS
                                                   8 = SMOKE OR HAZE
[NO. OF DAYS WITH]      [WEATHER - DAYS WITH]      9 = BLOWING SNOW
                                                   X = TORNADO
MAX 32 OR BELOW:   0    0.01 INCH OR MORE:   4
MAX 90 OR ABOVE:   1    0.10 INCH OR MORE:   1
MIN 32 OR BELOW:   4    0.50 INCH OR MORE:   1
MIN  0 OR BELOW:   0    1.00 INCH OR MORE:   0

[HDD (BASE 65) ]
TOTAL THIS MO.   120    CLEAR  (SCALE 0-3)  13
DPTR FM NORMAL     1    PTCLDY (SCALE 4-7)   4
TOTAL FM JUL 1   120    CLOUDY (SCALE 8-10)  1
DPTR FM NORMAL   -42

[CDD (BASE 65) ]
TOTAL THIS MO.    21
DPTR FM NORMAL    -4    [PRESSURE DATA]
TOTAL FM JAN 1  1706    HIGHEST SLP M ON M
DPTR FM NORMAL   227    LOWEST  SLP 29.36 ON 18

[REMARKS]
