000
CXUS54 KAMA 270710
CF6GUY
PRELIMINARY LOCAL CLIMATOLOGICAL DATA (WS FORM: F-6)

                                          STATION:   GUYMON
                                          MONTH:     MAY
                                          YEAR:      2020
                                          LATITUDE:   36 41 N
                                          LONGITUDE: 101 30 W

  TEMPERATURE IN F:       :PCPN:    SNOW:  WIND      :SUNSHINE: SKY     :PK WND
================================================================================
1   2   3   4   5  6A  6B    7    8   9   10  11  12  13   14  15   16   17  18
                                     12Z  AVG MX 2MIN
DY MAX MIN AVG DEP HDD CDD  WTR  SNW DPTH SPD SPD DIR MIN PSBL S-S WX    SPD DR
================================================================================

 1  94  61  78  18   0  13 0.00    M    M 11.5 24  10   M    M   0        30 320
 2  83  50  67   7   0   2 0.00    M    M 13.9 25 360   M    M   0        33 350
 3  83  53  68   7   0   3 0.00    M    M 10.2 20 120   M    M   2        28 110
 4  87  57  72  11   0   7 0.00    M    M 16.5 29  30   M    M   2 12     39 350
 5  75  49  62   0   3   0    T    M    M  7.4 18  20   M    M   4        23  20
 6  76  51  64   2   1   0 0.00    M    M  9.4 17 150   M    M   3        24 160
 7  87  48  68   6   0   3 0.00    M    M 14.6 44  20   M    M   1 8      56  20
 8  65  42  54  -8  11   0 0.00    M    M 16.3 35  10   M    M   4        44 360
 9  77  40  59  -4   6   0 0.00    M    M 15.0 26 340   M    M   0        35 210
10  61  41  51 -12  14   0 0.00    M    M 12.1 21  30   M    M   3        27  30
11  62  39  51 -12  14   0 0.11    M    M 13.5 23 130   M    M  10 1      31 140
12  54  38  46 -18  19   0 0.00    M    M  9.5 17  60   M    M  10 12     21  80
13  93  49  71   7   0   6 0.00    M    M 16.5 36 210   M    M   4 1      46 220
14  84  54  69   5   0   4 0.00    M    M 12.7 25 190   M    M   1        33 190
15  81  56  69   4   0   4    T    M    M 13.4 23 360   M    M   5        29 100
16  81  57  69   4   0   4 0.02    M    M  9.7 17  40   M    M   3 3      22  40
17  84  58  71   6   0   6 0.00    M    M  7.0 17 200   M    M   4        23 250
18  91  54  73   7   0   8 0.00    M    M 11.4 17 140   M    M   0        23 130
19  87  59  73   7   0   8 0.00    M    M 11.3 21 130   M    M   2        27 120
20  83  55  69   3   0   4 0.00    M    M 14.3 24 140   M    M   3        35 150
21  92  60  76  10   0  11 0.00    M    M  9.0 30  30   M    M   3 13     36  30
22  86  51  69   2   0   4    T  0.0    0  9.6 32  40   M    M   2 3      39  30
23  97  63  80  13   0  15 0.00    M    M 17.2 35 210   M    M   3        45 210
24  88  58  73   6   0   8 0.00    M    M 11.1 36 360   M    M   1        46  10
25  69  51  60  -8   5   0 0.71    M    M 14.9 30 350   M    M   7 1      37 340
26  80  47  64  -4   1   0 0.00    M    M  7.6 15 320   M    M   0        23 360
================================================================================
SM 2100 1341        74 110  0.84  0.0    315.6          M       77
================================================================================
AV 80.8 51.6                              12.1 FASTST   M    M   3    MAX(MPH)
                                 MISC ---->    44  20                 56  20
================================================================================
NOTES:
# LAST OF SEVERAL OCCURRENCES

COLUMN 17 PEAK WIND IN M.P.H.

PRELIMINARY LOCAL CLIMATOLOGICAL DATA (WS FORM: F-6) , PAGE 2

                                          STATION:   GUYMON
                                          MONTH:     MAY
                                          YEAR:      2020
                                          LATITUDE:   36 41 N
                                          LONGITUDE: 101 30 W

[TEMPERATURE DATA]      [PRECIPITATION DATA]       SYMBOLS USED IN COLUMN 16

AVERAGE MONTHLY: 66.2   TOTAL FOR MONTH:   0.84    1 = FOG OR MIST
DPTR FM NORMAL:   2.1   DPTR FM NORMAL:   -1.04    2 = FOG REDUCING VISIBILITY
HIGHEST:    97 ON 23    GRTST 24HR  0.71 ON 25-25      TO 1/4 MILE OR LESS
LOWEST:     38 ON 12                               3 = THUNDER
                        SNOW, ICE PELLETS, HAIL    4 = ICE PELLETS
                        TOTAL MONTH:   0.0 INCH    5 = HAIL
                        GRTST 24HR  0.0            6 = FREEZING RAIN OR DRIZZLE
                        GRTST DEPTH:  0            7 = DUSTSTORM OR SANDSTORM:
                                                       VSBY 1/2 MILE OR LESS
                                                   8 = SMOKE OR HAZE
[NO. OF DAYS WITH]      [WEATHER - DAYS WITH]      9 = BLOWING SNOW
                                                   X = TORNADO
MAX 32 OR BELOW:   0    0.01 INCH OR MORE:   3
MAX 90 OR ABOVE:   5    0.10 INCH OR MORE:   2
MIN 32 OR BELOW:   0    0.50 INCH OR MORE:   1
MIN  0 OR BELOW:   0    1.00 INCH OR MORE:   0

[HDD (BASE 65) ]
TOTAL THIS MO.    74    CLEAR  (SCALE 0-3)  15
DPTR FM NORMAL   -16    PTCLDY (SCALE 4-7)   9
TOTAL FM JUL 1  4157    CLOUDY (SCALE 8-10)  2
DPTR FM NORMAL  -286

[CDD (BASE 65) ]
TOTAL THIS MO.   110
DPTR FM NORMAL    42    [PRESSURE DATA]
TOTAL FM JAN 1   130    HIGHEST SLP M ON M
DPTR FM NORMAL    47    LOWEST  SLP 29.44 ON 23

[REMARKS]
