000
CXUS55 KBOU 190734
CF6GXY
PRELIMINARY LOCAL CLIMATOLOGICAL DATA (WS FORM: F-6)

                                          STATION:   GREELEY  CO
                                          MONTH:     SEPTEMBER
                                          YEAR:      2018
                                          LATITUDE:   40 25 N
                                          LONGITUDE: 104 38 W

  TEMPERATURE IN F:       :PCPN:    SNOW:  WIND      :SUNSHINE: SKY     :PK WND
================================================================================
1   2   3   4   5  6A  6B    7    8   9   10  11  12  13   14  15   16   17  18
                                     12Z  AVG MX 2MIN
DY MAX MIN AVG DEP HDD CDD  WTR  SNW DPTH SPD SPD DIR MIN PSBL S-S WX    SPD DR
================================================================================

 1  86  53  70   M   0   5    M    M    M  5.6 13 110   M    M   0         M  M
 2  84  52  68   M   0   3    M    M    M  5.3 14  50   M    M   0 8       M  M
 3  85  55  70   M   0   5    M    M    M  6.8 14 140   M    M   0 8      16  90
 4  83  51  67   M   0   2    M    M    M  7.9 15  30   M    M   0         M  M
 5  74  56  65   M   0   0    M    M    M  7.9 12 120   M    M   6        17 140
 6  78  52  65   M   0   0    M    M    M  6.9 15 120   M    M   1 3      17 120
 7  80  53  67   M   0   2    M    M    M  5.6  9 120   M    M   4         M  M
 8  88  51  70   M   0   5    M    M    M  6.1 15 330   M    M   3 128    16 120
 9  91  50  71   M   0   6    M    M    M  5.5 13  20   M    M   0 8       M  M
10  93  45  69   M   0   4    M    M    M  4.8 12 190   M    M   0 8      21 190
11  97  46  72   M   0   7    M    M    M  6.8 18 210   M    M   0 8      35 230
12  97  49  73   M   0   8    M    M    M  5.3 10 180   M    M   0 8      18 150
13  97  46  72   M   0   7    M    M    M  6.1 14 200   M    M   0 8      20 200
14  95  45  70   M   0   5    M    M    M  5.8 13 120   M    M   0 8       M  M
15  96  47  72   M   0   7    M    M    M  6.1 15 140   M    M   0         M  M
16  96  51  74   M   0   9    M    M    M  5.5  9 170   M    M   0 8       M  M
17  94  53  74   M   0   9    M    M    M  5.5 12 150   M    M   0 8       M  M
18  89  54  72   M   0   7 0.00  0.0    0  6.3 13 100   M    M   0 8       M  M
================================================================================
SM 1603  909         0  91  0.00     0.0 109.8          M       14
================================================================================
AV 89.1 50.5                               6.1 FASTST   M    M   1    MAX(MPH)
                                 MISC ---->  # 18 210               # 35  230
================================================================================
NOTES:
# LAST OF SEVERAL OCCURRENCES

COLUMN 17 PEAK WIND IN M.P.H.

PRELIMINARY LOCAL CLIMATOLOGICAL DATA (WS FORM: F-6) , PAGE 2

                                          STATION:  GREELEY  CO
                                          MONTH:    SEPTEMBER
                                          YEAR:     2018
                                          LATITUDE:   40 25 N
                                          LONGITUDE: 104 38 W

[TEMPERATURE DATA]      [PRECIPITATION DATA]       SYMBOLS USED IN COLUMN 16

AVERAGE MONTHLY: 69.8   TOTAL FOR MONTH:   0.00    1 = FOG OR MIST
DPTR FM NORMAL:     M   DPTR FM NORMAL:       M    2 = FOG REDUCING VISIBILITY
HIGHEST:    97 ON 13,12 GRTST 24HR    T  ON 31- 1      TO 1/4 MILE OR LESS
LOWEST:     45 ON 14,10                            3 = THUNDER
                        SNOW, ICE PELLETS, HAIL    4 = ICE PELLETS
                        TOTAL MONTH:   0.0 INCH    5 = HAIL
                        GRTST 24HR     0.0         6 = FREEZING RAIN OR DRIZZLE
                        GRTST DEPTH:   0           7 = DUSTSTORM OR SANDSTORM:
                                                       VSBY 1/2 MILE OR LESS
                                                   8 = SMOKE OR HAZE
[NO. OF DAYS WITH]      [WEATHER - DAYS WITH]      9 = BLOWING SNOW
                                                   X = TORNADO
MAX 32 OR BELOW:   0    0.01 INCH OR MORE:   0
MAX 90 OR ABOVE:   9    0.10 INCH OR MORE:   0
MIN 32 OR BELOW:   0    0.50 INCH OR MORE:   0
MIN  0 OR BELOW:   0    1.00 INCH OR MORE:   0

[HDD (BASE 65) ]
TOTAL THIS MO.     0    CLEAR  (SCALE 0-3)  16
DPTR FM NORMAL     M    PTCLDY (SCALE 4-7)   2
TOTAL FM JUL 1     8    CLOUDY (SCALE 8-10)  0
DPTR FM NORMAL     M

[CDD (BASE 65) ]
TOTAL THIS MO.    91
DPTR FM NORMAL     M    [PRESSURE DATA]
TOTAL FM JAN 1   848    HIGHEST SLP M ON M
DPTR FM NORMAL     M    LOWEST  SLP 29.55 ON 12

[REMARKS]
