000
CXUS55 KBOU 270901
CF6GXY
PRELIMINARY LOCAL CLIMATOLOGICAL DATA (WS FORM: F-6)

                                          STATION:   GREELEY  CO
                                          MONTH:     MAY
                                          YEAR:      2020
                                          LATITUDE:   40 25 N
                                          LONGITUDE: 104 38 W

  TEMPERATURE IN F:       :PCPN:    SNOW:  WIND      :SUNSHINE: SKY     :PK WND
================================================================================
1   2   3   4   5  6A  6B    7    8   9   10  11  12  13   14  15   16   17  18
                                     12Z  AVG MX 2MIN
DY MAX MIN AVG DEP HDD CDD  WTR  SNW DPTH SPD SPD DIR MIN PSBL S-S WX    SPD DR
================================================================================

 1  88  48  68   M   0   3    M    M    M  8.3 28  30   M    M   2 3      32  30
 2  68  50  59   M   6   0    M    M    M 10.4 18 100   M    M   9 3      23 100
 3   M   M   M   M   M   M    M    M    M  6.3 14  20   M    M   4 3      20  20
 4  64  38  51   M  14   0    M    M    M 14.0 32 300   M    M   3        39 310
 5  72  32  52   M  13   0    M    M    M  5.7 15  10   M    M   0        22  10
 6  72  36  54   M  11   0    M    M    M  9.1 18 110   M    M   0        22 120
 7  76  37  57   M   8   0    M    M    M 17.3 36 330   M    M   0        47 350
 8  63  32  48   M  17   0    M    M    M 10.8 17  10   M    M   2        25  10
 9  60  38  49   M  16   0    M    M    M 13.2 23  10   M    M   5        30 360
10  64  39  52   M  13   0    M    M    M 11.1 20  70   M    M   4        28  80
11  47  34  41   M  24   0    M    M    M  7.9 13  60   M    M   7 1       M  M
12  70  38  54   M  11   0    M    M    M  7.3 16 110   M    M   5         M  M
13  79  38  59   M   6   0    M    M    M  6.6 20  90   M    M   1 3      31  60
14  69  49  59   M   6   0    M    M    M  6.2 10 360   M    M   8 3       M  M
15  70  48  59   M   6   0    M    M    M  7.3 22 340   M    M   7 3      30 350
16  72  47  60   M   5   0    M    M    M 11.0 21 350   M    M   5        31 350
17  75  38  57   M   8   0    M    M    M  6.4 12 100   M    M   1         M  M
18  88  48  68   M   0   3    M    M    M  7.8 17 120   M    M   0 8      18 110
19  93  53  73   M   0   8    M    M    M 13.2 28 150   M    M   0        40 150
20  92  51  72   M   0   7    M    M    M 17.4 33 140   M    M   0 38     44 140
21  79  43  61   M   4   0    M    M    M  7.1 16 140   M    M   1        20 140
22  86  44  65   M   0   0    M    M    M 11.1 27 100   M    M   0        39 100
23  83  52  68   M   0   3    M    M    M 10.5 28 350   M    M   1 3      38 350
24  62  43  53   M  12   0    M    M    M  7.4 17 350   M    M   6 1      31 330
25  68  40  54   M  11   0    M    M    M  4.6 13  30   M    M   3        20  30
26  83  38  61   M   4   0    M    M    M  5.9 15 350   M    M   2        20  99
================================================================================
SM 1843 1054       195  24    M     M    243.9          M       76
================================================================================
AV 73.7 42.2                               9.4 FASTST   M    M   3    MAX(MPH)
                                 MISC ---->  # 36 330               # 47  350
================================================================================
NOTES:
# LAST OF SEVERAL OCCURRENCES

COLUMN 17 PEAK WIND IN M.P.H.

PRELIMINARY LOCAL CLIMATOLOGICAL DATA (WS FORM: F-6) , PAGE 2

                                          STATION:  GREELEY  CO
                                          MONTH:    MAY
                                          YEAR:     2020
                                          LATITUDE:   40 25 N
                                          LONGITUDE: 104 38 W

[TEMPERATURE DATA]      [PRECIPITATION DATA]       SYMBOLS USED IN COLUMN 16

AVERAGE MONTHLY: 57.9   TOTAL FOR MONTH:      M    1 = FOG OR MIST
DPTR FM NORMAL:     M   DPTR FM NORMAL:       M    2 = FOG REDUCING VISIBILITY
HIGHEST:    93 ON 19    GRTST 24HR    T  ON 30- 1      TO 1/4 MILE OR LESS
LOWEST:     32 ON  8, 5                            3 = THUNDER
                        SNOW, ICE PELLETS, HAIL    4 = ICE PELLETS
                        TOTAL MONTH:    M          5 = HAIL
                        GRTST 24HR    M  ON   M    6 = FREEZING RAIN OR DRIZZLE
                        GRTST DEPTH:  M  ON   M    7 = DUSTSTORM OR SANDSTORM:
                                                       VSBY 1/2 MILE OR LESS
                                                   8 = SMOKE OR HAZE
[NO. OF DAYS WITH]      [WEATHER - DAYS WITH]      9 = BLOWING SNOW
                                                   X = TORNADO
MAX 32 OR BELOW:   0    0.01 INCH OR MORE:   0
MAX 90 OR ABOVE:   2    0.10 INCH OR MORE:   0
MIN 32 OR BELOW:   2    0.50 INCH OR MORE:   0
MIN  0 OR BELOW:   0    1.00 INCH OR MORE:   0

[HDD (BASE 65) ]
TOTAL THIS MO.   195    CLEAR  (SCALE 0-3)  14
DPTR FM NORMAL     M    PTCLDY (SCALE 4-7)  11
TOTAL FM JUL 1  6349    CLOUDY (SCALE 8-10)  1
DPTR FM NORMAL     M

[CDD (BASE 65) ]
TOTAL THIS MO.    24
DPTR FM NORMAL     M    [PRESSURE DATA]
TOTAL FM JAN 1    24    HIGHEST SLP M ON M
DPTR FM NORMAL     M    LOWEST  SLP 29.39 ON 20

[REMARKS]
