000
CXUS55 KBOU 180900
CF6GXY
PRELIMINARY LOCAL CLIMATOLOGICAL DATA (WS FORM: F-6)

                                          STATION:   GREELEY  CO
                                          MONTH:     JUNE
                                          YEAR:      2018
                                          LATITUDE:   40 25 N
                                          LONGITUDE: 104 38 W

  TEMPERATURE IN F:       :PCPN:    SNOW:  WIND      :SUNSHINE: SKY     :PK WND
================================================================================
1   2   3   4   5  6A  6B    7    8   9   10  11  12  13   14  15   16   17  18
                                     12Z  AVG MX 2MIN
DY MAX MIN AVG DEP HDD CDD  WTR  SNW DPTH SPD SPD DIR MIN PSBL S-S WX    SPD DR
================================================================================

 1  91  50  71   M   0   6    M    M    M 10.3 22 340   M    M   0        39 280
 2  81  53  67   M   0   2    M    M    M 10.4 23 350   M    M   0 8      35 340
 3  83  50  67   M   0   2    M    M    M  7.1 16 310   M    M   0         M  M
 4  94  50  72   M   0   7    M    M    M  5.1 12  50   M    M   0         M  M
 5  98  50  74   M   0   9    M    M    M  5.1 14 270   M    M   0 8      44 230
 6  94  52  73   M   0   8    M    M    M 10.1 17  20   M    M   0 3      25  20
 7  96  59  78   M   0  13    M    M    M 11.5 22 150   M    M   0        44 140
 8  97  53  75   M   0  10    M    M    M  5.8 14 130   M    M   0         M  M
 9  97  58  78   M   0  13    M    M    M  8.1 14 110   M    M   0         M  M
10 100  55  78   M   0  13    M    M    M  7.3 23 330   M    M   0        35 330
11  85  61  73   M   0   8    M    M    M 13.1 27 340   M    M   0 8      35 340
12  86  50  68   M   0   3    M    M    M  9.2 21  20   M    M   0 8      27  20
13  96  58  77   M   0  12    M    M    M  8.3 21 160   M    M   0 38     32 150
14 100  55  78   M   0  13    M    M    M  7.5 20 330   M    M   0        37 310
15  95  56  76   M   0  11    M    M    M  9.0 21 130   M    M   0 8      33 210
16  90  60  75   M   0  10    M    M    M  7.0 17 360   M    M   1 3       M  M
17  71  57  64   M   1   0    M    M    M 11.9 17  30   M    M   6         M  M
================================================================================
SM 1554  927         1 140    M     M    146.8          M        7
================================================================================
AV 91.4 54.5                               8.6 FASTST   M    M   0    MAX(MPH)
                                 MISC ---->  # 27 340               # 44  230
================================================================================
NOTES:
# LAST OF SEVERAL OCCURRENCES

COLUMN 17 PEAK WIND IN M.P.H.

PRELIMINARY LOCAL CLIMATOLOGICAL DATA (WS FORM: F-6) , PAGE 2

                                          STATION:  GREELEY  CO
                                          MONTH:    JUNE
                                          YEAR:     2018
                                          LATITUDE:   40 25 N
                                          LONGITUDE: 104 38 W

[TEMPERATURE DATA]      [PRECIPITATION DATA]       SYMBOLS USED IN COLUMN 16

AVERAGE MONTHLY: 73.0   TOTAL FOR MONTH:      M    1 = FOG OR MIST
DPTR FM NORMAL:     M   DPTR FM NORMAL:       M    2 = FOG REDUCING VISIBILITY
HIGHEST:   100 ON 14,10 GRTST 24HR  0.00 ON 31- 1      TO 1/4 MILE OR LESS
LOWEST:     50 ON 12, 5                            3 = THUNDER
                        SNOW, ICE PELLETS, HAIL    4 = ICE PELLETS
                        TOTAL MONTH:    M          5 = HAIL
                        GRTST 24HR    M  ON   M    6 = FREEZING RAIN OR DRIZZLE
                        GRTST DEPTH:  M  ON   M    7 = DUSTSTORM OR SANDSTORM:
                                                       VSBY 1/2 MILE OR LESS
                                                   8 = SMOKE OR HAZE
[NO. OF DAYS WITH]      [WEATHER - DAYS WITH]      9 = BLOWING SNOW
                                                   X = TORNADO
MAX 32 OR BELOW:   0    0.01 INCH OR MORE:   0
MAX 90 OR ABOVE:  12    0.10 INCH OR MORE:   0
MIN 32 OR BELOW:   0    0.50 INCH OR MORE:   0
MIN  0 OR BELOW:   0    1.00 INCH OR MORE:   0

[HDD (BASE 65) ]
TOTAL THIS MO.     1    CLEAR  (SCALE 0-3)  16
DPTR FM NORMAL     M    PTCLDY (SCALE 4-7)   1
TOTAL FM JUL 1  5928    CLOUDY (SCALE 8-10)  0
DPTR FM NORMAL     M

[CDD (BASE 65) ]
TOTAL THIS MO.   140
DPTR FM NORMAL     M    [PRESSURE DATA]
TOTAL FM JAN 1   180    HIGHEST SLP M ON M
DPTR FM NORMAL     M    LOWEST  SLP 29.39 ON 10

[REMARKS]
