000
CXUS54 KEWX 170910
CF6GYB
PRELIMINARY LOCAL CLIMATOLOGICAL DATA (WS FORM: F-6)

                                          STATION:   Giddings-Lee County Airport
                                          MONTH:     FEBRUARY
                                          YEAR:      2019
                                          LATITUDE:   30 10 N
                                          LONGITUDE:  96 59 W

  TEMPERATURE IN F:       :PCPN:    SNOW:  WIND      :SUNSHINE: SKY     :PK WND
================================================================================
1   2   3   4   5  6A  6B    7    8   9   10  11  12  13   14  15   16   17  18
                                     12Z  AVG MX 2MIN
DY MAX MIN AVG DEP HDD CDD  WTR  SNW DPTH SPD SPD DIR MIN PSBL S-S WX    SPD DR
================================================================================

 1  62  52  57   M   8   0 0.01    M    M  2.1  8  70   M    M  10 1       M  M
 2  62  55  59   M   6   0 0.02    M    M  3.7  7 140   M    M  10 1       M  M
 3  68  56  62   M   3   0 0.00    M    M  4.9 10 190   M    M   8 12      M  M
 4  74  62  68   M   0   3 0.00    M    M  6.2 13 200   M    M   8 1      20 200
 5  78  66  72   M   0   7 0.00    M    M  7.8 17 190   M    M   9 18     22 190
 6  78  69  74   M   0   9 0.00    M    M  9.7 14 180   M    M   9 18     22 180
 7  74  43  59   M   6   0 0.03    M    M 12.1 16  10   M    M   5        25  20
 8  43  36  40   M  25   0 0.00    M    M 10.8 16 360   M    M   7        24  20
 9  42  38  40   M  25   0 0.00    M    M  6.9 10  20   M    M  10 1      17  30
10  47  40  44   M  21   0 0.05    M    M  3.7  7 330   M    M  10 1       M  M
11  61  46  54   M  11   0 0.02    M    M  2.9  8 240   M    M   9 12      M  M
12  63  41  52   M  13   0 0.00    M    M  7.8 14 360   M    M   0        23  10
13  67  33  50   M  15   0 0.00    M    M  4.3 13 180   M    M   0        21 170
14  77  55  66   M   0   1 0.00    M    M 10.6 18 210   M    M   0        30 220
15  83  58  71   M   0   6 0.00    M    M  6.5 10 210   M    M   2 1      17 210
16  65  45  55   M  10   0 0.00    M    M  5.8 12 350   M    M  10 1      17 350
================================================================================
SM 1044  795       143  26  0.13    M    105.8          M      107
================================================================================
AV 65.3 49.7                               6.6 FASTST   M    M   7    MAX(MPH)
                                 MISC ---->  # 18 210               # 30  220
================================================================================
NOTES:
# LAST OF SEVERAL OCCURRENCES

COLUMN 17 PEAK WIND IN M.P.H.

PRELIMINARY LOCAL CLIMATOLOGICAL DATA (WS FORM: F-6) , PAGE 2

                                          STATION:  Giddings-Lee County Airport
                                          MONTH:    FEBRUARY
                                          YEAR:     2019
                                          LATITUDE:   30 10 N
                                          LONGITUDE:  96 59 W

[TEMPERATURE DATA]      [PRECIPITATION DATA]       SYMBOLS USED IN COLUMN 16

AVERAGE MONTHLY: 57.5   TOTAL FOR MONTH:   0.13    1 = FOG OR MIST
DPTR FM NORMAL:     M   DPTR FM NORMAL:       M    2 = FOG REDUCING VISIBILITY
HIGHEST:    83 ON 15    GRTST 24HR  0.05 ON 10-10      TO 1/4 MILE OR LESS
LOWEST:     33 ON 13                               3 = THUNDER
                        SNOW, ICE PELLETS, HAIL    4 = ICE PELLETS
                        TOTAL MONTH:    M          5 = HAIL
                        GRTST 24HR    M  ON   M    6 = FREEZING RAIN OR DRIZZLE
                        GRTST DEPTH:  M  ON   M    7 = DUSTSTORM OR SANDSTORM:
                                                       VSBY 1/2 MILE OR LESS
                                                   8 = SMOKE OR HAZE
[NO. OF DAYS WITH]      [WEATHER - DAYS WITH]      9 = BLOWING SNOW
                                                   X = TORNADO
MAX 32 OR BELOW:   0    0.01 INCH OR MORE:   5
MAX 90 OR ABOVE:   0    0.10 INCH OR MORE:   0
MIN 32 OR BELOW:   0    0.50 INCH OR MORE:   0
MIN  0 OR BELOW:   0    1.00 INCH OR MORE:   0

[HDD (BASE 65) ]
TOTAL THIS MO.   143    CLEAR  (SCALE 0-3)   4
DPTR FM NORMAL     M    PTCLDY (SCALE 4-7)   3
TOTAL FM JUL 1  1485    CLOUDY (SCALE 8-10)  9
DPTR FM NORMAL     M

[CDD (BASE 65) ]
TOTAL THIS MO.    26
DPTR FM NORMAL     M    [PRESSURE DATA]
TOTAL FM JAN 1    26    HIGHEST SLP M ON M
DPTR FM NORMAL     M    LOWEST  SLP M ON M

[REMARKS]
