000
CXUS54 KEWX 190910
CF6GYB
PRELIMINARY LOCAL CLIMATOLOGICAL DATA (WS FORM: F-6)

                                          STATION:   Giddings-Lee County Airport
                                          MONTH:     APRIL
                                          YEAR:      2018
                                          LATITUDE:   30 10 N
                                          LONGITUDE:  96 59 W

  TEMPERATURE IN F:       :PCPN:    SNOW:  WIND      :SUNSHINE: SKY     :PK WND
================================================================================
1   2   3   4   5  6A  6B    7    8   9   10  11  12  13   14  15   16   17  18
                                     12Z  AVG MX 2MIN
DY MAX MIN AVG DEP HDD CDD  WTR  SNW DPTH SPD SPD DIR MIN PSBL S-S WX    SPD DR
================================================================================

 1  82  59  71   M   0   6 0.00    M    M  3.9  8 190   M    M   7        20 170
 2  83  59  71   M   0   6 0.00    M    M  5.7 15 160   M    M   5 18     23 160
 3  82  63  73   M   0   8 0.00    M    M  9.2 16 200   M    M   6 1      25  10
 4  69  48  59   M   6   0 0.00    M    M  8.3 17  10   M    M   0        25  10
 5  74  50  62   M   3   0 0.00    M    M  5.2 13 150   M    M   7        17 140
 6  82  67  75   M   0  10 0.00    M    M  9.3 16 200   M    M   8        24 210
 7  71  39  55   M  10   0 0.13    M    M 11.9 17 360   M    M  10 1      29 360
 8  60  40  50   M  15   0 0.00    M    M  3.3  8  20   M    M   7 1       M  M
 9  66  51  59   M   6   0 0.00    M    M  4.7  9 360   M    M  10 1       M  M
10  73  49  61   M   4   0 0.00    M    M  5.1 12  10   M    M   0        16  10
11  79  43  61   M   4   0 0.00    M    M  5.5 13 190   M    M   0        18 190
12  83  59  71   M   0   6 0.00    M    M 11.4 18 170   M    M   6        25 190
13  80  57  69   M   0   4 0.16    M    M 11.3 16 190   M    M   8        25 330
14  69  43  56   M   9   0 0.02    M    M 10.9 23 340   M    M   1        36 340
15  69  43  56   M   9   0 0.00    M    M  5.7 14 340   M    M   0        22 320
16  80  42  61   M   4   0 0.00    M    M  7.1 15 200   M    M   0        24 180
17  82  56  69   M   0   4 0.00    M    M 11.6 20 200   M    M   0        27 190
18  80  63  72   M   0   7 0.00    M    M  6.0 13 200   M    M   5        21 180
================================================================================
SM 1364  931        70  51  0.31    M    136.1          M       80
================================================================================
AV 75.8 51.7                               7.6 FASTST   M    M   4    MAX(MPH)
                                 MISC ---->  # 23 340               # 36  340
================================================================================
NOTES:
# LAST OF SEVERAL OCCURRENCES

COLUMN 17 PEAK WIND IN M.P.H.

PRELIMINARY LOCAL CLIMATOLOGICAL DATA (WS FORM: F-6) , PAGE 2

                                          STATION:  Giddings-Lee County Airport
                                          MONTH:    APRIL
                                          YEAR:     2018
                                          LATITUDE:   30 10 N
                                          LONGITUDE:  96 59 W

[TEMPERATURE DATA]      [PRECIPITATION DATA]       SYMBOLS USED IN COLUMN 16

AVERAGE MONTHLY: 63.8   TOTAL FOR MONTH:   0.31    1 = FOG OR MIST
DPTR FM NORMAL:     M   DPTR FM NORMAL:       M    2 = FOG REDUCING VISIBILITY
HIGHEST:    83 ON 12, 2 GRTST 24HR  0.16 ON 13-13      TO 1/4 MILE OR LESS
LOWEST:     39 ON  7                               3 = THUNDER
                        SNOW, ICE PELLETS, HAIL    4 = ICE PELLETS
                        TOTAL MONTH:    M          5 = HAIL
                        GRTST 24HR    M  ON   M    6 = FREEZING RAIN OR DRIZZLE
                        GRTST DEPTH:  M  ON   M    7 = DUSTSTORM OR SANDSTORM:
                                                       VSBY 1/2 MILE OR LESS
                                                   8 = SMOKE OR HAZE
[NO. OF DAYS WITH]      [WEATHER - DAYS WITH]      9 = BLOWING SNOW
                                                   X = TORNADO
MAX 32 OR BELOW:   0    0.01 INCH OR MORE:   3
MAX 90 OR ABOVE:   0    0.10 INCH OR MORE:   2
MIN 32 OR BELOW:   0    0.50 INCH OR MORE:   0
MIN  0 OR BELOW:   0    1.00 INCH OR MORE:   0

[HDD (BASE 65) ]
TOTAL THIS MO.    70    CLEAR  (SCALE 0-3)   7
DPTR FM NORMAL     M    PTCLDY (SCALE 4-7)   8
TOTAL FM JUL 1  1666    CLOUDY (SCALE 8-10)  3
DPTR FM NORMAL     M

[CDD (BASE 65) ]
TOTAL THIS MO.    51
DPTR FM NORMAL     M    [PRESSURE DATA]
TOTAL FM JAN 1   173    HIGHEST SLP M ON M
DPTR FM NORMAL     M    LOWEST  SLP M ON M

[REMARKS]
