000
CXUS54 KOUN 240700
CF6HBR
PRELIMINARY LOCAL CLIMATOLOGICAL DATA (WS FORM: F-6)

                                          STATION:   HOBART
                                          MONTH:     SEPTEMBER
                                          YEAR:      2018
                                          LATITUDE:   35  0 N
                                          LONGITUDE:  99  3 W

  TEMPERATURE IN F:       :PCPN:    SNOW:  WIND      :SUNSHINE: SKY     :PK WND
================================================================================
1   2   3   4   5  6A  6B    7    8   9   10  11  12  13   14  15   16   17  18
                                     12Z  AVG MX 2MIN
DY MAX MIN AVG DEP HDD CDD  WTR  SNW DPTH SPD SPD DIR MIN PSBL S-S WX    SPD DR
================================================================================

 1  99  73  86   7   0  21 0.00  0.0    0 12.8 26 150   M    M   0        33 150
 2 100  76  88   9   0  23 0.00  0.0    0 14.7 35 160   M    M   1 3      43 160
 3  90  73  82   4   0  17 0.01  0.0    0 10.6 21 110   M    M   5        26 120
 4  83  72  78   0   0  13 0.53  0.0    0 10.3 22 240   M    M   5 13     30 230
 5  80  72  76  -2   0  11 0.11  0.0    0  5.9 14 240   M    M   6 1      16 240
 6  82  71  77  -1   0  12 0.84  0.0    0  7.2 15  60   M    M   7 1      18  80
 7  76  70  73  -4   0   8 3.11  0.0    0 11.0 20 360   M    M  10 1      22  10
 8  76  68  72  -5   0   7 0.01  0.0    0 10.2 17  40   M    M   9 1      20  40
 9  79  62  71  -5   0   6 0.01  0.0    0  7.5 16  40   M    M   7 1      19  30
10  81  59  70  -6   0   5 0.00  0.0    0  5.2 10  80   M    M   3 18     14  70
11  83  63  73  -3   0   8 0.00  0.0    0  8.2 16 180   M    M   4 1      20 180
12  99  68  84   9   0  19    T  0.0    0 10.2  M   M   M    M   7 1       M  M
13   M   M   M   M   M   M 0.00  0.0    0 14.2 20 180   M    M   2        28 180
14  92  69  81   7   0  16 0.00  0.0    0 10.5 20 160   M    M   1        24 210
15  80  68  74   0   0   9 0.06  0.0    0  5.5 20 110   M    M   3        23 110
16  86  70  78   4   0  13 0.00  0.0    0  5.7 10 160   M    M   2 1      35 330
17  93  70  82   9   0  17 0.00  0.0    0  9.2 21 210   M    M   1        24 190
18  94  70  82   9   0  17 0.00  0.0    0 12.2 23 180   M    M   1        32 320
19  95  71  83  11   0  18 0.00  0.0    0 14.1 25 180   M    M   1        32 210
20  95  70  83  11   0  18 0.01  0.0    0 15.2 33 180   M    M   1        42 180
21  72  59  66  -6   0   1 1.95  0.0    0 16.2 35  40   M    M   9 13     42  50
22  77  57  67  -4   0   2 0.00  0.0    0 15.2 25  30   M    M   4        32  10
23  71  58  65  -6   0   0 0.00  0.0    0  7.4 15  40   M    M   8        19  30
================================================================================
SM 1883 1489         0 261  6.64     0.0 239.2          M       97
================================================================================
AV 85.6 67.7                              10.4 FASTST   M    M   4    MAX(MPH)
                                 MISC ---->  # 35 160               # 43  160
================================================================================
NOTES:
# LAST OF SEVERAL OCCURRENCES

COLUMN 17 PEAK WIND IN M.P.H.

PRELIMINARY LOCAL CLIMATOLOGICAL DATA (WS FORM: F-6) , PAGE 2

                                          STATION:  HOBART
                                          MONTH:    SEPTEMBER
                                          YEAR:     2018
                                          LATITUDE:   35  0 N
                                          LONGITUDE:  99  3 W

[TEMPERATURE DATA]      [PRECIPITATION DATA]       SYMBOLS USED IN COLUMN 16

AVERAGE MONTHLY: 76.6   TOTAL FOR MONTH:   6.64    1 = FOG OR MIST
DPTR FM NORMAL:   1.5   DPTR FM NORMAL:    4.26    2 = FOG REDUCING VISIBILITY
HIGHEST:   100 ON  2    GRTST 24HR  3.11 ON  7- 7      TO 1/4 MILE OR LESS
LOWEST:     57 ON 22                               3 = THUNDER
                        SNOW, ICE PELLETS, HAIL    4 = ICE PELLETS
                        TOTAL MONTH:   0.0 INCH    5 = HAIL
                        GRTST 24HR     0.0         6 = FREEZING RAIN OR DRIZZLE
                        GRTST DEPTH:   0           7 = DUSTSTORM OR SANDSTORM:
                                                       VSBY 1/2 MILE OR LESS
                                                   8 = SMOKE OR HAZE
[NO. OF DAYS WITH]      [WEATHER - DAYS WITH]      9 = BLOWING SNOW
                                                   X = TORNADO
MAX 32 OR BELOW:   0    0.01 INCH OR MORE:  10
MAX 90 OR ABOVE:   9    0.10 INCH OR MORE:   5
MIN 32 OR BELOW:   0    0.50 INCH OR MORE:   4
MIN  0 OR BELOW:   0    1.00 INCH OR MORE:   2

[HDD (BASE 65) ]
TOTAL THIS MO.     0    CLEAR  (SCALE 0-3)  11
DPTR FM NORMAL    -8    PTCLDY (SCALE 4-7)   9
TOTAL FM JUL 1     0    CLOUDY (SCALE 8-10)  3
DPTR FM NORMAL    -8

[CDD (BASE 65) ]
TOTAL THIS MO.   261
DPTR FM NORMAL    16    [PRESSURE DATA]
TOTAL FM JAN 1  2524    HIGHEST SLP M ON M
DPTR FM NORMAL   559    LOWEST  SLP 29.78 ON 20

[REMARKS]
