000
CXUS54 KOUN 200700
CF6HBR
PRELIMINARY LOCAL CLIMATOLOGICAL DATA (WS FORM: F-6)

                                          STATION:   HOBART
                                          MONTH:     JUNE
                                          YEAR:      2018
                                          LATITUDE:   35  0 N
                                          LONGITUDE:  99  3 W

  TEMPERATURE IN F:       :PCPN:    SNOW:  WIND      :SUNSHINE: SKY     :PK WND
================================================================================
1   2   3   4   5  6A  6B    7    8   9   10  11  12  13   14  15   16   17  18
                                     12Z  AVG MX 2MIN
DY MAX MIN AVG DEP HDD CDD  WTR  SNW DPTH SPD SPD DIR MIN PSBL S-S WX    SPD DR
================================================================================

 1 101  75  88  14   0  23    T  0.0    0 17.4 29 160   M    M   0        33 170
 2  95  68  82   7   0  17 0.00  0.0    0 15.7 32  40   M    M   0 8      42  30
 3  90  61  76   1   0  11 0.00  0.0    0 10.8 23  90   M    M   0        29  90
 4  89  64  77   2   0  12 0.00  0.0    0  9.4 20 170   M    M   0        24 160
 5  98  71  85   9   0  20 0.00  0.0    0 10.8 17 150   M    M   2 18     23 130
 6  99  70  85   9   0  20 0.00  0.0    0 11.4 24 170   M    M   0 18     31 150
 7  89  72  81   5   0  16    T  0.0    0 20.6 41 150   M    M   0 38     51 150
 8  92  70  81   5   0  16 0.00  0.0    0 11.1 22 180   M    M   0        29 170
 9  99  70  85   8   0  20 0.00  0.0    0 15.6 24 190   M    M   0        35 200
10 100  73  87  10   0  22 0.00  0.0    0 16.7 28 180   M    M   0 8      35 180
11 100  71  86   9   0  21 0.00  0.0    0 16.3 28 190   M    M   0        37 210
12  94  77  86   8   0  21 0.00  0.0    0 17.8 30 160   M    M   0        41 140
13 101  71  86   8   0  21 0.06  0.0    0  9.8 33 310   M    M   2 38     42 300
14 100  74  87   9   0  22 0.00  0.0    0 16.0 28 190   M    M   1        32 210
15 100  75  88  10   0  23 0.00  0.0    0 19.3 31 190   M    M   0 8      38 230
16  97  77  87   8   0  22 0.00  0.0    0 21.3 32 160   M    M   0        40 170
17  96  77  87   8   0  22 0.00  0.0    0 20.9 32 170   M    M   0        41 160
18  97  75  86   7   0  21 0.00  0.0    0 16.6 28 150   M    M   2        32 140
19  91  73  82   3   0  17 0.00  0.0    0 14.9 22 150   M    M   4        26 160
================================================================================
SM 1828 1364         0 367  0.06     0.0 292.4          M       11
================================================================================
AV 96.2 71.8                              15.4 FASTST   M    M   1    MAX(MPH)
                                 MISC ---->  # 41 150               # 51  150
================================================================================
NOTES:
# LAST OF SEVERAL OCCURRENCES

COLUMN 17 PEAK WIND IN M.P.H.

PRELIMINARY LOCAL CLIMATOLOGICAL DATA (WS FORM: F-6) , PAGE 2

                                          STATION:  HOBART
                                          MONTH:    JUNE
                                          YEAR:     2018
                                          LATITUDE:   35  0 N
                                          LONGITUDE:  99  3 W

[TEMPERATURE DATA]      [PRECIPITATION DATA]       SYMBOLS USED IN COLUMN 16

AVERAGE MONTHLY: 84.0   TOTAL FOR MONTH:   0.06    1 = FOG OR MIST
DPTR FM NORMAL:   7.1   DPTR FM NORMAL:   -2.45    2 = FOG REDUCING VISIBILITY
HIGHEST:   101 ON 13, 1 GRTST 24HR  0.06 ON 13-13      TO 1/4 MILE OR LESS
LOWEST:     61 ON  3                               3 = THUNDER
                        SNOW, ICE PELLETS, HAIL    4 = ICE PELLETS
                        TOTAL MONTH:   0.0 INCH    5 = HAIL
                        GRTST 24HR     0.0         6 = FREEZING RAIN OR DRIZZLE
                        GRTST DEPTH:   0           7 = DUSTSTORM OR SANDSTORM:
                                                       VSBY 1/2 MILE OR LESS
                                                   8 = SMOKE OR HAZE
[NO. OF DAYS WITH]      [WEATHER - DAYS WITH]      9 = BLOWING SNOW
                                                   X = TORNADO
MAX 32 OR BELOW:   0    0.01 INCH OR MORE:   1
MAX 90 OR ABOVE:  17    0.10 INCH OR MORE:   0
MIN 32 OR BELOW:   0    0.50 INCH OR MORE:   0
MIN  0 OR BELOW:   0    1.00 INCH OR MORE:   0

[HDD (BASE 65) ]
TOTAL THIS MO.     0    CLEAR  (SCALE 0-3)  18
DPTR FM NORMAL     0    PTCLDY (SCALE 4-7)   1
TOTAL FM JUL 1  3259    CLOUDY (SCALE 8-10)  0
DPTR FM NORMAL  -405

[CDD (BASE 65) ]
TOTAL THIS MO.   367
DPTR FM NORMAL   138    [PRESSURE DATA]
TOTAL FM JAN 1   824    HIGHEST SLP M ON M
DPTR FM NORMAL   378    LOWEST  SLP 29.67 ON 11

[REMARKS]
