000
CXUS54 KEWX 160910
CF6HDO
PRELIMINARY LOCAL CLIMATOLOGICAL DATA (WS FORM: F-6)

                                          STATION:   HONDO
                                          MONTH:     DECEMBER
                                          YEAR:      2018
                                          LATITUDE:   29 21 N
                                          LONGITUDE:  99 10 W

  TEMPERATURE IN F:       :PCPN:    SNOW:  WIND      :SUNSHINE: SKY     :PK WND
================================================================================
1   2   3   4   5  6A  6B    7    8   9   10  11  12  13   14  15   16   17  18
                                     12Z  AVG MX 2MIN
DY MAX MIN AVG DEP HDD CDD  WTR  SNW DPTH SPD SPD DIR MIN PSBL S-S WX    SPD DR
================================================================================

 1  82  48  65  10   0   0 0.00    M    M 10.4 28 310   M    M   0        34 310
 2  80  44  62   8   3   0 0.00    M    M  7.2 14  50   M    M   0        19  30
 3  71  48  60   6   5   0 0.00    M    M  9.0 16  40   M    M   6        19  40
 4  63  43  53  -1  12   0 0.00    M    M  8.3 15  70   M    M   3        19 120
 5  57  49  53  -1  12   0 0.00    M    M  8.8 16  60   M    M  10        19  70
 6  64  54  59   6   6   0    T    M    M  4.3  8  10   M    M  10 1      10  60
 7  64  50  57   4   8   0 1.46    M    M 12.1 23  20   M    M  10 1      27  10
 8  55  40  48  -5  17   0 0.02    M    M 12.1 22 360   M    M   9        25 360
 9  61  35  48  -5  17   0 0.00    M    M  7.8 14 350   M    M   0        18  10
10  63  30  47  -5  18   0 0.00    M    M  4.3 12 260   M    M   0 8      16 270
11  61  33  47  -5  18   0 0.00    M    M  4.9 13 150   M    M   0        15 130
12  64  47  56   4   9   0 0.00    M    M  3.4 10 330   M    M   3 1      11 130
13  71  46  59   7   6   0 0.00    M    M 18.2 44 270   M    M   4 12     53 280
14  66  41  54   2  11   0 0.00    M    M 14.8 28 310   M    M   2        37 330
15  72  32  52   0  13   0 0.00    M    M  7.6 17 360   M    M   0        21  10
================================================================================
SM  994  640       155   0  1.48    M    133.2          M       57
================================================================================
AV 66.3 42.7                               8.9 FASTST   M    M   4    MAX(MPH)
                                 MISC ---->  # 44 270               # 53  280
================================================================================
NOTES:
# LAST OF SEVERAL OCCURRENCES

COLUMN 17 PEAK WIND IN M.P.H.

PRELIMINARY LOCAL CLIMATOLOGICAL DATA (WS FORM: F-6) , PAGE 2

                                          STATION:  HONDO
                                          MONTH:    DECEMBER
                                          YEAR:     2018
                                          LATITUDE:   29 21 N
                                          LONGITUDE:  99 10 W

[TEMPERATURE DATA]      [PRECIPITATION DATA]       SYMBOLS USED IN COLUMN 16

AVERAGE MONTHLY: 54.5   TOTAL FOR MONTH:   1.48    1 = FOG OR MIST
DPTR FM NORMAL:   1.5   DPTR FM NORMAL:    0.93    2 = FOG REDUCING VISIBILITY
HIGHEST:    82 ON  1    GRTST 24HR  1.46 ON  7- 7      TO 1/4 MILE OR LESS
LOWEST:     30 ON 10                               3 = THUNDER
                        SNOW, ICE PELLETS, HAIL    4 = ICE PELLETS
                        TOTAL MONTH:    M          5 = HAIL
                        GRTST 24HR    M  ON   M    6 = FREEZING RAIN OR DRIZZLE
                        GRTST DEPTH:  M  ON   M    7 = DUSTSTORM OR SANDSTORM:
                                                       VSBY 1/2 MILE OR LESS
                                                   8 = SMOKE OR HAZE
[NO. OF DAYS WITH]      [WEATHER - DAYS WITH]      9 = BLOWING SNOW
                                                   X = TORNADO
MAX 32 OR BELOW:   0    0.01 INCH OR MORE:   2
MAX 90 OR ABOVE:   0    0.10 INCH OR MORE:   1
MIN 32 OR BELOW:   2    0.50 INCH OR MORE:   1
MIN  0 OR BELOW:   0    1.00 INCH OR MORE:   1

[HDD (BASE 65) ]
TOTAL THIS MO.   155    CLEAR  (SCALE 0-3)   7
DPTR FM NORMAL   -30    PTCLDY (SCALE 4-7)   4
TOTAL FM JUL 1   422    CLOUDY (SCALE 8-10)  4
DPTR FM NORMAL     8

[CDD (BASE 65) ]
TOTAL THIS MO.     0
DPTR FM NORMAL    -3    [PRESSURE DATA]
TOTAL FM JAN 1  3546    HIGHEST SLP M ON M
DPTR FM NORMAL   625    LOWEST  SLP 29.62 ON  1

[REMARKS]
