000
CXUS54 KEWX 210910
CF6HDO
PRELIMINARY LOCAL CLIMATOLOGICAL DATA (WS FORM: F-6)

                                          STATION:   HONDO
                                          MONTH:     SEPTEMBER
                                          YEAR:      2018
                                          LATITUDE:   29 21 N
                                          LONGITUDE:  99 10 W

  TEMPERATURE IN F:       :PCPN:    SNOW:  WIND      :SUNSHINE: SKY     :PK WND
================================================================================
1   2   3   4   5  6A  6B    7    8   9   10  11  12  13   14  15   16   17  18
                                     12Z  AVG MX 2MIN
DY MAX MIN AVG DEP HDD CDD  WTR  SNW DPTH SPD SPD DIR MIN PSBL S-S WX    SPD DR
================================================================================

 1 100  73  87   5   0  22 0.00    M    M  7.5 21 140   M    M   2        28 130
 2 101  74  88   6   0  23 0.44    M    M  7.8 25 310   M    M   4 13     31 310
 3  92  73  83   1   0  18 0.94    M    M  6.9 20  90   M    M   8 13     24 100
 4  89  73  81  -1   0  16 2.60    M    M  7.4 25 180   M    M   4 138    32 180
 5  94  75  85   4   0  20    T    M    M  5.9 17 110   M    M   7 13     23 110
 6  91  75  83   2   0  18 0.21    M    M  6.3 17  80   M    M   6 13     22  70
 7  90  74  82   1   0  17 1.61    M    M  4.7 20 130   M    M   6 13     23 130
 8  81  74  78  -3   0  13 0.09    M    M  5.5 13 290   M    M   8 1      15 290
 9  83  72  78  -2   0  13 0.97    M    M  7.4 15  60   M    M   9 13     18  50
10  75  72  74  -6   0   9 0.46    M    M  7.9 13  50   M    M  10 1      16  40
11   M   M   M   M   M   M    T    M    M  6.8 10  50   M    M   8         M  M
12  90  72  81   1   0  16    T    M    M  7.7 15 110   M    M   7        19  80
13  92  73  83   4   0  18 0.09    M    M  7.4 22  60   M    M   5 1      26  60
14  89  74  82   3   0  17 0.30    M    M  9.6 26  80   M    M   9 18     34  80
15  80  75  78  -1   0  13 3.17    M    M 12.8 24  40   M    M  10 1      33  50
16  87  72  80   1   0  15 1.00    M    M  9.6 25 150   M    M   8 1      32 150
17  90  71  81   3   0  16 0.14    M    M  6.1 23 190   M    M   7 138    29 180
18  91  74  83   5   0  18 0.00    M    M  7.1 12 140   M    M   5        16 150
19  91  76  84   6   0  19 0.00    M    M  7.4 15 150   M    M   5 3      19 160
20   M   M   M   M   M   M    M    M    M   M   M   M   M    M   8         M  M
================================================================================
SM 1606 1322         0 301 12.02    M    141.8          M      136
================================================================================
AV 89.2 73.4                               7.5 FASTST   M    M   7    MAX(MPH)
                                 MISC ---->  # 26  80               # 34   80
================================================================================
NOTES:
# LAST OF SEVERAL OCCURRENCES

COLUMN 17 PEAK WIND IN M.P.H.

PRELIMINARY LOCAL CLIMATOLOGICAL DATA (WS FORM: F-6) , PAGE 2

                                          STATION:  HONDO
                                          MONTH:    SEPTEMBER
                                          YEAR:     2018
                                          LATITUDE:   29 21 N
                                          LONGITUDE:  99 10 W

[TEMPERATURE DATA]      [PRECIPITATION DATA]       SYMBOLS USED IN COLUMN 16

AVERAGE MONTHLY: 81.3   TOTAL FOR MONTH:  12.02    1 = FOG OR MIST
DPTR FM NORMAL:   1.3   DPTR FM NORMAL:   10.19    2 = FOG REDUCING VISIBILITY
HIGHEST:   101 ON  2    GRTST 24HR  3.17 ON 15-15      TO 1/4 MILE OR LESS
LOWEST:     71 ON 17                               3 = THUNDER
                        SNOW, ICE PELLETS, HAIL    4 = ICE PELLETS
                        TOTAL MONTH:    M          5 = HAIL
                        GRTST 24HR    M  ON   M    6 = FREEZING RAIN OR DRIZZLE
                        GRTST DEPTH:  M  ON   M    7 = DUSTSTORM OR SANDSTORM:
                                                       VSBY 1/2 MILE OR LESS
                                                   8 = SMOKE OR HAZE
[NO. OF DAYS WITH]      [WEATHER - DAYS WITH]      9 = BLOWING SNOW
                                                   X = TORNADO
MAX 32 OR BELOW:   0    0.01 INCH OR MORE:  13
MAX 90 OR ABOVE:  11    0.10 INCH OR MORE:  11
MIN 32 OR BELOW:   0    0.50 INCH OR MORE:   6
MIN  0 OR BELOW:   0    1.00 INCH OR MORE:   4

[HDD (BASE 65) ]
TOTAL THIS MO.     0    CLEAR  (SCALE 0-3)   1
DPTR FM NORMAL     0    PTCLDY (SCALE 4-7)  15
TOTAL FM JUL 1     0    CLOUDY (SCALE 8-10)  4
DPTR FM NORMAL     0

[CDD (BASE 65) ]
TOTAL THIS MO.   301
DPTR FM NORMAL     1    [PRESSURE DATA]
TOTAL FM JAN 1  3175    HIGHEST SLP M ON M
DPTR FM NORMAL   631    LOWEST  SLP 29.71 ON  2

[REMARKS]
