000
CXUS53 KBIS 240803
CF6HEI
PRELIMINARY LOCAL CLIMATOLOGICAL DATA (WS FORM: F-6)

                                          STATION:   HETTINGER ND
                                          MONTH:     JUNE
                                          YEAR:      2018
                                          LATITUDE:   46  0 N
                                          LONGITUDE: 102 39 W

  TEMPERATURE IN F:       :PCPN:    SNOW:  WIND      :SUNSHINE: SKY     :PK WND
================================================================================
1   2   3   4   5  6A  6B    7    8   9   10  11  12  13   14  15   16   17  18
                                     12Z  AVG MX 2MIN
DY MAX MIN AVG DEP HDD CDD  WTR  SNW DPTH SPD SPD DIR MIN PSBL S-S WX    SPD DR
================================================================================

 1  84  53  69  11   0   4    T    M    M 19.5 47 290   M    M   4 38     59 290
 2  72  45  59   1   6   0 0.00    M    M 23.0 40 290   M    M   3        50 290
 3  80  34  57  -1   8   0 0.00    M    M  6.3 17 200   M    M   1        23 200
 4  91  47  69  11   0   4 0.00    M    M  7.0 17 150   M    M   0        22 150
 5  90  54  72  13   0   7    T    M    M 12.2 33  20   M    M   0 3      40  20
 6  80  50  65   6   0   0 0.00    M    M 11.1 20 130   M    M   3        24 110
 7  83  55  69  10   0   4 0.08    M    M 14.4 32 260   M    M   5 13     39 260
 8  86  52  69   9   0   4 0.00    M    M  7.0 14 220   M    M   0        18 210
 9  91  54  73  13   0   8 0.00    M    M 10.5 37 160   M    M   1 1      47 160
10  90  56  73  13   0   8 0.04    M    M 18.2 32 150   M    M   4 3      43 150
11  76  49  63   2   2   0 0.11    M    M  9.9 17 340   M    M   6 3      37 210
12  71  38  55  -6  10   0 0.01    M    M 10.6 29 280   M    M   2        37 280
13  79  36  58  -3   7   0 0.00    M    M 12.4 24 140   M    M   0        32 130
14  94  54  74  12   0   9    T    M    M 11.8 26 240   M    M   1 38     39 230
15  80  53  67   5   0   2    T    M    M 12.4 22  50   M    M   1        27  40
16  59  54  57  -5   8   0 0.06    M    M 13.8 23  50   M    M   9 13     30  50
17  63  47  55  -7  10   0    T    M    M  9.6 17  30   M    M   9 1      22  30
18  67  43  55  -8  10   0 0.01    M    M  7.3 18 100   M    M   7 1      23 110
19  70  55  63   0   2   0    T    M    M  6.4 12  20   M    M  10        16  40
20  77  52  65   2   0   0 0.00    M    M  7.8 14  30   M    M   7 1      16  40
21  82  47  65   1   0   0 0.00    M    M  5.4 14 160   M    M   1 1      18 190
22  79  53  66   2   0   1 0.09    M    M  7.6 23 210   M    M   7 13     32 210
23  73  52  63  -1   2   0 0.34    M    M  2.8 20 240   M    M   8 123    24 260
================================================================================
SM 1817 1133        65  51  0.74    M    247.0          M       89
================================================================================
AV 79.0 49.3                              10.7 FASTST   M    M   4    MAX(MPH)
                                 MISC ---->  # 47 290               # 59  290
================================================================================
NOTES:
# LAST OF SEVERAL OCCURRENCES

COLUMN 17 PEAK WIND IN M.P.H.

PRELIMINARY LOCAL CLIMATOLOGICAL DATA (WS FORM: F-6) , PAGE 2

                                          STATION:  HETTINGER ND
                                          MONTH:    JUNE
                                          YEAR:     2018
                                          LATITUDE:   46  0 N
                                          LONGITUDE: 102 39 W

[TEMPERATURE DATA]      [PRECIPITATION DATA]       SYMBOLS USED IN COLUMN 16

AVERAGE MONTHLY: 64.1   TOTAL FOR MONTH:   0.74    1 = FOG OR MIST
DPTR FM NORMAL:   3.2   DPTR FM NORMAL:   -1.41    2 = FOG REDUCING VISIBILITY
HIGHEST:    94 ON 14    GRTST 24HR  0.34 ON 23-23      TO 1/4 MILE OR LESS
LOWEST:     34 ON  3                               3 = THUNDER
                        SNOW, ICE PELLETS, HAIL    4 = ICE PELLETS
                        TOTAL MONTH:    M          5 = HAIL
                        GRTST 24HR    M  ON   M    6 = FREEZING RAIN OR DRIZZLE
                        GRTST DEPTH:  M  ON   M    7 = DUSTSTORM OR SANDSTORM:
                                                       VSBY 1/2 MILE OR LESS
                                                   8 = SMOKE OR HAZE
[NO. OF DAYS WITH]      [WEATHER - DAYS WITH]      9 = BLOWING SNOW
                                                   X = TORNADO
MAX 32 OR BELOW:   0    0.01 INCH OR MORE:   8
MAX 90 OR ABOVE:   5    0.10 INCH OR MORE:   2
MIN 32 OR BELOW:   0    0.50 INCH OR MORE:   0
MIN  0 OR BELOW:   0    1.00 INCH OR MORE:   0

[HDD (BASE 65) ]
TOTAL THIS MO.    65    CLEAR  (SCALE 0-3)  12
DPTR FM NORMAL   -56    PTCLDY (SCALE 4-7)   8
TOTAL FM JUL 1  9031    CLOUDY (SCALE 8-10)  3
DPTR FM NORMAL   411

[CDD (BASE 65) ]
TOTAL THIS MO.    51
DPTR FM NORMAL    23    [PRESSURE DATA]
TOTAL FM JAN 1    84    HIGHEST SLP M ON M
DPTR FM NORMAL    51    LOWEST  SLP 29.44 ON 14

[REMARKS]
