815
CXUS53 KBIS 190803
CF6HEI
PRELIMINARY LOCAL CLIMATOLOGICAL DATA (WS FORM: F-6)

                                          STATION:   HETTINGER ND
                                          MONTH:     OCTOBER
                                          YEAR:      2019
                                          LATITUDE:   46  0 N
                                          LONGITUDE: 102 39 W

  TEMPERATURE IN F:       :PCPN:    SNOW:  WIND      :SUNSHINE: SKY     :PK WND
================================================================================
1   2   3   4   5  6A  6B    7    8   9   10  11  12  13   14  15   16   17  18
                                     12Z  AVG MX 2MIN
DY MAX MIN AVG DEP HDD CDD  WTR  SNW DPTH SPD SPD DIR MIN PSBL S-S WX    SPD DR
================================================================================

 1  40  34  37 -12  28   0 0.00    M    M  9.5 15 350   M    M   9        20 340
 2  37  31  34 -15  31   0 0.25    M    M  5.8 15  70   M    M  10 1      21  70
 3  49  31  40  -8  25   0 0.00    M    M  8.9 22 130   M    M   7 1      31 120
 4  54  36  45  -3  20   0 0.04    M    M 16.4 28 140   M    M  10 1      39 130
 5  58  41  50   3  15   0 0.19    M    M 19.8 35 300   M    M   4 1      48 300
 6  59  33  46  -1  19   0 0.00    M    M 16.0 31 280   M    M   1        43 270
 7  67  31  49   2  16   0 0.00    M    M  6.5 20 210   M    M   0        27 210
 8  78  32  55   9  10   0 0.00    M    M  4.8 23 340   M    M   0        33 340
 9  41  25  33 -13  32   0 0.06    M    M 17.7 28 330   M    M  10 1      38 330
10  27  23  25 -20  40   0    M    M    M 21.0 29 330   M    M  10 12     38 330
11  30  23  27 -18  38   0    M    M    M 25.5 38 300   M    M   4 18     49 300
12  39  27  33 -12  32   0 0.00    M    M 24.1 36 300   M    M   3        47 300
13  47  20  34 -10  31   0 0.00    M    M  7.0 16 290   M    M   0        21 290
14  58  22  40  -4  25   0 0.00    M    M  8.1 25 310   M    M   2        37 300
15  44  27  36  -7  29   0 0.00    M    M 12.1 26 300   M    M   7        36 310
16  62  28  45   2  20   0 0.00    M    M  5.8 15 190   M    M   0        20 200
17  65  28  47   4  18   0 0.00    M    M  7.5 23 140   M    M   0        32 140
18  56  30  43   1  22   0    T    M    M 11.9 26 290   M    M   1        35 310
================================================================================
SM  911  522       451   0  0.54    M    228.4          M       78
================================================================================
AV 50.6 29.0                              12.7 FASTST   M    M   4    MAX(MPH)
                                 MISC ---->  # 38 300               # 49  300
================================================================================
NOTES:
# LAST OF SEVERAL OCCURRENCES

COLUMN 17 PEAK WIND IN M.P.H.

PRELIMINARY LOCAL CLIMATOLOGICAL DATA (WS FORM: F-6) , PAGE 2

                                          STATION:  HETTINGER ND
                                          MONTH:    OCTOBER
                                          YEAR:     2019
                                          LATITUDE:   46  0 N
                                          LONGITUDE: 102 39 W

[TEMPERATURE DATA]      [PRECIPITATION DATA]       SYMBOLS USED IN COLUMN 16

AVERAGE MONTHLY: 39.8   TOTAL FOR MONTH:   0.54    1 = FOG OR MIST
DPTR FM NORMAL:  -5.8   DPTR FM NORMAL:   -0.07    2 = FOG REDUCING VISIBILITY
HIGHEST:    78 ON  8    GRTST 24HR  0.25 ON  2- 2      TO 1/4 MILE OR LESS
LOWEST:     20 ON 13                               3 = THUNDER
                        SNOW, ICE PELLETS, HAIL    4 = ICE PELLETS
                        TOTAL MONTH:    M          5 = HAIL
                        GRTST 24HR    M  ON   M    6 = FREEZING RAIN OR DRIZZLE
                        GRTST DEPTH:  M  ON   M    7 = DUSTSTORM OR SANDSTORM:
                                                       VSBY 1/2 MILE OR LESS
                                                   8 = SMOKE OR HAZE
[NO. OF DAYS WITH]      [WEATHER - DAYS WITH]      9 = BLOWING SNOW
                                                   X = TORNADO
MAX 32 OR BELOW:   2    0.01 INCH OR MORE:   4
MAX 90 OR ABOVE:   0    0.10 INCH OR MORE:   2
MIN 32 OR BELOW:  14    0.50 INCH OR MORE:   0
MIN  0 OR BELOW:   0    1.00 INCH OR MORE:   0

[HDD (BASE 65) ]
TOTAL THIS MO.   451    CLEAR  (SCALE 0-3)   8
DPTR FM NORMAL   102    PTCLDY (SCALE 4-7)   5
TOTAL FM JUL 1   808    CLOUDY (SCALE 8-10)  5
DPTR FM NORMAL    88

[CDD (BASE 65) ]
TOTAL THIS MO.     0
DPTR FM NORMAL     0    [PRESSURE DATA]
TOTAL FM JAN 1   270    HIGHEST SLP  0.00 ON M
DPTR FM NORMAL  -106    LOWEST  SLP 29.38 ON 18

[REMARKS]
