000
CXUS53 KBIS 270830
CF6HEI
PRELIMINARY LOCAL CLIMATOLOGICAL DATA (WS FORM: F-6)

                                          STATION:   HETTINGER ND
                                          MONTH:     MAY
                                          YEAR:      2020
                                          LATITUDE:   46  0 N
                                          LONGITUDE: 102 39 W

  TEMPERATURE IN F:       :PCPN:    SNOW:  WIND      :SUNSHINE: SKY     :PK WND
================================================================================
1   2   3   4   5  6A  6B    7    8   9   10  11  12  13   14  15   16   17  18
                                     12Z  AVG MX 2MIN
DY MAX MIN AVG DEP HDD CDD  WTR  SNW DPTH SPD SPD DIR MIN PSBL S-S WX    SPD DR
================================================================================

 1  65  38  52   4  13   0    T    M    M 17.7 33 300   M    M   3        47 300
 2  70  34  52   4  13   0 0.00    M    M  8.5 22 280   M    M   1        35 320
 3  70  31  51   3  14   0    T    M    M 11.7 26 110   M    M   2        35 120
 4  61  32  47  -2  18   0    T    M    M 14.2 26 300   M    M   5        36 320
 5  60  24  42  -7  23   0 0.05    M    M  9.9 30 340   M    M   3 1      42 340
 6  65  25  45  -4  20   0 0.00    M    M  6.3 15 140   M    M   1 1      22 140
 7  55  25  40 -10  25   0 0.10    M    M 11.3 23 100   M    M   5 1      33 100
 8  63  23  43  -7  22   0    T    M    M  5.0 18 310   M    M   3        26 310
 9  48  34  41  -9  24   0 0.01    M    M 21.3 46 320   M    M   9        66 320
10  50  26  38 -12  27   0 0.00    M    M  8.2 17 360   M    M   4        24 360
11  50  15  33 -18  32   0 0.00    M    M  4.4 13 140   M    M   5        19 140
12  41  36  39 -12  26   0    T    M    M 16.2 28 110   M    M  10 1      38 140
13  62  35  49  -3  16   0    T    M    M  5.4 15 130   M    M   7 1      20 130
14  66  35  51  -1  14   0 0.00    M    M 12.2 25 280   M    M   1        33 300
15  67  34  51  -1  14   0 0.00    M    M  9.1 20 150   M    M   2        29 180
16  61  33  47  -5  18   0    T    M    M  4.4 14 140   M    M   5 1      17 180
17  69  28  49  -4  16   0 0.00    M    M 11.3 23 140   M    M   0 12     32 140
18  67  47  57   4   8   0 0.00    M    M 22.3 35 140   M    M   0        48 150
19  81  50  66  13   0   1 0.00    M    M 19.0 28 120   M    M   0        38 130
20  76  55  66  12   0   1 0.00    M    M 19.4 35 130   M    M   1        50 140
21  78  47  63   9   2   0 0.00    M    M 11.5 31 210   M    M   0 1      41 230
22  82  49  66  12   0   1 0.00    M    M  7.5 18 220   M    M   3 12     26 200
23  73  51  62   7   3   0    T    M    M 13.0 28  60   M    M   4 3      35  50
24  52  36  44 -11  21   0    T    M    M 11.3 20 330   M    M   9 1      26 320
25  67  34  51  -4  14   0 0.00    M    M  4.5 15 330   M    M   6 1      20 330
26  76  32  54  -2  11   0 0.00    M    M  5.5 21 280   M    M   3 12     31 280
================================================================================
SM 1675  909       394   3  0.16    M    291.1          M       92
================================================================================
AV 64.4 35.0                              11.2 FASTST   M    M   4    MAX(MPH)
                                 MISC ---->  # 46 320               # 66  320
================================================================================
NOTES:
# LAST OF SEVERAL OCCURRENCES

COLUMN 17 PEAK WIND IN M.P.H.

PRELIMINARY LOCAL CLIMATOLOGICAL DATA (WS FORM: F-6) , PAGE 2

                                          STATION:  HETTINGER ND
                                          MONTH:    MAY
                                          YEAR:     2020
                                          LATITUDE:   46  0 N
                                          LONGITUDE: 102 39 W

[TEMPERATURE DATA]      [PRECIPITATION DATA]       SYMBOLS USED IN COLUMN 16

AVERAGE MONTHLY: 49.7   TOTAL FOR MONTH:   0.16    1 = FOG OR MIST
DPTR FM NORMAL:  -2.0   DPTR FM NORMAL:   -1.81    2 = FOG REDUCING VISIBILITY
HIGHEST:    82 ON 22    GRTST 24HR  0.10 ON  7- 7      TO 1/4 MILE OR LESS
LOWEST:     15 ON 11                               3 = THUNDER
                        SNOW, ICE PELLETS, HAIL    4 = ICE PELLETS
                        TOTAL MONTH:    M          5 = HAIL
                        GRTST 24HR    M  ON   M    6 = FREEZING RAIN OR DRIZZLE
                        GRTST DEPTH:  M  ON   M    7 = DUSTSTORM OR SANDSTORM:
                                                       VSBY 1/2 MILE OR LESS
                                                   8 = SMOKE OR HAZE
[NO. OF DAYS WITH]      [WEATHER - DAYS WITH]      9 = BLOWING SNOW
                                                   X = TORNADO
MAX 32 OR BELOW:   0    0.01 INCH OR MORE:   3
MAX 90 OR ABOVE:   0    0.10 INCH OR MORE:   1
MIN 32 OR BELOW:  10    0.50 INCH OR MORE:   0
MIN  0 OR BELOW:   0    1.00 INCH OR MORE:   0

[HDD (BASE 65) ]
TOTAL THIS MO.   394    CLEAR  (SCALE 0-3)  14
DPTR FM NORMAL    43    PTCLDY (SCALE 4-7)   9
TOTAL FM JUL 1  8535    CLOUDY (SCALE 8-10)  3
DPTR FM NORMAL    80

[CDD (BASE 65) ]
TOTAL THIS MO.     3
DPTR FM NORMAL     3    [PRESSURE DATA]
TOTAL FM JAN 1     3    HIGHEST SLP M ON M
DPTR FM NORMAL     3    LOWEST  SLP 29.10 ON  1

[REMARKS]
