000
CXUS53 KBIS 230803
CF6HEI
PRELIMINARY LOCAL CLIMATOLOGICAL DATA (WS FORM: F-6)

                                          STATION:   HETTINGER ND
                                          MONTH:     SEPTEMBER
                                          YEAR:      2018
                                          LATITUDE:   46  0 N
                                          LONGITUDE: 102 39 W

  TEMPERATURE IN F:       :PCPN:    SNOW:  WIND      :SUNSHINE: SKY     :PK WND
================================================================================
1   2   3   4   5  6A  6B    7    8   9   10  11  12  13   14  15   16   17  18
                                     12Z  AVG MX 2MIN
DY MAX MIN AVG DEP HDD CDD  WTR  SNW DPTH SPD SPD DIR MIN PSBL S-S WX    SPD DR
================================================================================

 1  86  37  62  -2   3   0 0.00    M    M  9.5 23 180   M    M   1        30 180
 2  76  48  62  -1   3   0 0.00    M    M  9.1 16 130   M    M   1        20 130
 3  88  53  71   8   0   6 0.00    M    M 12.8 24 150   M    M   1        35 150
 4  72  51  62   0   3   0 0.00    M    M 14.3 23 360   M    M   2        32 360
 5  71  48  60  -2   5   0 0.00    M    M 11.0 20 120   M    M   5        25 120
 6  88  52  70   9   0   5 0.00    M    M 12.0 25 160   M    M   M        33 150
 7  89  46  68   7   0   3 0.00    M    M  6.5 17 160   M    M   0        23 160
 8  86  56  71  11   0   6 0.00    M    M 15.4 28 150   M    M   0        38 140
 9  86  46  66   6   0   1 0.00    M    M  7.8 20 350   M    M   0 1      29 340
10  85  43  64   5   1   0 0.00    M    M  9.8 20 140   M    M   0 1      25 140
11  81  50  66   7   0   1 0.00    M    M 12.8 33 330   M    M   0        41 330
12  78  47  63   5   2   0    T    M    M 13.3 22 330   M    M   2 3      31  30
13  76  42  59   1   6   0 0.00    M    M  9.5 18 330   M    M   0 1      24 330
14  74  51  63   6   2   0    T    M    M  9.2 17  90   M    M   7        21  80
15  66  55  61   4   4   0 0.00    M    M 11.1 16 120   M    M  10 1      20 110
16  79  49  64   8   1   0 0.00    M    M 14.4 29 300   M    M   1 1      37 300
17  71  39  55  -1  10   0 0.00    M    M  6.8 12  50   M    M   3 1      15  70
18  70  37  54  -1  11   0    T    M    M  7.3 21  80   M    M   2 1      27  70
19  57  46  52  -3  13   0 0.04    M    M 12.9 21  80   M    M   9        25  60
20  51  38  45  -9  20   0 0.92    M    M 11.1 22  90   M    M  10 1      28  80
21  57  37  47  -7  18   0 0.00    M    M  9.0 20 330   M    M   5        24 340
22  78  36  57   4   8   0 0.00    M    M  6.5 22  50   M    M   0 1      26  50
================================================================================
SM 1665 1007       110  22  0.96    M    232.1          M       59
================================================================================
AV 75.7 45.8                              10.6 FASTST   M    M   3    MAX(MPH)
                                 MISC ---->  # 33 330               # 41  330
================================================================================
NOTES:
# LAST OF SEVERAL OCCURRENCES

COLUMN 17 PEAK WIND IN M.P.H.

PRELIMINARY LOCAL CLIMATOLOGICAL DATA (WS FORM: F-6) , PAGE 2

                                          STATION:  HETTINGER ND
                                          MONTH:    SEPTEMBER
                                          YEAR:     2018
                                          LATITUDE:   46  0 N
                                          LONGITUDE: 102 39 W

[TEMPERATURE DATA]      [PRECIPITATION DATA]       SYMBOLS USED IN COLUMN 16

AVERAGE MONTHLY: 60.7   TOTAL FOR MONTH:   0.96    1 = FOG OR MIST
DPTR FM NORMAL:   2.2   DPTR FM NORMAL:   -0.36    2 = FOG REDUCING VISIBILITY
HIGHEST:    89 ON  7    GRTST 24HR  0.92 ON 20-20      TO 1/4 MILE OR LESS
LOWEST:     36 ON 22                               3 = THUNDER
                        SNOW, ICE PELLETS, HAIL    4 = ICE PELLETS
                        TOTAL MONTH:    M          5 = HAIL
                        GRTST 24HR    M  ON   M    6 = FREEZING RAIN OR DRIZZLE
                        GRTST DEPTH:  M  ON   M    7 = DUSTSTORM OR SANDSTORM:
                                                       VSBY 1/2 MILE OR LESS
                                                   8 = SMOKE OR HAZE
[NO. OF DAYS WITH]      [WEATHER - DAYS WITH]      9 = BLOWING SNOW
                                                   X = TORNADO
MAX 32 OR BELOW:   0    0.01 INCH OR MORE:   2
MAX 90 OR ABOVE:   0    0.10 INCH OR MORE:   1
MIN 32 OR BELOW:   0    0.50 INCH OR MORE:   1
MIN  0 OR BELOW:   0    1.00 INCH OR MORE:   0

[HDD (BASE 65) ]
TOTAL THIS MO.   110    CLEAR  (SCALE 0-3)  14
DPTR FM NORMAL   -61    PTCLDY (SCALE 4-7)   4
TOTAL FM JUL 1   209    CLOUDY (SCALE 8-10)  3
DPTR FM NORMAL   -52

[CDD (BASE 65) ]
TOTAL THIS MO.    22
DPTR FM NORMAL    -2    [PRESSURE DATA]
TOTAL FM JAN 1   396    HIGHEST SLP M ON M
DPTR FM NORMAL    23    LOWEST  SLP 29.59 ON M

[REMARKS]
