000
CXUS54 KJAN 221414
CF6HEZ
PRELIMINARY LOCAL CLIMATOLOGICAL DATA (WS FORM: F-6)

                                          STATION:   NATCHEZ
                                          MONTH:     JANUARY
                                          YEAR:      2019
                                          LATITUDE:   31 37 N
                                          LONGITUDE:  91 15 W

  TEMPERATURE IN F:       :PCPN:    SNOW:  WIND      :SUNSHINE: SKY     :PK WND
================================================================================
1   2   3   4   5  6A  6B    7    8   9   10  11  12  13   14  15   16   17  18
                                     12Z  AVG MX 2MIN
DY MAX MIN AVG DEP HDD CDD  WTR  SNW DPTH SPD SPD DIR MIN PSBL S-S WX    SPD DR
================================================================================

 1  62  52  57   M   8   0 0.00  0.0    0  6.8 12 340   M    M   5         M  M
 2  53  46  50   M  15   0 2.69    M    0  8.5 12  20   M    M  10 1      22  20
 3  59  45  52   M  13   0 1.99    M    0  6.6 14 140   M    M  10 1      22 140
 4  48  41  45   M  20   0 0.01    M    0  8.8 15 250   M    M   9 1      22 250
 5  62  32  47   M  18   0    T    M    M  2.2  7 250   M    M   2 12      M  M
 6  70  36  53   M  12   0 0.00  0.0    0  3.5 10 150   M    M   0         M  M
 7  71  48  60   M   5   0 0.00  0.0    0  8.0 14 200   M    M   5 1      24 210
 8  76  56  66   M   0   1 0.00  0.0    0  7.5 13 360   M    M   5        21 360
 9  58  36  47   M  18   0 0.00  0.0    0  9.2 20  10   M    M   0        31 350
10  52  27  40   M  25   0 0.00  0.0    0  3.7 12 350   M    M   0         M  M
11  62  32  47   M  18   0 0.00  0.0    0  4.5  9 120   M    M   0 8       M  M
12  62  46  54   M  11   0 0.46  0.0    0  8.5 15 140   M    M   7 1      21 320
13  47  40  44   M  21   0 0.00  0.0    0  9.4 13 360   M    M   9         M  M
14  41  39  40   M  25   0 0.00  0.0    0  7.7 12 340   M    M  10         M  M
15  48  37  43   M  22   0 0.00  0.0    0  3.1  7 290   M    M   6         M  M
16  57  38  48   M  17   0 0.00  0.0    0  2.3 10 160   M    M   8         M  M
17  67  49  58   M   7   0    T    M    0  6.1 12 180   M    M   9 12     17 180
18  66  50  58   M   7   0 0.01  0.0    0  8.0 14 180   M    M   9 12      M  M
19  68  36  52   M  13   0 0.70    M    0 15.7 23 310   M    M  10 13     36 290
20  42  28  35   M  30   0    T    M    0  7.7 16 330   M    M   5        25 330
21  56  26  41   M  24   0 0.00  0.0    0  6.9 15 140   M    M   1         M  M
================================================================================
SM 1227  840       329   1  5.86     0.0 144.7          M      120
================================================================================
AV 58.4 40.0                               6.9 FASTST   M    M   6    MAX(MPH)
                                 MISC ---->  # 23 310               # 36  290
================================================================================
NOTES:
# LAST OF SEVERAL OCCURRENCES

COLUMN 17 PEAK WIND IN M.P.H.

PRELIMINARY LOCAL CLIMATOLOGICAL DATA (WS FORM: F-6) , PAGE 2

                                          STATION:  NATCHEZ
                                          MONTH:    JANUARY
                                          YEAR:     2019
                                          LATITUDE:   31 37 N
                                          LONGITUDE:  91 15 W

[TEMPERATURE DATA]      [PRECIPITATION DATA]       SYMBOLS USED IN COLUMN 16

AVERAGE MONTHLY: 49.2   TOTAL FOR MONTH:   5.86    1 = FOG OR MIST
DPTR FM NORMAL:     M   DPTR FM NORMAL:       M    2 = FOG REDUCING VISIBILITY
HIGHEST:    76 ON  8    GRTST 24HR  2.69 ON  2- 2      TO 1/4 MILE OR LESS
LOWEST:     26 ON 21                               3 = THUNDER
                        SNOW, ICE PELLETS, HAIL    4 = ICE PELLETS
                        TOTAL MONTH:   0.0 INCH    5 = HAIL
                        GRTST 24HR     0.0         6 = FREEZING RAIN OR DRIZZLE
                        GRTST DEPTH:   0           7 = DUSTSTORM OR SANDSTORM:
                                                       VSBY 1/2 MILE OR LESS
                                                   8 = SMOKE OR HAZE
[NO. OF DAYS WITH]      [WEATHER - DAYS WITH]      9 = BLOWING SNOW
                                                   X = TORNADO
MAX 32 OR BELOW:   0    0.01 INCH OR MORE:   6
MAX 90 OR ABOVE:   0    0.10 INCH OR MORE:   4
MIN 32 OR BELOW:   5    0.50 INCH OR MORE:   3
MIN  0 OR BELOW:   0    1.00 INCH OR MORE:   2

[HDD (BASE 65) ]
TOTAL THIS MO.   329    CLEAR  (SCALE 0-3)   6
DPTR FM NORMAL     M    PTCLDY (SCALE 4-7)   7
TOTAL FM JUL 1  1120    CLOUDY (SCALE 8-10)  8
DPTR FM NORMAL     M

[CDD (BASE 65) ]
TOTAL THIS MO.     1
DPTR FM NORMAL     M    [PRESSURE DATA]
TOTAL FM JAN 1     1    HIGHEST SLP M ON M
DPTR FM NORMAL     M    LOWEST  SLP M ON M

[REMARKS]
