340
CXUS51 KLWX 200815
CF6HGR
PRELIMINARY LOCAL CLIMATOLOGICAL DATA (WS FORM: F-6)

                                          STATION:   HAGERSTOWN MD
                                          MONTH:     MAY
                                          YEAR:      2024
                                          LATITUDE:   39 42 N
                                          LONGITUDE:  77 43 W

  TEMPERATURE IN F:       :PCPN:    SNOW:  WIND      :SUNSHINE: SKY     :PK WND
================================================================================
1   2   3   4   5  6A  6B    7    8   9   10  11  12  13   14  15   16   17  18
                                     12Z  AVG MX 2MIN
DY MAX MIN AVG DEP HDD CDD  WTR  SNW DPTH SPD SPD DIR MIN PSBL S-S WX    SPD DR
================================================================================

 1  82  58  70  10   0   5 0.00    M    M  4.3 14 310   M    M   1        22 270
 2  90  59  75  15   0  10 0.00    M    M  6.2 16 280   M    M   0        21 290
 3  78  58  68   7   0   3 0.00    M    M  8.5 15 110   M    M   1        22 130
 4  58  52  55  -6  10   0 0.30    M    M  5.8 10 120   M    M  10 1      13 110
 5  64  51  58  -3   7   0 0.36    M    M  4.4 10 350   M    M  10 1      12 360
 6  72  57  65   3   0   0    T    M    M  2.3  8 330   M    M   9 12     11 330
 7  81  64  73  11   0   8 0.00    M    M  4.9  9 220   M    M   7 18     14 190
 8  88  68  78  16   0  13 0.00    M    M  8.0 21 300   M    M   1        29 270
 9  70  56  63   1   2   0 0.40    M    M  5.8 16 180   M    M   7 13     20 180
10  57  50  54  -9  11   0 0.50    M    M  7.1 14  70   M    M  10 1      18  60
11  62  49  56  -7   9   0 0.36    M    M  6.3 15 270   M    M   8 13     22 150
12  65  49  57  -6   8   0    T    M    M  8.4 22 300   M    M   7 1      31 310
13  77  46  62  -2   3   0 0.00    M    M  8.0 16 160   M    M   0        22 170
14  65  59  62  -2   3   0 0.06    M    M  8.3 18 170   M    M   7 1      25 160
15  67  59  63  -1   2   0 0.02    M    M  5.9 12  30   M    M  10 1      16  60
16  79  53  66   2   0   1 0.00    M    M  7.0 17 340   M    M   4 12     24 330
17  68  59  64  -1   1   0 0.01    M    M  5.5 12 150   M    M   9        16 160
18  67  60  64  -1   1   0 0.25    M    M  4.8 10 160   M    M  10 1      15 170
19  75  61  68   3   0   3 0.00    M    M  2.4  8 270   M    M   7 18     11 260
================================================================================
SM 1365 1068        57  43  2.26    M    113.9          M      118
================================================================================
AV 71.8 56.2                               6.0 FASTST   M    M   6    MAX(MPH)
                                 MISC ---->    22 300                 31 310
================================================================================
NOTES:
# LAST OF SEVERAL OCCURRENCES

COLUMN 17 PEAK WIND IN M.P.H.

PRELIMINARY LOCAL CLIMATOLOGICAL DATA (WS FORM: F-6) , PAGE 2

                                          STATION:   HAGERSTOWN MD
                                          MONTH:     MAY
                                          YEAR:      2024
                                          LATITUDE:   39 42 N
                                          LONGITUDE:  77 43 W

[TEMPERATURE DATA]      [PRECIPITATION DATA]       SYMBOLS USED IN COLUMN 16

AVERAGE MONTHLY: 64.0   TOTAL FOR MONTH:   2.26    1 = FOG OR MIST
DPTR FM NORMAL:   1.3   DPTR FM NORMAL:    0.09    2 = FOG REDUCING VISIBILITY
HIGHEST:    90 ON  2    GRTST 24HR  0.88 ON  9-10      TO 1/4 MILE OR LESS
LOWEST:     46 ON 13                               3 = THUNDER
                        SNOW, ICE PELLETS, HAIL    4 = ICE PELLETS
                        TOTAL MONTH:  M            5 = HAIL
                        GRTST 24HR    M  ON   M    6 = FREEZING RAIN OR DRIZZLE
                        GRTST DEPTH:  M  ON   M    7 = DUSTSTORM OR SANDSTORM:
                                                       VSBY 1/2 MILE OR LESS
                                                   8 = SMOKE OR HAZE
[NO. OF DAYS WITH]      [WEATHER - DAYS WITH]      9 = BLOWING SNOW
                                                   X = TORNADO
MAX 32 OR BELOW:   0    0.01 INCH OR MORE:   9
MAX 90 OR ABOVE:   1    0.10 INCH OR MORE:   6
MIN 32 OR BELOW:   0    0.50 INCH OR MORE:   1
MIN  0 OR BELOW:   0    1.00 INCH OR MORE:   0

[HDD (BASE 65) ]
TOTAL THIS MO.    57    CLEAR  (SCALE 0-3)   5
DPTR FM NORMAL   -27    PTCLDY (SCALE 4-7)   7
TOTAL FM JUL 1  4062    CLOUDY (SCALE 8-10)  7
DPTR FM NORMAL  -617

[CDD (BASE 65) ]
TOTAL THIS MO.    43
DPTR FM NORMAL     0    [PRESSURE DATA]
TOTAL FM JAN 1    76    HIGHEST SLP M ON M
DPTR FM NORMAL    12    LOWEST  SLP 29.63 ON  8

[REMARKS]