527
CXUS51 KLWX 250620
CF6HGR
PRELIMINARY LOCAL CLIMATOLOGICAL DATA (WS FORM: F-6)

                                          STATION:   HAGERSTOWN MD
                                          MONTH:     SEPTEMBER
                                          YEAR:      2018
                                          LATITUDE:   39 42 N
                                          LONGITUDE:  77 43 W

  TEMPERATURE IN F:       :PCPN:    SNOW:  WIND      :SUNSHINE: SKY     :PK WND
================================================================================
1   2   3   4   5  6A  6B    7    8   9   10  11  12  13   14  15   16   17  18
                                     12Z  AVG MX 2MIN
DY MAX MIN AVG DEP HDD CDD  WTR  SNW DPTH SPD SPD DIR MIN PSBL S-S WX    SPD DR
================================================================================

 1  83  72  78   7   0  13 0.71    M    M  5.6 22 170   M    M   9 18     27 160
 2  88  73  81  11   0  16 0.00    M    M  3.5  8 200   M    M   6 1      11 200
 3  94  72  83  13   0  18 0.00    M    M  1.8  8 260   M    M   1        11 220
 4  95  73  84  14   0  19 0.00    M    M  2.9  9 120   M    M   1 18     13 160
 5  93  75  84  14   0  19 0.00    M    M  4.2 12 190   M    M   1 18     16 230
 6  94  74  84  15   0  19 0.00    M    M  4.9 24 360   M    M   1 3      32 320
 7  91  70  81  12   0  16 0.77    M    M  4.1 20 320   M    M   4 138    25 330
 8  74  57  66  -3   0   1 0.87    M    M  9.4 20  10   M    M  10 1      27  10
 9  61  56  59  -9   6   0 2.89    M    M  8.5 14  60   M    M  10 1      20  50
10  63  58  61  -7   4   0 0.50    M    M  5.8 12  70   M    M  10 1      15  70
11  71  63  67  -1   0   2 0.00    M    M  5.1 10 350   M    M  10 12     13 340
12  78  66  72   5   0   7    T    M    M  3.6  8 340   M    M   9 18     10 350
13  84  72  78  11   0  13 0.06    M    M  4.9 13  80   M    M   9 138    17 120
14  80  73  77  11   0  12    T    M    M  8.0 14  50   M    M  10 1      17  60
15  83  70  77  11   0  12 0.00    M    M  6.0 12  30   M    M   9        14  30
16  83  68  76  10   0  11 0.00    M    M  6.3 12 130   M    M   2 18     15  70
17  80  71  76  11   0  11 0.16    M    M  9.2 20 170   M    M   8 18     26 150
18  85  71  78  13   0  13 0.02    M    M  6.3 20 350   M    M   5 1      24 330
19  86  66  76  11   0  11 0.00    M    M  4.1 13 330   M    M   0        18 330
20  83  63  73   9   0   8 0.00    M    M  6.0 15 160   M    M   2 1      22 160
21  77  71  74  10   0   9 0.00    M    M 11.2 20 330   M    M   8 18     28 330
22  76  60  68   5   0   3 0.03    M    M  7.1 15 320   M    M   4 1      19 350
23  64  58  61  -2   4   0    M    M    M  4.0  9  20   M    M   9 18     10  60
24  66  61  64   2   1   0    M    M    M  6.1 12 110   M    M  10 1      16 110
================================================================================
SM 1932 1613        15 233  6.01    M    138.6          M      148
================================================================================
AV 80.5 67.2                               5.8 FASTST   M    M   6    MAX(MPH)
                                 MISC ---->  # 24 360               # 32  320
================================================================================
NOTES:
# LAST OF SEVERAL OCCURRENCES

COLUMN 17 PEAK WIND IN M.P.H.

PRELIMINARY LOCAL CLIMATOLOGICAL DATA (WS FORM: F-6) , PAGE 2

                                          STATION:  HAGERSTOWN MD
                                          MONTH:    SEPTEMBER
                                          YEAR:     2018
                                          LATITUDE:   39 42 N
                                          LONGITUDE:  77 43 W

[TEMPERATURE DATA]      [PRECIPITATION DATA]       SYMBOLS USED IN COLUMN 16

AVERAGE MONTHLY: 73.9   TOTAL FOR MONTH:   6.01    1 = FOG OR MIST
DPTR FM NORMAL:   7.0   DPTR FM NORMAL:    3.18    2 = FOG REDUCING VISIBILITY
HIGHEST:    95 ON  4    GRTST 24HR  2.89 ON  9- 9      TO 1/4 MILE OR LESS
LOWEST:     56 ON  9                               3 = THUNDER
                        SNOW, ICE PELLETS, HAIL    4 = ICE PELLETS
                        TOTAL MONTH:    M          5 = HAIL
                        GRTST 24HR    M  ON   M    6 = FREEZING RAIN OR DRIZZLE
                        GRTST DEPTH:  M  ON   M    7 = DUSTSTORM OR SANDSTORM:
                                                       VSBY 1/2 MILE OR LESS
                                                   8 = SMOKE OR HAZE
[NO. OF DAYS WITH]      [WEATHER - DAYS WITH]      9 = BLOWING SNOW
                                                   X = TORNADO
MAX 32 OR BELOW:   0    0.01 INCH OR MORE:   9
MAX 90 OR ABOVE:   5    0.10 INCH OR MORE:   6
MIN 32 OR BELOW:   0    0.50 INCH OR MORE:   5
MIN  0 OR BELOW:   0    1.00 INCH OR MORE:   1

[HDD (BASE 65) ]
TOTAL THIS MO.    15    CLEAR  (SCALE 0-3)   7
DPTR FM NORMAL   -23    PTCLDY (SCALE 4-7)   5
TOTAL FM JUL 1    15    CLOUDY (SCALE 8-10) 12
DPTR FM NORMAL   -28

[CDD (BASE 65) ]
TOTAL THIS MO.   233
DPTR FM NORMAL   148    [PRESSURE DATA]
TOTAL FM JAN 1  1464    HIGHEST SLP M ON M
DPTR FM NORMAL   511    LOWEST  SLP 29.76 ON 18

[REMARKS]
