000
CXUS54 KHGX 310724
CF6HGX
PRELIMINARY LOCAL CLIMATOLOGICAL DATA (WS FORM: F-6)

                                          STATION:   DICKINSON  WFO
                                          MONTH:     OCTOBER
                                          YEAR:      2020
                                          LATITUDE:   29 28 N
                                          LONGITUDE:  95  5 W

  TEMPERATURE IN F:       :PCPN:    SNOW:  WIND      :SUNSHINE: SKY     :PK WND
================================================================================
1   2   3   4   5  6A  6B    7    8   9   10  11  12  13   14  15   16   17  18
                                     12Z  AVG MX 2MIN
DY MAX MIN AVG DEP HDD CDD  WTR  SNW DPTH SPD SPD DIR MIN PSBL S-S WX    SPD DR
================================================================================

 1  85  56  71  -3   0   6 0.00    M    M   M   M   M   M    M   M         M  M
 2  81  60  71  -3   0   6 0.00    M    M   M   M   M   M    M   M         M  M
 3  82  59  71  -2   0   6 0.00    M    M   M   M   M   M    M   M         M  M
 4  85  61  73   0   0   8 0.00    M    M   M   M   M   M    M   M         M  M
 5  82  59  71  -2   0   6 0.00  0.0    0   M   M   M   M    M   M         M  M
 6  83  63  73   1   0   8 0.00  0.0    0   M   M   M   M    M   M         M  M
 7  86  62  74   2   0   9 0.00  0.0    0   M   M   M   M    M   M         M  M
 8  81  74  78   6   0  13 0.01  0.0    0   M   M   M   M    M   M         M  M
 9  79  72  76   4   0  11 0.70  0.0    0   M   M   M   M    M   M         M  M
10  91  67  79   8   0  14 0.00  0.0    0   M   M   M   M    M   M         M  M
11  91  76  84  13   0  19 0.00  0.0    0   M   M   M   M    M   M         M  M
12  91  76  84  13   0  19 0.00  0.0    0   M   M   M   M    M   M         M  M
13  86  71  79   9   0  14 0.00  0.0    0   M   M   M   M    M   M 1       M  M
14  86  68  77   7   0  12 0.00  0.0    0   M   M   M   M    M   M 1       M  M
15  88  72  80  10   0  15 0.00  0.0    0   M   M   M   M    M   M         M  M
16  78  57  68  -2   0   3 0.07  0.0    0   M   M   M   M    M   M         M  M
17  81  65  73   3   0   8 0.00  0.0    M   M   M   M   M    M   M         M  M
18  86  65  76   7   0  11 0.00  0.0    M   M   M   M   M    M   M         M  M
19  86  76  81  12   0  16 0.00  0.0    0   M   M   M   M    M   M         M  M
20  85  71  78   9   0  13 0.00  0.0    0   M   M   M   M    M   M         M  M
21  85  71  78  10   0  13 0.00  0.0    0   M   M   M   M    M   M         M  M
22  84  72  78  10   0  13 0.00  0.0    0   M   M   M   M    M   M         M  M
23  87  60  74   6   0   9 0.27  0.0    0   M   M   M   M    M   M         M  M
24  71  55  63  -5   2   0 0.00  0.0    0   M   M   M   M    M   M         M  M
25  75  62  69   1   0   4 0.02  0.0    0   M   M   M   M    M   M         M  M
26  81  72  77  10   0  12    T  0.0    0   M   M   M   M    M   M         M  M
27  76  62  69   2   0   4 0.26  0.0    0   M   M   M   M    M   M         M  M
28  68  49  59  -8   6   0 0.09  0.0    0   M   M   M   M    M   M         M  M
29  65  45  55 -11  10   0 0.00  0.0    0   M   M   M   M    M   M         M  M
30  68  48  58  -8   7   0 0.00  0.0    0   M   M   M   M    M   M         M  M
================================================================================
SM 2453 1926        25 272  1.42     0.0     M          M        M
================================================================================
AV 81.8 64.2                                 M FASTST   M    M   5    MAX(MPH)
                                 MISC ---->     M   M                  M    M
================================================================================
NOTES:
# LAST OF SEVERAL OCCURRENCES

COLUMN 17 PEAK WIND IN M.P.H.

PRELIMINARY LOCAL CLIMATOLOGICAL DATA (WS FORM: F-6) , PAGE 2

                                          STATION:  DICKINSON  WFO
                                          MONTH:    OCTOBER
                                          YEAR:     2020
                                          LATITUDE:   29 28 N
                                          LONGITUDE:  95  5 W

[TEMPERATURE DATA]      [PRECIPITATION DATA]       SYMBOLS USED IN COLUMN 16

AVERAGE MONTHLY: 73.0   TOTAL FOR MONTH:   1.42    1 = FOG OR MIST
DPTR FM NORMAL:   3.1   DPTR FM NORMAL:   -4.33    2 = FOG REDUCING VISIBILITY
HIGHEST:    91 ON 12,11 GRTST 24HR  0.70 ON  9- 9      TO 1/4 MILE OR LESS
LOWEST:     45 ON 29                               3 = THUNDER
                        SNOW, ICE PELLETS, HAIL    4 = ICE PELLETS
                        TOTAL MONTH:   0.0 INCH    5 = HAIL
                        GRTST 24HR     0.0         6 = FREEZING RAIN OR DRIZZLE
                        GRTST DEPTH:   0           7 = DUSTSTORM OR SANDSTORM:
                                                       VSBY 1/2 MILE OR LESS
                                                   8 = SMOKE OR HAZE
[NO. OF DAYS WITH]      [WEATHER - DAYS WITH]      9 = BLOWING SNOW
                                                   X = TORNADO
MAX 32 OR BELOW:   0    0.01 INCH OR MORE:   7
MAX 90 OR ABOVE:   3    0.10 INCH OR MORE:   3
MIN 32 OR BELOW:   0    0.50 INCH OR MORE:   1
MIN  0 OR BELOW:   0    1.00 INCH OR MORE:   0

[HDD (BASE 65) ]
TOTAL THIS MO.    25    CLEAR  (SCALE 0-3)   0
DPTR FM NORMAL    -7    PTCLDY (SCALE 4-7)   0
TOTAL FM JUL 1    25    CLOUDY (SCALE 8-10)  0
DPTR FM NORMAL    -8

[CDD (BASE 65) ]
TOTAL THIS MO.   272
DPTR FM NORMAL    92    [PRESSURE DATA]
TOTAL FM JAN 1  3450    HIGHEST SLP M ON M
DPTR FM NORMAL   849    LOWEST  SLP M ON M

[REMARKS]
