000
CXUS54 KLZK 231130
CF6LLQ
PRELIMINARY LOCAL CLIMATOLOGICAL DATA (WS FORM: F-6)

                                          STATION:   Monticello
                                          MONTH:     JANUARY
                                          YEAR:      2019
                                          LATITUDE:   33 37 N
                                          LONGITUDE:  91 45 W

  TEMPERATURE IN F:       :PCPN:    SNOW:  WIND      :SUNSHINE: SKY     :PK WND
================================================================================
1   2   3   4   5  6A  6B    7    8   9   10  11  12  13   14  15   16   17  18
                                     12Z  AVG MX 2MIN
DY MAX MIN AVG DEP HDD CDD  WTR  SNW DPTH SPD SPD DIR MIN PSBL S-S WX    SPD DR
================================================================================

 1  53  38  46   3  19   0 0.00  0.0    0  4.4 14  40   M    M   4 1      21  50
 2  46  41  44   1  21   0 0.63  0.0    0  5.0 13  40   M    M  10 1      18  50
 3  48  41  45   2  20   0 0.85    M    0  8.4 21  70   M    M  10 1      26  70
 4  46  41  44   1  21   0 0.01    M    0  9.1 17 270   M    M   9 1      24 240
 5  63  33  48   5  17   0 0.00  0.0    0  3.5  9 210   M    M   0 1      13 250
 6  69  40  55  12  10   0 0.00  0.0    0  5.2 12 170   M    M   0        16 170
 7  66  52  59  16   6   0 0.00  0.0    0  9.2 22 190   M    M   6        30 190
 8  72  50  61  18   4   0 0.00  0.0    0  5.1 13 280   M    M   4 1      17  60
 9  57  36  47   4  18   0 0.00  0.0    0  5.1 16 330   M    M   0        30 320
10  49  31  40  -3  25   0 0.00  0.0    0  4.6 13  50   M    M   1        15  40
11  49  38  44   1  21   0 0.00  0.0    0  6.0 10  90   M    M  10        15 110
12  58  44  51   8  14   0 0.48    M    0  7.5 21 280   M    M  10 1      30 290
13  46  40  43   0  22   0 0.00  0.0    0  6.9 15 300   M    M  10        23 280
14  42  39  41  -2  24   0 0.00  0.0    0  2.8  8 320   M    M  10        13 320
15  46  36  41  -2  24   0 0.00  0.0    0  2.1  8 250   M    M   6        12 220
16  54  33  44   1  21   0    T    M    0  3.8 13 150   M    M   9 1      17 170
17  62  49  56  13   9   0 0.07    M    0  5.7 13 180   M    M  10 12     18 180
18  63  48  56  13   9   0 0.40    M    0  6.2 15 170   M    M  10 13     21 170
19  65  33  49   6  16   0 0.34    M    0 10.6 24 290   M    M   9 13     36 290
20  43  28  36  -7  29   0 0.00  0.0    0  5.0 13  40   M    M   3        20 320
21  47  27  37  -6  28   0 0.00  0.0    0  6.9 16 120   M    M   1        23 150
22  61  42  52   8  13   0 0.41    M    0  9.3 22 140   M    M  10 1      37 140
================================================================================
SM 1205  860       391   0  3.19     0.0 132.4          M      142
================================================================================
AV 54.8 39.1                               6.0 FASTST   M    M   6    MAX(MPH)
                                 MISC ---->  # 24 290               # 37  140
================================================================================
NOTES:
# LAST OF SEVERAL OCCURRENCES

COLUMN 17 PEAK WIND IN M.P.H.

PRELIMINARY LOCAL CLIMATOLOGICAL DATA (WS FORM: F-6) , PAGE 2

                                          STATION:  Monticello
                                          MONTH:    JANUARY
                                          YEAR:     2019
                                          LATITUDE:   33 37 N
                                          LONGITUDE:  91 45 W

[TEMPERATURE DATA]      [PRECIPITATION DATA]       SYMBOLS USED IN COLUMN 16

AVERAGE MONTHLY: 46.9   TOTAL FOR MONTH:   3.19    1 = FOG OR MIST
DPTR FM NORMAL:   3.9   DPTR FM NORMAL:   -0.03    2 = FOG REDUCING VISIBILITY
HIGHEST:    72 ON  8    GRTST 24HR  0.85 ON  3- 3      TO 1/4 MILE OR LESS
LOWEST:     27 ON 21                               3 = THUNDER
                        SNOW, ICE PELLETS, HAIL    4 = ICE PELLETS
                        TOTAL MONTH:   0.0 INCH    5 = HAIL
                        GRTST 24HR     0.0         6 = FREEZING RAIN OR DRIZZLE
                        GRTST DEPTH:   0           7 = DUSTSTORM OR SANDSTORM:
                                                       VSBY 1/2 MILE OR LESS
                                                   8 = SMOKE OR HAZE
[NO. OF DAYS WITH]      [WEATHER - DAYS WITH]      9 = BLOWING SNOW
                                                   X = TORNADO
MAX 32 OR BELOW:   0    0.01 INCH OR MORE:   8
MAX 90 OR ABOVE:   0    0.10 INCH OR MORE:   6
MIN 32 OR BELOW:   3    0.50 INCH OR MORE:   2
MIN  0 OR BELOW:   0    1.00 INCH OR MORE:   0

[HDD (BASE 65) ]
TOTAL THIS MO.   391    CLEAR  (SCALE 0-3)   6
DPTR FM NORMAL   -92    PTCLDY (SCALE 4-7)   4
TOTAL FM JUL 1  1461    CLOUDY (SCALE 8-10) 12
DPTR FM NORMAL   -90

[CDD (BASE 65) ]
TOTAL THIS MO.     0
DPTR FM NORMAL     0    [PRESSURE DATA]
TOTAL FM JAN 1     0    HIGHEST SLP M ON M
DPTR FM NORMAL     0    LOWEST  SLP 29.71 ON 18

[REMARKS]
ALL SNOWFALL DATA IS FROM THE UNIVERSITY OF ARKANSAS AT MONTICELLO COOPERATIVE OBSERVER SITE
