045
CXUS54 KLZK 181130
CF6LLQ
PRELIMINARY LOCAL CLIMATOLOGICAL DATA (WS FORM: F-6)

                                          STATION:   Monticello
                                          MONTH:     OCTOBER
                                          YEAR:      2019
                                          LATITUDE:   33 37 N
                                          LONGITUDE:  91 45 W

  TEMPERATURE IN F:       :PCPN:    SNOW:  WIND      :SUNSHINE: SKY     :PK WND
================================================================================
1   2   3   4   5  6A  6B    7    8   9   10  11  12  13   14  15   16   17  18
                                     12Z  AVG MX 2MIN
DY MAX MIN AVG DEP HDD CDD  WTR  SNW DPTH SPD SPD DIR MIN PSBL S-S WX    SPD DR
================================================================================

 1  96  71  84  15   0  19 0.00  0.0    0  4.3 15 200   M    M   1        21 170
 2  97  71  84  15   0  19 0.00  0.0    0  3.0 12 270   M    M   1        14 310
 3  97  72  85  16   0  20 0.00  0.0    0  2.8 16  40   M    M   2 3      26  20
 4  85  71  78  10   0  13 0.00  0.0    0  6.0 16  50   M    M   1        23  50
 5  93  63  78  10   0  13 0.00  0.0    0  2.1  9  50   M    M   0        11 290
 6  95  69  82  14   0  17    T  0.0    0  5.4 20 320   M    M   2 3      31 310
 7  71  57  64  -3   1   0 0.72  0.0    0  5.3 14  40   M    M   5 13     26 330
 8  80  55  68   1   0   3 0.00  0.0    0  4.8 15  60   M    M   0        20  50
 9  82  52  67   1   0   2 0.00  0.0    0  2.7  9 150   M    M   3 12     14 150
10  88  65  77  11   0  12 0.00  0.0    0  5.7 16 170   M    M   1        24 150
11  80  51  66   0   0   1 0.06  0.0    0  7.3 16 320   M    M   7 1      24 320
12  66  42  54 -12  11   0 0.00  0.0    0  4.0 14  50   M    M   0        18  40
13  56  42  49 -16  16   0 0.36  0.0    0  2.2 10 220   M    M   4 1      14 210
14  71  50  61  -4   4   0 0.04  0.0    0  3.0  8 150   M    M   4        10 150
15  70  63  67   2   0   2 1.80  0.0    0  3.4  6 290   M    M  10 1       M  M
16  69  47  58  -6   7   0 0.00  0.0    0  5.2 17 330   M    M   2 1      26 320
17  67  43  55  -9  10   0 0.00  0.0    0  1.5  8 100   M    M   0        10 120
================================================================================
SM 1363  984        49 121  2.98     0.0  68.7          M       43
================================================================================
AV 80.2 57.9                               4.0 FASTST   M    M   3    MAX(MPH)
                                 MISC ---->  # 20 320               # 31  310
================================================================================
NOTES:
# LAST OF SEVERAL OCCURRENCES

COLUMN 17 PEAK WIND IN M.P.H.

PRELIMINARY LOCAL CLIMATOLOGICAL DATA (WS FORM: F-6) , PAGE 2

                                          STATION:  Monticello
                                          MONTH:    OCTOBER
                                          YEAR:     2019
                                          LATITUDE:   33 37 N
                                          LONGITUDE:  91 45 W

[TEMPERATURE DATA]      [PRECIPITATION DATA]       SYMBOLS USED IN COLUMN 16

AVERAGE MONTHLY: 69.0   TOTAL FOR MONTH:   2.98    1 = FOG OR MIST
DPTR FM NORMAL:   2.4   DPTR FM NORMAL:    0.66    2 = FOG REDUCING VISIBILITY
HIGHEST:    97 ON  3, 2 GRTST 24HR  1.80 ON 15-15      TO 1/4 MILE OR LESS
LOWEST:     42 ON 13,12                            3 = THUNDER
                        SNOW, ICE PELLETS, HAIL    4 = ICE PELLETS
                        TOTAL MONTH:   0.0 INCH    5 = HAIL
                        GRTST 24HR     0.0         6 = FREEZING RAIN OR DRIZZLE
                        GRTST DEPTH:   0           7 = DUSTSTORM OR SANDSTORM:
                                                       VSBY 1/2 MILE OR LESS
                                                   8 = SMOKE OR HAZE
[NO. OF DAYS WITH]      [WEATHER - DAYS WITH]      9 = BLOWING SNOW
                                                   X = TORNADO
MAX 32 OR BELOW:   0    0.01 INCH OR MORE:   5
MAX 90 OR ABOVE:   5    0.10 INCH OR MORE:   3
MIN 32 OR BELOW:   0    0.50 INCH OR MORE:   2
MIN  0 OR BELOW:   0    1.00 INCH OR MORE:   1

[HDD (BASE 65) ]
TOTAL THIS MO.    49    CLEAR  (SCALE 0-3)  12
DPTR FM NORMAL     6    PTCLDY (SCALE 4-7)   4
TOTAL FM JUL 1    49    CLOUDY (SCALE 8-10)  1
DPTR FM NORMAL    -8

[CDD (BASE 65) ]
TOTAL THIS MO.   121
DPTR FM NORMAL    51    [PRESSURE DATA]
TOTAL FM JAN 1  2581    HIGHEST SLP M ON M
DPTR FM NORMAL   413    LOWEST  SLP 29.90 ON 10

[REMARKS]
ALL SNOWFALL DATA IS FROM THE UNIVERSITY OF ARKANSAS AT MONTICELLO COOPERATIVE OBSERVER SITE
