000
CXUS55 KRIW 210945
CF6LND
PRELIMINARY LOCAL CLIMATOLOGICAL DATA (WS FORM: F-6)

                                          STATION:   LANDER WY
                                          MONTH:     JANUARY
                                          YEAR:      2019
                                          LATITUDE:   42 49 N
                                          LONGITUDE: 108 44 W

  TEMPERATURE IN F:       :PCPN:    SNOW:  WIND      :SUNSHINE: SKY     :PK WND
================================================================================
1   2   3   4   5  6A  6B    7    8   9   10  11  12  13   14  15   16   17  18
                                     12Z  AVG MX 2MIN
DY MAX MIN AVG DEP HDD CDD  WTR  SNW DPTH SPD SPD DIR MIN PSBL S-S WX    SPD DR
================================================================================

 1   4 -15  -5 -26  70   0 0.00  0.0    5  3.7 12 250   M    M   2 18     14 270
 2   9 -17  -4 -25  69   0 0.00  0.0    5  3.2 13 330   M    M   0 18     13 330
 3  18  -5   7 -14  58   0 0.00  0.0    5  3.1 12 260   M    M   0 18     13 250
 4  26   5  16  -5  49   0 0.00  0.0    4  2.6  9 280   M    M   0 8      11 260
 5  27   8  18  -3  47   0 0.00  0.0    4  2.1 10 360   M    M   0 1      12 250
 6  43  18  31  10  34   0 0.00  0.0    3  6.4 20 300   M    M   0        25 290
 7  39  15  27   6  38   0 0.00  0.0    2 11.2 35 310   M    M   1        51 280
 8  30   5  18  -3  47   0 0.00  0.0    2  3.3 13 260   M    M   0        14 250
 9  31  11  21  -1  44   0 0.00  0.0    2  2.1 10 270   M    M   0        13 260
10  32   9  21  -1  44   0 0.09  0.3    2  4.3 10 250   M    M   4 1      12 250
11  35  15  25   3  40   0 0.05  1.1    4  4.0 10 350   M    M   5 12     13 270
12  21   0  11 -11  54   0 0.00  0.0    4  1.1  7 310   M    M   3 128     8 360
13  14  -5   5 -17  60   0 0.00  0.0    3  1.9  7 280   M    M   5 128     8 330
14  19  -2   9 -13  56   0 0.00  0.0    3  1.8  8 290   M    M   0 18      9 270
15  22   0  11 -11  54   0 0.00  0.0    3  2.2  8 330   M    M   0 1       9 280
16  25   6  16  -6  49   0 0.00  0.0    3  1.2 13 280   M    M   1 18     19 260
17  37  10  24   2  41   0    T    T    2  5.5 16 240   M    M   3        24 260
18  40  20  30   8  35   0 0.00  0.0    2  3.9 13 240   M    M   3        16 240
19  42  15  29   7  36   0 0.00  0.0    1  5.1 14 140   M    M   0        18 130
20  46  19  33  11  32   0 0.00  0.0    1  4.0 14 310   M    M   0        20 310
================================================================================
SM  560  112       957   0  0.14     1.4  72.7          M       27
================================================================================
AV 28.0  5.6                               3.6 FASTST   M    M   1    MAX(MPH)
                                 MISC ---->  # 35 310               # 51  280
================================================================================
NOTES:
# LAST OF SEVERAL OCCURRENCES

COLUMN 17 PEAK WIND IN M.P.H.

PRELIMINARY LOCAL CLIMATOLOGICAL DATA (WS FORM: F-6) , PAGE 2

                                          STATION:  LANDER WY
                                          MONTH:    JANUARY
                                          YEAR:     2019
                                          LATITUDE:   42 49 N
                                          LONGITUDE: 108 44 W

[TEMPERATURE DATA]      [PRECIPITATION DATA]       SYMBOLS USED IN COLUMN 16

AVERAGE MONTHLY: 16.8   TOTAL FOR MONTH:   0.14    1 = FOG OR MIST
DPTR FM NORMAL:  -4.8   DPTR FM NORMAL:   -0.13    2 = FOG REDUCING VISIBILITY
HIGHEST:    46 ON 20    GRTST 24HR  0.45 ON 31- 1      TO 1/4 MILE OR LESS
LOWEST:    -17 ON  2                               3 = THUNDER
                        SNOW, ICE PELLETS, HAIL    4 = ICE PELLETS
                        TOTAL MONTH:   1.4 INCHES  5 = HAIL
                        GRTST 24HR   1.1 ON 11-11  6 = FREEZING RAIN OR DRIZZLE
                        GRTST DEPTH:   5 ON  3, 2  7 = DUSTSTORM OR SANDSTORM:
                                                       VSBY 1/2 MILE OR LESS
                                                   8 = SMOKE OR HAZE
[NO. OF DAYS WITH]      [WEATHER - DAYS WITH]      9 = BLOWING SNOW
                                                   X = TORNADO
MAX 32 OR BELOW:  13    0.01 INCH OR MORE:   2
MAX 90 OR ABOVE:   0    0.10 INCH OR MORE:   0
MIN 32 OR BELOW:  20    0.50 INCH OR MORE:   0
MIN  0 OR BELOW:   7    1.00 INCH OR MORE:   0

[HDD (BASE 65) ]
TOTAL THIS MO.   957    CLEAR  (SCALE 0-3)  16
DPTR FM NORMAL    88    PTCLDY (SCALE 4-7)   4
TOTAL FM JUL 1  4119    CLOUDY (SCALE 8-10)  0
DPTR FM NORMAL     4

[CDD (BASE 65) ]
TOTAL THIS MO.     0
DPTR FM NORMAL     0    [PRESSURE DATA]
TOTAL FM JAN 1     0    HIGHEST SLP M ON M
DPTR FM NORMAL     0    LOWEST  SLP 29.64 ON  6

[REMARKS]
